Viewing File: /usr/local/apache/domlogs/markqprx/gumushanehbr.com.markhos.site-ssl_log

74.7.230.62 - - [14/Mar/2026:08:08:29 -0400] "GET /robots.txt HTTP/1.1" 404 1251 "-" "Mozilla/5.0 (Macintosh; Intel Mac OS X 10_15_7) AppleWebKit/537.36 (KHTML, like Gecko) Chrome/131.0.0.0 Safari/537.36; compatible; OAI-SearchBot/1.3; robots.txt; +https://openai.com/searchbot"
216.118.251.2 - - [14/Mar/2026:08:09:59 -0400] "GET / HTTP/1.1" 200 29376 "-" "Mozilla/5.0 (Windows NT 10.0; WOW64; rv:48.0) Gecko/20100101 Firefox/48.0"
193.26.115.126 - - [14/Mar/2026:08:11:09 -0400] "GET / HTTP/1.1" 200 29376 "-" "Mozilla/5.0 (Macintosh; Intel Mac OS X 10_15_7) AppleWebKit/537.36 (KHTML, like Gecko) Chrome/121.0.0.0 Safari/537.36"
155.117.98.108 - - [14/Mar/2026:08:11:18 -0400] "GET / HTTP/1.1" 200 29376 "-" "Mozilla/5.0 (Windows NT 10.0; WOW64; rv:48.0) Gecko/20100101 Firefox/48.0"
155.117.98.100 - - [14/Mar/2026:08:12:38 -0400] "GET / HTTP/1.1" 200 29376 "-" "Mozilla/5.0 (Windows NT 10.0; WOW64; rv:48.0) Gecko/20100101 Firefox/48.0"
202.61.252.148 - - [14/Mar/2026:08:12:54 -0400] "GET / HTTP/1.1" 200 137341 "-" "phpBB/3.3.15"
185.176.220.76 - - [14/Mar/2026:08:17:10 -0400] "HEAD / HTTP/1.1" 200 0 "http://steven-clark.tech" "Mozilla/5.0 (Windows NT 10.0; Win64; x64) AppleWebKit/537.36 (KHTML, like Gecko) Chrome/100.0.4896.127 Safari/537.36"
185.176.220.76 - - [14/Mar/2026:08:17:10 -0400] "GET / HTTP/1.1" 200 29376 "http://steven-clark.tech" "Mozilla/5.0 (Windows NT 10.0; Win64; x64) AppleWebKit/537.36 (KHTML, like Gecko) Chrome/100.0.4896.127 Safari/537.36"
95.108.213.152 - - [14/Mar/2026:08:17:19 -0400] "GET /robots.txt HTTP/1.1" 404 1251 "-" "Mozilla/5.0 (compatible; YandexBot/3.0; +http://yandex.com/bots)"
5.255.231.121 - - [14/Mar/2026:08:17:20 -0400] "GET /robots.txt HTTP/1.1" 404 1251 "-" "Mozilla/5.0 (compatible; YandexBot/3.0; +http://yandex.com/bots)"
95.108.213.155 - - [14/Mar/2026:08:17:21 -0400] "GET /robots.txt HTTP/1.1" 404 1251 "-" "Mozilla/5.0 (compatible; YandexBot/3.0; +http://yandex.com/bots)"
95.108.213.241 - - [14/Mar/2026:08:17:22 -0400] "GET /robots.txt HTTP/1.1" 404 1251 "-" "Mozilla/5.0 (compatible; YandexBot/3.0; +http://yandex.com/bots)"
87.250.224.32 - - [14/Mar/2026:08:17:24 -0400] "GET /robots.txt HTTP/1.1" 404 1251 "-" "Mozilla/5.0 (compatible; YandexBot/3.0; +http://yandex.com/bots)"
87.250.224.108 - - [14/Mar/2026:08:17:24 -0400] "GET /robots.txt HTTP/1.1" 404 1251 "-" "Mozilla/5.0 (compatible; YandexBot/3.0; +http://yandex.com/bots)"
95.108.213.223 - - [14/Mar/2026:08:17:25 -0400] "GET /robots.txt HTTP/1.1" 404 1251 "-" "Mozilla/5.0 (compatible; YandexBot/3.0; +http://yandex.com/bots)"
5.255.231.104 - - [14/Mar/2026:08:17:26 -0400] "GET /robots.txt HTTP/1.1" 404 1251 "-" "Mozilla/5.0 (compatible; YandexBot/3.0; +http://yandex.com/bots)"
5.255.231.92 - - [14/Mar/2026:08:17:27 -0400] "GET /robots.txt HTTP/1.1" 404 1251 "-" "Mozilla/5.0 (compatible; YandexBot/3.0; +http://yandex.com/bots)"
87.250.224.207 - - [14/Mar/2026:08:17:28 -0400] "GET /robots.txt HTTP/1.1" 404 1251 "-" "Mozilla/5.0 (compatible; YandexBot/3.0; +http://yandex.com/bots)"
51.68.107.156 - - [14/Mar/2026:08:17:35 -0400] "GET /robots.txt HTTP/1.1" 404 1251 "-" "Mozilla/5.0 (compatible; MJ12bot/v2.0.5; http://mj12bot.com/)"
51.68.107.156 - - [14/Mar/2026:08:17:36 -0400] "GET / HTTP/1.1" 200 22944 "-" "Mozilla/5.0 (compatible; MJ12bot/v2.0.5; http://mj12bot.com/)"
155.117.98.109 - - [14/Mar/2026:08:17:37 -0400] "GET /?folad=%2FUpload%2F&fileName=down.jpg&fileType=.jpg&id=0&Admin_Id=49&AuthId=25f51b95aaefb3b90a8a3db38f85d823 HTTP/1.1" 200 29376 "-" "Mozilla/5.0 (Windows NT 10.0; WOW64; rv:48.0) Gecko/20100101 Firefox/48.0"
74.7.230.62 - - [14/Mar/2026:08:17:50 -0400] "GET /robots.txt HTTP/1.1" 404 1251 "-" "Mozilla/5.0 (Macintosh; Intel Mac OS X 10_15_7) AppleWebKit/537.36 (KHTML, like Gecko) Chrome/131.0.0.0 Safari/537.36; compatible; OAI-SearchBot/1.3; robots.txt; +https://openai.com/searchbot"
157.15.40.62 - - [14/Mar/2026:08:20:59 -0400] "GET / HTTP/1.1" 200 29376 "http://travisscotjordan.us/txets.php" "Go-http-client/2.0"
157.15.40.62 - - [14/Mar/2026:08:21:00 -0400] "GET / HTTP/1.1" 200 29376 "http://travisscotjordan.us/wp-content/txets.php" "Go-http-client/2.0"
157.15.40.62 - - [14/Mar/2026:08:21:00 -0400] "GET / HTTP/1.1" 200 29376 "http://travisscotjordan.us/wp-admin/txets.php" "Go-http-client/2.0"
157.15.40.62 - - [14/Mar/2026:08:21:01 -0400] "GET / HTTP/1.1" 200 29376 "http://travisscotjordan.us/wp-includes/txets.php" "Go-http-client/2.0"
157.15.40.62 - - [14/Mar/2026:08:21:02 -0400] "GET / HTTP/1.1" 200 29376 "http://travisscotjordan.us/schallfuns.php" "Go-http-client/2.0"
157.15.40.62 - - [14/Mar/2026:08:21:04 -0400] "GET / HTTP/1.1" 200 29376 "http://travisscotjordan.us/postnews.php" "Go-http-client/2.0"
157.15.40.62 - - [14/Mar/2026:08:21:04 -0400] "GET / HTTP/1.1" 200 29376 "http://travisscotjordan.us/wp-content/postnews.php" "Go-http-client/2.0"
157.15.40.62 - - [14/Mar/2026:08:21:05 -0400] "GET / HTTP/1.1" 200 29376 "http://travisscotjordan.us/wp-admin/postnews.php" "Go-http-client/2.0"
216.118.251.254 - - [14/Mar/2026:08:22:04 -0400] "GET / HTTP/1.1" 200 29376 "-" "Mozilla/5.0 (Windows NT 10.0; WOW64; rv:48.0) Gecko/20100101 Firefox/48.0"
74.7.230.62 - - [14/Mar/2026:08:22:54 -0400] "GET /robots.txt HTTP/1.1" 404 1251 "-" "Mozilla/5.0 (Macintosh; Intel Mac OS X 10_15_7) AppleWebKit/537.36 (KHTML, like Gecko) Chrome/131.0.0.0 Safari/537.36; compatible; OAI-SearchBot/1.3; robots.txt; +https://openai.com/searchbot"
192.109.200.92 - - [14/Mar/2026:08:25:04 -0400] "GET /wp-login.php HTTP/1.1" 404 1251 "-" "Mozilla/5.0 (Windows NT 10.0; Win64; x64) Gecko/20100101 Firefox/122.0"
89.187.168.114 - - [14/Mar/2026:08:25:06 -0400] "GET / HTTP/1.1" 200 22944 "https://gumushanehbr.com/" "Mozilla/5.0 (platform; rv:geckoversion) Gecko/geckotrail Firefox/firefoxversion"
43.165.189.206 - - [14/Mar/2026:08:25:38 -0400] "GET / HTTP/1.1" 200 29376 "http://visitdaniela.com" "Mozilla/5.0 (iPhone; CPU iPhone OS 13_2_3 like Mac OS X) AppleWebKit/605.1.15 (KHTML, like Gecko) Version/13.0.3 Mobile/15E148 Safari/604.1"
220.181.108.165 - - [14/Mar/2026:08:27:14 -0400] "GET /o-ilac-abdde-kanser-izleme-listesine-alindi.html HTTP/1.1" 404 1251 "-" "Mozilla/5.0 (compatible; Baiduspider/2.0; +http://www.baidu.com/search/spider.html)"
74.7.230.62 - - [14/Mar/2026:08:28:15 -0400] "GET /robots.txt HTTP/1.1" 404 1251 "-" "Mozilla/5.0 (Macintosh; Intel Mac OS X 10_15_7) AppleWebKit/537.36 (KHTML, like Gecko) Chrome/131.0.0.0 Safari/537.36; compatible; OAI-SearchBot/1.3; robots.txt; +https://openai.com/searchbot"
51.79.151.214 - - [14/Mar/2026:08:28:37 -0400] "GET / HTTP/1.1" 200 29376 "-" "Mozilla/5.0 (Linux; Android 11; CPH2185) AppleWebKit/537.36 (KHTML, like Gecko) Chrome/91.0.4472.101 Mobile Safari/537.36"
43.157.22.109 - - [14/Mar/2026:08:29:10 -0400] "GET / HTTP/1.1" 200 29376 "http://www.visitdaniela.com" "Mozilla/5.0 (iPhone; CPU iPhone OS 13_2_3 like Mac OS X) AppleWebKit/605.1.15 (KHTML, like Gecko) Version/13.0.3 Mobile/15E148 Safari/604.1"
216.244.66.198 - - [14/Mar/2026:08:29:32 -0400] "GET /robots.txt HTTP/1.1" 404 1251 "-" "Mozilla/5.0 (compatible; DotBot/1.2; +https://opensiteexplorer.org/dotbot; help@moz.com)"
74.7.230.62 - - [14/Mar/2026:08:33:22 -0400] "GET /robots.txt HTTP/1.1" 404 1251 "-" "Mozilla/5.0 (Macintosh; Intel Mac OS X 10_15_7) AppleWebKit/537.36 (KHTML, like Gecko) Chrome/131.0.0.0 Safari/537.36; compatible; OAI-SearchBot/1.3; robots.txt; +https://openai.com/searchbot"
134.122.135.50 - - [14/Mar/2026:08:35:42 -0400] "GET /apps/admin/view/default/layui/css/layui.css HTTP/1.1" 404 1251 "http://gumushanehbr.com" "Mozilla/5.0 (Windows NT 10.0; Win64; x64) AppleWebKit/537.36 (KHTML, like Gecko) Chrome/128.0.0.0 Safari/537.36"
134.122.133.132 - - [14/Mar/2026:08:35:48 -0400] "GET /public/plugins/Ueditor/dialogs/attachment/fileTypeImages/icon_psd.gif HTTP/1.1" 404 1251 "http://gumushanehbr.com" "Mozilla/5.0 (Windows NT 10.0; Win64; x64) AppleWebKit/537.36 (KHTML, like Gecko) Chrome/128.0.0.0 Safari/537.36"
134.122.135.140 - - [14/Mar/2026:08:35:58 -0400] "GET /e/data/images/arrow.gif HTTP/1.1" 404 1251 "http://gumushanehbr.com" "Mozilla/5.0 (Windows NT 10.0; Win64; x64) AppleWebKit/537.36 (KHTML, like Gecko) Chrome/128.0.0.0 Safari/537.36"
143.92.32.30 - - [14/Mar/2026:08:36:47 -0400] "GET /include/ckeditor/images/addon.gif HTTP/1.1" 404 1251 "http://gumushanehbr.com" "Mozilla/5.0 (Windows NT 10.0; Win64; x64) AppleWebKit/537.36 (KHTML, like Gecko) Chrome/128.0.0.0 Safari/537.36"
216.244.66.198 - - [14/Mar/2026:08:36:49 -0400] "GET /?page=user&action=pub_profile&id=38681 HTTP/1.1" 200 137341 "-" "Mozilla/5.0 (compatible; DotBot/1.2; +https://opensiteexplorer.org/dotbot; help@moz.com)"
216.244.66.198 - - [14/Mar/2026:08:36:55 -0400] "GET /?page=user&action=pub_profile&id=78670 HTTP/1.1" 200 137341 "-" "Mozilla/5.0 (compatible; DotBot/1.2; +https://opensiteexplorer.org/dotbot; help@moz.com)"
216.118.251.2 - - [14/Mar/2026:08:37:37 -0400] "GET / HTTP/1.1" 200 29376 "-" "Mozilla/5.0 (Windows NT 10.0; WOW64; rv:48.0) Gecko/20100101 Firefox/48.0"
74.7.230.62 - - [14/Mar/2026:08:39:30 -0400] "GET /robots.txt HTTP/1.1" 404 1251 "-" "Mozilla/5.0 (Macintosh; Intel Mac OS X 10_15_7) AppleWebKit/537.36 (KHTML, like Gecko) Chrome/131.0.0.0 Safari/537.36; compatible; OAI-SearchBot/1.3; robots.txt; +https://openai.com/searchbot"
92.203.186.155 - - [14/Mar/2026:08:40:09 -0400] "GET / HTTP/1.1" 200 22944 "-" "Mozilla/5.0 (Windows; U; Windows 95) AppleWebKit/534.48.2 (KHTML, like Gecko) Version/5.0.3 Safari/534.48.2"
51.68.111.199 - - [14/Mar/2026:08:40:55 -0400] "GET /robots.txt HTTP/1.1" 404 1251 "-" "Mozilla/5.0 (compatible; MJ12bot/v2.0.5; http://mj12bot.com/)"
51.68.111.199 - - [14/Mar/2026:08:40:55 -0400] "GET / HTTP/1.1" 200 22944 "-" "Mozilla/5.0 (compatible; MJ12bot/v2.0.5; http://mj12bot.com/)"
74.7.230.62 - - [14/Mar/2026:08:44:46 -0400] "GET /robots.txt HTTP/1.1" 404 1251 "-" "Mozilla/5.0 (Macintosh; Intel Mac OS X 10_15_7) AppleWebKit/537.36 (KHTML, like Gecko) Chrome/131.0.0.0 Safari/537.36; compatible; OAI-SearchBot/1.3; robots.txt; +https://openai.com/searchbot"
72.63.164.233 - - [14/Mar/2026:08:45:57 -0400] "GET /?id=137&sid=ac2b05a058279fbf08297d7daccf01fa HTTP/1.1" 200 29376 "-" "Mozilla/5.0 (compatible; crawler)"
85.215.252.152 - - [14/Mar/2026:08:47:18 -0400] "GET /robots.txt HTTP/1.1" 404 1251 "-" "Mozilla/5.0 (compatible; URLSuMa/2.0; +https://URLSuma.de/bot.html)"
216.118.251.254 - - [14/Mar/2026:08:49:46 -0400] "GET / HTTP/1.1" 200 29376 "-" "Mozilla/5.0 (Windows NT 10.0; WOW64; rv:48.0) Gecko/20100101 Firefox/48.0"
91.92.242.178 - - [14/Mar/2026:08:49:54 -0400] "GET /wp-content/plugins/fix/up.php HTTP/1.1" 404 1251 "-" "Mozilla/5.0 (Linux; Android 7.0; SM-G892A Build/NRD90M; wv) AppleWebKit/537.36 (KHTML, Gecko) Version/4.0 Chrome/60.0.3112.107 Mobile Safari/537.36"
91.92.242.178 - - [14/Mar/2026:08:50:02 -0400] "GET /wp-content/index.php HTTP/1.1" 404 1251 "-" "Mozilla/5.0 (Linux; Android 7.0; SM-G892A Build/NRD90M; wv) AppleWebKit/537.36 (KHTML, Gecko) Version/4.0 Chrome/60.0.3112.107 Mobile Safari/537.36"
91.92.242.178 - - [14/Mar/2026:08:50:04 -0400] "GET /wp-content/plugins/pwnd/pwnd.php HTTP/1.1" 404 1251 "-" "Mozilla/5.0 (Linux; Android 7.0; SM-G892A Build/NRD90M; wv) AppleWebKit/537.36 (KHTML, Gecko) Version/4.0 Chrome/60.0.3112.107 Mobile Safari/537.36"
91.92.242.178 - - [14/Mar/2026:08:50:05 -0400] "GET /wp-content/plugins/pwnd-1/pwnd.php HTTP/1.1" 404 1251 "-" "Mozilla/5.0 (Linux; Android 7.0; SM-G892A Build/NRD90M; wv) AppleWebKit/537.36 (KHTML, Gecko) Version/4.0 Chrome/60.0.3112.107 Mobile Safari/537.36"
91.92.242.178 - - [14/Mar/2026:08:50:06 -0400] "GET /wp-content/plugins/simple/simple.php HTTP/1.1" 404 1251 "-" "Mozilla/5.0 (Linux; Android 7.0; SM-G892A Build/NRD90M; wv) AppleWebKit/537.36 (KHTML, Gecko) Version/4.0 Chrome/60.0.3112.107 Mobile Safari/537.36"
91.92.242.178 - - [14/Mar/2026:08:50:07 -0400] "GET /worksec.php HTTP/1.1" 404 1251 "-" "Mozilla/5.0 (Linux; Android 7.0; SM-G892A Build/NRD90M; wv) AppleWebKit/537.36 (KHTML, Gecko) Version/4.0 Chrome/60.0.3112.107 Mobile Safari/537.36"
91.92.242.178 - - [14/Mar/2026:08:50:10 -0400] "GET /wp-content/worksec.php HTTP/1.1" 404 1251 "-" "Mozilla/5.0 (Linux; Android 7.0; SM-G892A Build/NRD90M; wv) AppleWebKit/537.36 (KHTML, Gecko) Version/4.0 Chrome/60.0.3112.107 Mobile Safari/537.36"
91.92.242.178 - - [14/Mar/2026:08:50:16 -0400] "GET /wp-content/themes/twentynineteen/404.php HTTP/1.1" 404 1251 "-" "Mozilla/5.0 (Linux; Android 7.0; SM-G892A Build/NRD90M; wv) AppleWebKit/537.36 (KHTML, Gecko) Version/4.0 Chrome/60.0.3112.107 Mobile Safari/537.36"
91.92.242.178 - - [14/Mar/2026:08:50:17 -0400] "GET /wp-content/cache/index.php HTTP/1.1" 404 1251 "-" "Mozilla/5.0 (Linux; Android 7.0; SM-G892A Build/NRD90M; wv) AppleWebKit/537.36 (KHTML, Gecko) Version/4.0 Chrome/60.0.3112.107 Mobile Safari/537.36"
91.92.242.178 - - [14/Mar/2026:08:50:18 -0400] "GET /wp-content/index.php HTTP/1.1" 404 1251 "-" "Mozilla/5.0 (Linux; Android 7.0; SM-G892A Build/NRD90M; wv) AppleWebKit/537.36 (KHTML, Gecko) Version/4.0 Chrome/60.0.3112.107 Mobile Safari/537.36"
91.92.242.178 - - [14/Mar/2026:08:50:18 -0400] "GET /wp-content/languages/index.php HTTP/1.1" 404 1251 "-" "Mozilla/5.0 (Linux; Android 7.0; SM-G892A Build/NRD90M; wv) AppleWebKit/537.36 (KHTML, Gecko) Version/4.0 Chrome/60.0.3112.107 Mobile Safari/537.36"
91.92.242.178 - - [14/Mar/2026:08:50:19 -0400] "GET /wp-content/plugins/index.php HTTP/1.1" 404 1251 "-" "Mozilla/5.0 (Linux; Android 7.0; SM-G892A Build/NRD90M; wv) AppleWebKit/537.36 (KHTML, Gecko) Version/4.0 Chrome/60.0.3112.107 Mobile Safari/537.36"
91.92.242.178 - - [14/Mar/2026:08:50:20 -0400] "GET /wp-content/themes/index.php HTTP/1.1" 404 1251 "-" "Mozilla/5.0 (Linux; Android 7.0; SM-G892A Build/NRD90M; wv) AppleWebKit/537.36 (KHTML, Gecko) Version/4.0 Chrome/60.0.3112.107 Mobile Safari/537.36"
91.92.242.178 - - [14/Mar/2026:08:50:21 -0400] "GET /wp-content/upgrade/index.php HTTP/1.1" 404 1251 "-" "Mozilla/5.0 (Linux; Android 7.0; SM-G892A Build/NRD90M; wv) AppleWebKit/537.36 (KHTML, Gecko) Version/4.0 Chrome/60.0.3112.107 Mobile Safari/537.36"
91.92.242.178 - - [14/Mar/2026:08:50:22 -0400] "GET /wp-content/uploads/index.php HTTP/1.1" 404 1251 "-" "Mozilla/5.0 (Linux; Android 7.0; SM-G892A Build/NRD90M; wv) AppleWebKit/537.36 (KHTML, Gecko) Version/4.0 Chrome/60.0.3112.107 Mobile Safari/537.36"
91.92.242.178 - - [14/Mar/2026:08:50:22 -0400] "GET /wp-admin/index.php HTTP/1.1" 404 1251 "-" "Mozilla/5.0 (Linux; Android 7.0; SM-G892A Build/NRD90M; wv) AppleWebKit/537.36 (KHTML, Gecko) Version/4.0 Chrome/60.0.3112.107 Mobile Safari/537.36"
74.7.230.62 - - [14/Mar/2026:08:51:10 -0400] "GET /robots.txt HTTP/1.1" 404 1251 "-" "Mozilla/5.0 (Macintosh; Intel Mac OS X 10_15_7) AppleWebKit/537.36 (KHTML, like Gecko) Chrome/131.0.0.0 Safari/537.36; compatible; OAI-SearchBot/1.3; robots.txt; +https://openai.com/searchbot"
66.249.64.35 - - [14/Mar/2026:08:53:23 -0400] "GET / HTTP/1.1" 200 22944 "-" "Mozilla/5.0 (Linux; Android 6.0.1; Nexus 5X Build/MMB29P) AppleWebKit/537.36 (KHTML, like Gecko) Chrome/145.0.7632.116 Mobile Safari/537.36 (compatible; Googlebot/2.1; +http://www.google.com/bot.html)"
74.7.230.62 - - [14/Mar/2026:08:56:11 -0400] "GET /robots.txt HTTP/1.1" 404 1251 "-" "Mozilla/5.0 (Macintosh; Intel Mac OS X 10_15_7) AppleWebKit/537.36 (KHTML, like Gecko) Chrome/131.0.0.0 Safari/537.36; compatible; OAI-SearchBot/1.3; robots.txt; +https://openai.com/searchbot"
154.26.212.222 - - [14/Mar/2026:08:57:03 -0400] "GET /static/images/nopic.png HTTP/1.1" 404 1251 "-" "Mozilla/5.0 (Windows NT 10.0; WOW64; rv:48.0) Gecko/20100101 Firefox/48.0"
155.117.98.111 - - [14/Mar/2026:09:00:09 -0400] "GET / HTTP/1.1" 200 29376 "-" "Mozilla/5.0 (Windows NT 10.0; WOW64; rv:48.0) Gecko/20100101 Firefox/48.0"
74.7.230.62 - - [14/Mar/2026:09:01:22 -0400] "GET /robots.txt HTTP/1.1" 404 1251 "-" "Mozilla/5.0 (Macintosh; Intel Mac OS X 10_15_7) AppleWebKit/537.36 (KHTML, like Gecko) Chrome/131.0.0.0 Safari/537.36; compatible; OAI-SearchBot/1.3; robots.txt; +https://openai.com/searchbot"
74.7.230.62 - - [14/Mar/2026:09:12:40 -0400] "GET /robots.txt HTTP/1.1" 404 1251 "-" "Mozilla/5.0 (Macintosh; Intel Mac OS X 10_15_7) AppleWebKit/537.36 (KHTML, like Gecko) Chrome/131.0.0.0 Safari/537.36; compatible; OAI-SearchBot/1.3; robots.txt; +https://openai.com/searchbot"
202.61.252.148 - - [14/Mar/2026:09:14:22 -0400] "GET / HTTP/1.1" 200 137341 "-" "phpBB/3.3.15"
51.68.236.114 - - [14/Mar/2026:09:17:12 -0400] "GET /robots.txt HTTP/1.1" 404 1251 "-" "Mozilla/5.0 (compatible; MJ12bot/v2.0.5; http://mj12bot.com/)"
51.68.236.114 - - [14/Mar/2026:09:17:13 -0400] "GET / HTTP/1.1" 200 22944 "-" "Mozilla/5.0 (compatible; MJ12bot/v2.0.5; http://mj12bot.com/)"
23.234.86.176 - - [14/Mar/2026:09:17:35 -0400] "HEAD / HTTP/1.1" 200 0 "https://steven-clark.tech" "Mozilla/5.0 (Windows NT 10.0; Win64; x64) AppleWebKit/537.36 (KHTML, like Gecko) Chrome/144.0.0.0 Safari/537.36"
74.7.230.62 - - [14/Mar/2026:09:17:57 -0400] "GET /robots.txt HTTP/1.1" 404 1251 "-" "Mozilla/5.0 (Macintosh; Intel Mac OS X 10_15_7) AppleWebKit/537.36 (KHTML, like Gecko) Chrome/131.0.0.0 Safari/537.36; compatible; OAI-SearchBot/1.3; robots.txt; +https://openai.com/searchbot"
40.115.138.121 - - [14/Mar/2026:09:23:18 -0400] "GET /ioxi-o.php HTTP/1.1" 404 1251 "-" "Mozilla/5.0 (Windows NT 10.0; Win64; x64) AppleWebKit/537.36 (KHTML, like Gecko) Chrome/120.0.0.0 Safari/537.36"
40.115.138.121 - - [14/Mar/2026:09:23:19 -0400] "GET /0x.php HTTP/1.1" 404 1251 "-" "Mozilla/5.0 (Windows NT 10.0; Win64; x64) AppleWebKit/537.36 (KHTML, like Gecko) Chrome/120.0.0.0 Safari/537.36"
40.115.138.121 - - [14/Mar/2026:09:23:19 -0400] "GET /222.php HTTP/1.1" 404 1251 "-" "Mozilla/5.0 (Windows NT 10.0; Win64; x64) AppleWebKit/537.36 (KHTML, like Gecko) Chrome/120.0.0.0 Safari/537.36"
40.115.138.121 - - [14/Mar/2026:09:23:19 -0400] "GET /aa.php HTTP/1.1" 404 1251 "-" "Mozilla/5.0 (Windows NT 10.0; Win64; x64) AppleWebKit/537.36 (KHTML, like Gecko) Chrome/120.0.0.0 Safari/537.36"
40.115.138.121 - - [14/Mar/2026:09:23:19 -0400] "GET /abcd.php HTTP/1.1" 404 1251 "-" "Mozilla/5.0 (Windows NT 10.0; Win64; x64) AppleWebKit/537.36 (KHTML, like Gecko) Chrome/120.0.0.0 Safari/537.36"
40.115.138.121 - - [14/Mar/2026:09:23:19 -0400] "GET /admin.php HTTP/1.1" 404 1251 "-" "Mozilla/5.0 (Windows NT 10.0; Win64; x64) AppleWebKit/537.36 (KHTML, like Gecko) Chrome/120.0.0.0 Safari/537.36"
40.115.138.121 - - [14/Mar/2026:09:23:19 -0400] "GET /admin/controller/extension/extension/ HTTP/1.1" 404 1251 "-" "Mozilla/5.0 (Windows NT 10.0; Win64; x64) AppleWebKit/537.36 (KHTML, like Gecko) Chrome/120.0.0.0 Safari/537.36"
40.115.138.121 - - [14/Mar/2026:09:23:19 -0400] "GET /adminfuns.php HTTP/1.1" 404 1251 "-" "Mozilla/5.0 (Windows NT 10.0; Win64; x64) AppleWebKit/537.36 (KHTML, like Gecko) Chrome/120.0.0.0 Safari/537.36"
40.115.138.121 - - [14/Mar/2026:09:23:19 -0400] "GET /akc.php HTTP/1.1" 404 1251 "-" "Mozilla/5.0 (Windows NT 10.0; Win64; x64) AppleWebKit/537.36 (KHTML, like Gecko) Chrome/120.0.0.0 Safari/537.36"
40.115.138.121 - - [14/Mar/2026:09:23:20 -0400] "GET /buy.php HTTP/1.1" 404 1251 "-" "Mozilla/5.0 (Windows NT 10.0; Win64; x64) AppleWebKit/537.36 (KHTML, like Gecko) Chrome/120.0.0.0 Safari/537.36"
40.115.138.121 - - [14/Mar/2026:09:23:20 -0400] "GET /cong.php HTTP/1.1" 404 1251 "-" "Mozilla/5.0 (Windows NT 10.0; Win64; x64) AppleWebKit/537.36 (KHTML, like Gecko) Chrome/120.0.0.0 Safari/537.36"
40.115.138.121 - - [14/Mar/2026:09:23:20 -0400] "GET /css/classwithtostring.php HTTP/1.1" 404 1251 "-" "Mozilla/5.0 (Windows NT 10.0; Win64; x64) AppleWebKit/537.36 (KHTML, like Gecko) Chrome/120.0.0.0 Safari/537.36"
40.115.138.121 - - [14/Mar/2026:09:23:20 -0400] "GET /db.php HTTP/1.1" 404 1251 "-" "Mozilla/5.0 (Windows NT 10.0; Win64; x64) AppleWebKit/537.36 (KHTML, like Gecko) Chrome/120.0.0.0 Safari/537.36"
40.115.138.121 - - [14/Mar/2026:09:23:20 -0400] "GET /dropdown.php HTTP/1.1" 404 1251 "-" "Mozilla/5.0 (Windows NT 10.0; Win64; x64) AppleWebKit/537.36 (KHTML, like Gecko) Chrome/120.0.0.0 Safari/537.36"
40.115.138.121 - - [14/Mar/2026:09:23:20 -0400] "GET /file.php HTTP/1.1" 404 1251 "-" "Mozilla/5.0 (Windows NT 10.0; Win64; x64) AppleWebKit/537.36 (KHTML, like Gecko) Chrome/120.0.0.0 Safari/537.36"
40.115.138.121 - - [14/Mar/2026:09:23:20 -0400] "GET /goods.php HTTP/1.1" 404 1251 "-" "Mozilla/5.0 (Windows NT 10.0; Win64; x64) AppleWebKit/537.36 (KHTML, like Gecko) Chrome/120.0.0.0 Safari/537.36"
40.115.138.121 - - [14/Mar/2026:09:23:20 -0400] "GET /hplfuns.php HTTP/1.1" 404 1251 "-" "Mozilla/5.0 (Windows NT 10.0; Win64; x64) AppleWebKit/537.36 (KHTML, like Gecko) Chrome/120.0.0.0 Safari/537.36"
40.115.138.121 - - [14/Mar/2026:09:23:21 -0400] "GET /htaccess.php HTTP/1.1" 404 1251 "-" "Mozilla/5.0 (Windows NT 10.0; Win64; x64) AppleWebKit/537.36 (KHTML, like Gecko) Chrome/120.0.0.0 Safari/537.36"
40.115.138.121 - - [14/Mar/2026:09:23:21 -0400] "GET /images/wso.php HTTP/1.1" 404 1251 "-" "Mozilla/5.0 (Windows NT 10.0; Win64; x64) AppleWebKit/537.36 (KHTML, like Gecko) Chrome/120.0.0.0 Safari/537.36"
40.115.138.121 - - [14/Mar/2026:09:23:21 -0400] "GET /index/function.php HTTP/1.1" 404 1251 "-" "Mozilla/5.0 (Windows NT 10.0; Win64; x64) AppleWebKit/537.36 (KHTML, like Gecko) Chrome/120.0.0.0 Safari/537.36"
40.115.138.121 - - [14/Mar/2026:09:23:21 -0400] "GET /info.php HTTP/1.1" 404 1251 "-" "Mozilla/5.0 (Windows NT 10.0; Win64; x64) AppleWebKit/537.36 (KHTML, like Gecko) Chrome/120.0.0.0 Safari/537.36"
40.115.138.121 - - [14/Mar/2026:09:23:21 -0400] "GET /profile.php HTTP/1.1" 404 1251 "-" "Mozilla/5.0 (Windows NT 10.0; Win64; x64) AppleWebKit/537.36 (KHTML, like Gecko) Chrome/120.0.0.0 Safari/537.36"
40.115.138.121 - - [14/Mar/2026:09:23:21 -0400] "GET /sx.php HTTP/1.1" 404 1251 "-" "Mozilla/5.0 (Windows NT 10.0; Win64; x64) AppleWebKit/537.36 (KHTML, like Gecko) Chrome/120.0.0.0 Safari/537.36"
40.115.138.121 - - [14/Mar/2026:09:23:21 -0400] "GET /wp-admin/css/colors/blue/index.php HTTP/1.1" 404 1251 "-" "Mozilla/5.0 (Windows NT 10.0; Win64; x64) AppleWebKit/537.36 (KHTML, like Gecko) Chrome/120.0.0.0 Safari/537.36"
40.115.138.121 - - [14/Mar/2026:09:23:21 -0400] "GET /wp-admin/images/admin.php HTTP/1.1" 404 1251 "-" "Mozilla/5.0 (Windows NT 10.0; Win64; x64) AppleWebKit/537.36 (KHTML, like Gecko) Chrome/120.0.0.0 Safari/537.36"
40.115.138.121 - - [14/Mar/2026:09:23:22 -0400] "GET /wp-admin/includes/ HTTP/1.1" 404 1251 "-" "Mozilla/5.0 (Windows NT 10.0; Win64; x64) AppleWebKit/537.36 (KHTML, like Gecko) Chrome/120.0.0.0 Safari/537.36"
40.115.138.121 - - [14/Mar/2026:09:23:22 -0400] "GET /wp-admin/js/index.php HTTP/1.1" 404 1251 "-" "Mozilla/5.0 (Windows NT 10.0; Win64; x64) AppleWebKit/537.36 (KHTML, like Gecko) Chrome/120.0.0.0 Safari/537.36"
40.115.138.121 - - [14/Mar/2026:09:23:22 -0400] "GET /wp-admin/js/widgets/ HTTP/1.1" 404 1251 "-" "Mozilla/5.0 (Windows NT 10.0; Win64; x64) AppleWebKit/537.36 (KHTML, like Gecko) Chrome/120.0.0.0 Safari/537.36"
40.115.138.121 - - [14/Mar/2026:09:23:22 -0400] "GET /wp-content/about.php HTTP/1.1" 404 1251 "-" "Mozilla/5.0 (Windows NT 10.0; Win64; x64) AppleWebKit/537.36 (KHTML, like Gecko) Chrome/120.0.0.0 Safari/537.36"
40.115.138.121 - - [14/Mar/2026:09:23:22 -0400] "GET /wp-content/admin-header.php HTTP/1.1" 404 1251 "-" "Mozilla/5.0 (Windows NT 10.0; Win64; x64) AppleWebKit/537.36 (KHTML, like Gecko) Chrome/120.0.0.0 Safari/537.36"
40.115.138.121 - - [14/Mar/2026:09:23:22 -0400] "GET /wp-content/admin.php HTTP/1.1" 404 1251 "-" "Mozilla/5.0 (Windows NT 10.0; Win64; x64) AppleWebKit/537.36 (KHTML, like Gecko) Chrome/120.0.0.0 Safari/537.36"
40.115.138.121 - - [14/Mar/2026:09:23:22 -0400] "GET /wp-content/content.php HTTP/1.1" 404 1251 "-" "Mozilla/5.0 (Windows NT 10.0; Win64; x64) AppleWebKit/537.36 (KHTML, like Gecko) Chrome/120.0.0.0 Safari/537.36"
40.115.138.121 - - [14/Mar/2026:09:23:23 -0400] "GET /wp-content/index.php HTTP/1.1" 404 1251 "-" "Mozilla/5.0 (Windows NT 10.0; Win64; x64) AppleWebKit/537.36 (KHTML, like Gecko) Chrome/120.0.0.0 Safari/537.36"
40.115.138.121 - - [14/Mar/2026:09:23:23 -0400] "GET /wp-content/plugins/Ultimate_VC_Addons/assets/alfa-rex.php7 HTTP/1.1" 404 1251 "-" "Mozilla/5.0 (Windows NT 10.0; Win64; x64) AppleWebKit/537.36 (KHTML, like Gecko) Chrome/120.0.0.0 Safari/537.36"
40.115.138.121 - - [14/Mar/2026:09:23:23 -0400] "GET /wp-content/plugins/about.php HTTP/1.1" 404 1251 "-" "Mozilla/5.0 (Windows NT 10.0; Win64; x64) AppleWebKit/537.36 (KHTML, like Gecko) Chrome/120.0.0.0 Safari/537.36"
40.115.138.121 - - [14/Mar/2026:09:23:23 -0400] "GET /wp-content/plugins/admin.php HTTP/1.1" 404 1251 "-" "Mozilla/5.0 (Windows NT 10.0; Win64; x64) AppleWebKit/537.36 (KHTML, like Gecko) Chrome/120.0.0.0 Safari/537.36"
40.115.138.121 - - [14/Mar/2026:09:23:23 -0400] "GET /wp-content/plugins/classic-editor/wp-login.php HTTP/1.1" 404 1251 "-" "Mozilla/5.0 (Windows NT 10.0; Win64; x64) AppleWebKit/537.36 (KHTML, like Gecko) Chrome/120.0.0.0 Safari/537.36"
40.115.138.121 - - [14/Mar/2026:09:23:23 -0400] "GET /wp-content/plugins/yanierin/akc.php HTTP/1.1" 404 1251 "-" "Mozilla/5.0 (Windows NT 10.0; Win64; x64) AppleWebKit/537.36 (KHTML, like Gecko) Chrome/120.0.0.0 Safari/537.36"
40.115.138.121 - - [14/Mar/2026:09:23:23 -0400] "GET /wp-content/themes/about.php HTTP/1.1" 404 1251 "-" "Mozilla/5.0 (Windows NT 10.0; Win64; x64) AppleWebKit/537.36 (KHTML, like Gecko) Chrome/120.0.0.0 Safari/537.36"
40.115.138.121 - - [14/Mar/2026:09:23:23 -0400] "GET /wp-content/themes/admin.php HTTP/1.1" 404 1251 "-" "Mozilla/5.0 (Windows NT 10.0; Win64; x64) AppleWebKit/537.36 (KHTML, like Gecko) Chrome/120.0.0.0 Safari/537.36"
40.115.138.121 - - [14/Mar/2026:09:23:24 -0400] "GET /wp-content/upgrade/index.php HTTP/1.1" 404 1251 "-" "Mozilla/5.0 (Windows NT 10.0; Win64; x64) AppleWebKit/537.36 (KHTML, like Gecko) Chrome/120.0.0.0 Safari/537.36"
40.115.138.121 - - [14/Mar/2026:09:23:24 -0400] "GET /wp-content/uploads/ HTTP/1.1" 404 1251 "-" "Mozilla/5.0 (Windows NT 10.0; Win64; x64) AppleWebKit/537.36 (KHTML, like Gecko) Chrome/120.0.0.0 Safari/537.36"
40.115.138.121 - - [14/Mar/2026:09:23:24 -0400] "GET /wp-content/uploads/2025/ HTTP/1.1" 404 1251 "-" "Mozilla/5.0 (Windows NT 10.0; Win64; x64) AppleWebKit/537.36 (KHTML, like Gecko) Chrome/120.0.0.0 Safari/537.36"
40.115.138.121 - - [14/Mar/2026:09:23:24 -0400] "GET /wp-content/uploads/admin.php HTTP/1.1" 404 1251 "-" "Mozilla/5.0 (Windows NT 10.0; Win64; x64) AppleWebKit/537.36 (KHTML, like Gecko) Chrome/120.0.0.0 Safari/537.36"
40.115.138.121 - - [14/Mar/2026:09:23:24 -0400] "GET /wp-fclass.php HTTP/1.1" 404 1251 "-" "Mozilla/5.0 (Windows NT 10.0; Win64; x64) AppleWebKit/537.36 (KHTML, like Gecko) Chrome/120.0.0.0 Safari/537.36"
40.115.138.121 - - [14/Mar/2026:09:23:24 -0400] "GET /wp-includes/ID3/ HTTP/1.1" 404 1251 "-" "Mozilla/5.0 (Windows NT 10.0; Win64; x64) AppleWebKit/537.36 (KHTML, like Gecko) Chrome/120.0.0.0 Safari/537.36"
40.115.138.121 - - [14/Mar/2026:09:23:24 -0400] "GET /wp-includes/PHPMailer/ HTTP/1.1" 404 1251 "-" "Mozilla/5.0 (Windows NT 10.0; Win64; x64) AppleWebKit/537.36 (KHTML, like Gecko) Chrome/120.0.0.0 Safari/537.36"
40.115.138.121 - - [14/Mar/2026:09:23:24 -0400] "GET /wp-includes/Requests/about.php HTTP/1.1" 404 1251 "-" "Mozilla/5.0 (Windows NT 10.0; Win64; x64) AppleWebKit/537.36 (KHTML, like Gecko) Chrome/120.0.0.0 Safari/537.36"
40.115.138.121 - - [14/Mar/2026:09:23:25 -0400] "GET /wp-includes/Requests/alfa-rex.php HTTP/1.1" 404 1251 "-" "Mozilla/5.0 (Windows NT 10.0; Win64; x64) AppleWebKit/537.36 (KHTML, like Gecko) Chrome/120.0.0.0 Safari/537.36"
40.115.138.121 - - [14/Mar/2026:09:23:25 -0400] "GET /wp-includes/Requests/src/Cookie/ HTTP/1.1" 404 1251 "-" "Mozilla/5.0 (Windows NT 10.0; Win64; x64) AppleWebKit/537.36 (KHTML, like Gecko) Chrome/120.0.0.0 Safari/537.36"
40.115.138.121 - - [14/Mar/2026:09:23:25 -0400] "GET /wp-includes/Requests/src/Response/about.php HTTP/1.1" 404 1251 "-" "Mozilla/5.0 (Windows NT 10.0; Win64; x64) AppleWebKit/537.36 (KHTML, like Gecko) Chrome/120.0.0.0 Safari/537.36"
40.115.138.121 - - [14/Mar/2026:09:23:25 -0400] "GET /wp-includes/Text/Diff/Renderer/ HTTP/1.1" 404 1251 "-" "Mozilla/5.0 (Windows NT 10.0; Win64; x64) AppleWebKit/537.36 (KHTML, like Gecko) Chrome/120.0.0.0 Safari/537.36"
40.115.138.121 - - [14/Mar/2026:09:23:25 -0400] "GET /wp-includes/Text/index.php HTTP/1.1" 404 1251 "-" "Mozilla/5.0 (Windows NT 10.0; Win64; x64) AppleWebKit/537.36 (KHTML, like Gecko) Chrome/120.0.0.0 Safari/537.36"
40.115.138.121 - - [14/Mar/2026:09:23:25 -0400] "GET /wp-includes/Text/xwx1.php HTTP/1.1" 404 1251 "-" "Mozilla/5.0 (Windows NT 10.0; Win64; x64) AppleWebKit/537.36 (KHTML, like Gecko) Chrome/120.0.0.0 Safari/537.36"
40.115.138.121 - - [14/Mar/2026:09:23:25 -0400] "GET /wp-includes/assets/about.php HTTP/1.1" 404 1251 "-" "Mozilla/5.0 (Windows NT 10.0; Win64; x64) AppleWebKit/537.36 (KHTML, like Gecko) Chrome/120.0.0.0 Safari/537.36"
40.115.138.121 - - [14/Mar/2026:09:23:25 -0400] "GET /wp-includes/block-patterns/ HTTP/1.1" 404 1251 "-" "Mozilla/5.0 (Windows NT 10.0; Win64; x64) AppleWebKit/537.36 (KHTML, like Gecko) Chrome/120.0.0.0 Safari/537.36"
40.115.138.121 - - [14/Mar/2026:09:23:26 -0400] "GET /wp-includes/blocks/ HTTP/1.1" 404 1251 "-" "Mozilla/5.0 (Windows NT 10.0; Win64; x64) AppleWebKit/537.36 (KHTML, like Gecko) Chrome/120.0.0.0 Safari/537.36"
40.115.138.121 - - [14/Mar/2026:09:23:26 -0400] "GET /wp-includes/customize/class-wp-customize-cropped-image-control.php HTTP/1.1" 404 1251 "-" "Mozilla/5.0 (Windows NT 10.0; Win64; x64) AppleWebKit/537.36 (KHTML, like Gecko) Chrome/120.0.0.0 Safari/537.36"
40.115.138.121 - - [14/Mar/2026:09:23:26 -0400] "GET /wp-includes/images/media/ HTTP/1.1" 404 1251 "-" "Mozilla/5.0 (Windows NT 10.0; Win64; x64) AppleWebKit/537.36 (KHTML, like Gecko) Chrome/120.0.0.0 Safari/537.36"
40.115.138.121 - - [14/Mar/2026:09:23:26 -0400] "GET /wp-includes/images/smilies/about.php HTTP/1.1" 404 1251 "-" "Mozilla/5.0 (Windows NT 10.0; Win64; x64) AppleWebKit/537.36 (KHTML, like Gecko) Chrome/120.0.0.0 Safari/537.36"
40.115.138.121 - - [14/Mar/2026:09:23:26 -0400] "GET /wp-includes/images/wp-login.php HTTP/1.1" 404 1251 "-" "Mozilla/5.0 (Windows NT 10.0; Win64; x64) AppleWebKit/537.36 (KHTML, like Gecko) Chrome/120.0.0.0 Safari/537.36"
40.115.138.121 - - [14/Mar/2026:09:23:26 -0400] "GET /wp-includes/js/dist/script-modules/block-library/search/about.php HTTP/1.1" 404 1251 "-" "Mozilla/5.0 (Windows NT 10.0; Win64; x64) AppleWebKit/537.36 (KHTML, like Gecko) Chrome/120.0.0.0 Safari/537.36"
40.115.138.121 - - [14/Mar/2026:09:23:26 -0400] "GET /wp-includes/style-engine/ HTTP/1.1" 404 1251 "-" "Mozilla/5.0 (Windows NT 10.0; Win64; x64) AppleWebKit/537.36 (KHTML, like Gecko) Chrome/120.0.0.0 Safari/537.36"
40.115.138.121 - - [14/Mar/2026:09:23:26 -0400] "GET /wp-themes.php HTTP/1.1" 404 1251 "-" "Mozilla/5.0 (Windows NT 10.0; Win64; x64) AppleWebKit/537.36 (KHTML, like Gecko) Chrome/120.0.0.0 Safari/537.36"
40.115.138.121 - - [14/Mar/2026:09:23:27 -0400] "GET /xmlrpc.php HTTP/1.1" 404 1251 "-" "Mozilla/5.0 (Windows NT 10.0; Win64; x64) AppleWebKit/537.36 (KHTML, like Gecko) Chrome/120.0.0.0 Safari/537.36"
74.7.230.62 - - [14/Mar/2026:09:23:30 -0400] "GET /robots.txt HTTP/1.1" 404 1251 "-" "Mozilla/5.0 (Macintosh; Intel Mac OS X 10_15_7) AppleWebKit/537.36 (KHTML, like Gecko) Chrome/131.0.0.0 Safari/537.36; compatible; OAI-SearchBot/1.3; robots.txt; +https://openai.com/searchbot"
1.169.243.85 - - [14/Mar/2026:09:24:36 -0400] "GET / HTTP/1.1" 200 29376 "https://steven-clark.tech/" "Mozilla/5.0 (Windows NT 6.1; WOW64) AppleWebKit/537.36 (KHTML, like Gecko) Chrome/33.0.7217.879 Safari/537.36"
1.169.243.85 - - [14/Mar/2026:09:24:37 -0400] "GET / HTTP/1.1" 200 29376 "https://gumushanehbr.com/" "Mozilla/5.0 (Windows NT 6.1; WOW64) AppleWebKit/537.36 (KHTML, like Gecko) Chrome/33.0.7217.879 Safari/537.36"
114.119.143.145 - - [14/Mar/2026:09:25:41 -0400] "GET /ad-tag/siran-guler-yuzlu-escort HTTP/1.1" 404 1251 "http://www.gumushanehbr.com/ads/sizi-bekleyen-siran-escort-sila-gorusuyor" "Mozilla/5.0 (Linux; Android 7.0;) AppleWebKit/537.36 (KHTML, like Gecko) Mobile Safari/537.36 (compatible; PetalBot;+https://webmaster.petalsearch.com/site/petalbot)"
216.244.66.198 - - [14/Mar/2026:09:26:11 -0400] "GET /robots.txt HTTP/1.1" 404 1251 "-" "Mozilla/5.0 (compatible; DotBot/1.2; +https://opensiteexplorer.org/dotbot; help@moz.com)"
74.7.230.62 - - [14/Mar/2026:09:28:31 -0400] "GET /robots.txt HTTP/1.1" 404 1251 "-" "Mozilla/5.0 (Macintosh; Intel Mac OS X 10_15_7) AppleWebKit/537.36 (KHTML, like Gecko) Chrome/131.0.0.0 Safari/537.36; compatible; OAI-SearchBot/1.3; robots.txt; +https://openai.com/searchbot"
115.239.229.203 - - [14/Mar/2026:09:28:33 -0400] "GET / HTTP/1.1" 200 22944 "-" "Mozilla/5.0 (Windows NT 10.0; Win64; x64) AppleWebKit/537.36 (KHTML, like Gecko) Chrome/142.0.0.0 Safari/537.36"
154.26.212.222 - - [14/Mar/2026:09:30:58 -0400] "GET /static/images/nopic.png HTTP/1.1" 404 1251 "-" "Mozilla/5.0 (Windows NT 10.0; WOW64; rv:48.0) Gecko/20100101 Firefox/48.0"
216.244.66.198 - - [14/Mar/2026:09:33:07 -0400] "GET /?page=user&action=pub_profile&id=139038 HTTP/1.1" 200 137341 "-" "Mozilla/5.0 (compatible; DotBot/1.2; +https://opensiteexplorer.org/dotbot; help@moz.com)"
216.244.66.198 - - [14/Mar/2026:09:33:11 -0400] "GET /?page=user&action=pub_profile&id=157994 HTTP/1.1" 200 137341 "-" "Mozilla/5.0 (compatible; DotBot/1.2; +https://opensiteexplorer.org/dotbot; help@moz.com)"
216.244.66.198 - - [14/Mar/2026:09:33:16 -0400] "GET /?page=user&action=pub_profile&id=188261 HTTP/1.1" 200 137341 "-" "Mozilla/5.0 (compatible; DotBot/1.2; +https://opensiteexplorer.org/dotbot; help@moz.com)"
216.244.66.198 - - [14/Mar/2026:09:33:20 -0400] "GET /?page=user&action=pub_profile&id=50582 HTTP/1.1" 200 137341 "-" "Mozilla/5.0 (compatible; DotBot/1.2; +https://opensiteexplorer.org/dotbot; help@moz.com)"
74.7.230.62 - - [14/Mar/2026:09:33:34 -0400] "GET /robots.txt HTTP/1.1" 404 1251 "-" "Mozilla/5.0 (Macintosh; Intel Mac OS X 10_15_7) AppleWebKit/537.36 (KHTML, like Gecko) Chrome/131.0.0.0 Safari/537.36; compatible; OAI-SearchBot/1.3; robots.txt; +https://openai.com/searchbot"
85.215.63.61 - - [14/Mar/2026:09:33:54 -0400] "GET / HTTP/1.1" 200 137341 "-" "phpBB/3.3.15"
85.215.63.61 - - [14/Mar/2026:09:33:56 -0400] "GET / HTTP/1.1" 200 137341 "-" "phpBB/3.3.15"
85.215.63.61 - - [14/Mar/2026:09:33:57 -0400] "GET / HTTP/1.1" 200 137341 "-" "phpBB/3.3.15"
85.215.63.61 - - [14/Mar/2026:09:33:58 -0400] "GET / HTTP/1.1" 200 137341 "-" "phpBB/3.3.15"
150.228.105.73 - - [14/Mar/2026:09:37:47 -0400] "GET / HTTP/1.1" 200 29376 "-" "Mozilla/5.0 (X11; Linux x86_64) AppleWebKit/537.36 (KHTML, like Gecko) Chrome/41.0.2227.0 Safari/537.36"
44.234.146.213 - - [14/Mar/2026:09:41:18 -0400] "GET / HTTP/1.1" 200 29376 "-" "Mozilla/4.0 (compatible; MSIE 6.0; Windows NT 5.1; FSL 7.0.6.01001)"
134.122.135.140 - - [14/Mar/2026:09:41:48 -0400] "GET /include/ckeditor/images/addon.gif HTTP/1.1" 404 1251 "http://gumushanehbr.com" "msnbot/1.0 (+http://search.msn.com/msnbot.htm\\xa1\\xb1)"
134.122.135.140 - - [14/Mar/2026:09:41:48 -0400] "GET /images/loadinglit.gif HTTP/1.1" 404 1251 "http://gumushanehbr.com" "Googlebot/2.1 (+http://www.googlebot.com/bot.html)"
113.192.47.123 - - [14/Mar/2026:09:42:02 -0400] "GET / HTTP/1.1" 200 22944 "http://www.travisscotjordan.us/" "Mozilla/5.0 (Windows NT 10.0; Win64; x64) AppleWebKit/537.36 (KHTML, like Gecko) Chrome/114.0.0.0 YaBrowser/22.7.0 Yowser/2.5 Safari/537.36"
113.192.47.123 - - [14/Mar/2026:09:42:07 -0400] "GET /D:/Link%20Slot%20Gacor%20Resmi%20Hari%20Ini/edit%20di%20dalem.html HTTP/1.1" 404 1251 "https://gumushanehbr.com/" "Mozilla/5.0 (Windows NT 10.0; Win64; x64) AppleWebKit/537.36 (KHTML, like Gecko) Chrome/114.0.0.0 YaBrowser/22.7.0 Yowser/2.5 Safari/537.36"
113.192.47.123 - - [14/Mar/2026:09:42:08 -0400] "GET / HTTP/1.1" 200 22944 "https://gumushanehbr.com/" "Mozilla/5.0 (Windows NT 10.0; Win64; x64) AppleWebKit/537.36 (KHTML, like Gecko) Chrome/114.0.0.0 YaBrowser/22.7.0 Yowser/2.5 Safari/537.36"
198.235.24.20 - - [14/Mar/2026:09:43:02 -0400] "GET / HTTP/1.1" 200 137341 "-" "Hello from Palo Alto Networks, find out more about our scans in https://docs-cortex.paloaltonetworks.com/r/1/Cortex-Xpanse/Scanning-activity"
157.55.39.223 - - [14/Mar/2026:09:43:10 -0400] "GET /robots.txt HTTP/1.1" 404 1251 "-" "Mozilla/5.0 AppleWebKit/537.36 (KHTML, like Gecko; compatible; bingbot/2.0; +http://www.bing.com/bingbot.htm) Chrome/116.0.1938.76 Safari/537.36"
40.77.167.131 - - [14/Mar/2026:09:43:23 -0400] "GET /ads/sinirlari-escort-bayan-gozde-zorlayacak/ HTTP/1.1" 404 1251 "-" "Mozilla/5.0 AppleWebKit/537.36 (KHTML, like Gecko; compatible; bingbot/2.0; +http://www.bing.com/bingbot.htm) Chrome/116.0.1938.76 Safari/537.36"
74.7.230.62 - - [14/Mar/2026:09:44:46 -0400] "GET /robots.txt HTTP/1.1" 404 1251 "-" "Mozilla/5.0 (Macintosh; Intel Mac OS X 10_15_7) AppleWebKit/537.36 (KHTML, like Gecko) Chrome/131.0.0.0 Safari/537.36; compatible; OAI-SearchBot/1.3; robots.txt; +https://openai.com/searchbot"
143.92.32.30 - - [14/Mar/2026:09:44:50 -0400] "GET /e/data/ecmseditor/infoeditor/plugins/smiley/images/angel_smile.png HTTP/1.1" 404 1251 "http://gumushanehbr.com" "Googlebot/2.1 (+http://www.googlebot.com/bot.html)"
143.92.32.30 - - [14/Mar/2026:09:44:50 -0400] "GET /e/data/js/jscolor/hs.png HTTP/1.1" 404 1251 "http://gumushanehbr.com" "Googlebot/2.1 (+http://www.google.com/bot.html)"
43.158.91.71 - - [14/Mar/2026:09:44:57 -0400] "GET / HTTP/1.1" 200 29376 "https://visitdaniela.com/" "Mozilla/5.0 (iPhone; CPU iPhone OS 13_2_3 like Mac OS X) AppleWebKit/605.1.15 (KHTML, like Gecko) Version/13.0.3 Mobile/15E148 Safari/604.1"
143.92.32.30 - - [14/Mar/2026:09:45:07 -0400] "GET /public/static/common/images/file.png HTTP/1.1" 404 1251 "http://gumushanehbr.com" "msnbot/1.0 (+http://search.msn.com/msnbot.htm\\xa1\\xb1)"
143.92.32.30 - - [14/Mar/2026:09:45:08 -0400] "GET /public/static/admin/images/ok.png HTTP/1.1" 404 1251 "http://gumushanehbr.com" "Googlebot/2.1 (+http://www.google.com/bot.html)"
134.122.135.50 - - [14/Mar/2026:09:48:17 -0400] "GET /zb_system/image/common/user_1.png HTTP/1.1" 404 1251 "http://gumushanehbr.com" "Sogou Push Spider/3.0(+http://www.sogou.com/docs/help/webmasters.htm#07\\xa1\\xe5)"
134.122.135.50 - - [14/Mar/2026:09:48:18 -0400] "GET /zb_users/avatar/0.png HTTP/1.1" 404 1251 "http://gumushanehbr.com" "Mozilla/5.0 (compatible; Googlebot/2.1; +http://www.google.com/bot.html)"
74.7.230.62 - - [14/Mar/2026:09:50:01 -0400] "GET /robots.txt HTTP/1.1" 404 1251 "-" "Mozilla/5.0 (Macintosh; Intel Mac OS X 10_15_7) AppleWebKit/537.36 (KHTML, like Gecko) Chrome/131.0.0.0 Safari/537.36; compatible; OAI-SearchBot/1.3; robots.txt; +https://openai.com/searchbot"
43.153.87.54 - - [14/Mar/2026:09:52:54 -0400] "GET / HTTP/1.1" 200 29376 "http://www.gumushanehbr.com" "Mozilla/5.0 (iPhone; CPU iPhone OS 13_2_3 like Mac OS X) AppleWebKit/605.1.15 (KHTML, like Gecko) Version/13.0.3 Mobile/15E148 Safari/604.1"
74.7.230.62 - - [14/Mar/2026:09:56:26 -0400] "GET /robots.txt HTTP/1.1" 404 1251 "-" "Mozilla/5.0 (Macintosh; Intel Mac OS X 10_15_7) AppleWebKit/537.36 (KHTML, like Gecko) Chrome/131.0.0.0 Safari/537.36; compatible; OAI-SearchBot/1.3; robots.txt; +https://openai.com/searchbot"
51.68.236.93 - - [14/Mar/2026:09:58:18 -0400] "GET /robots.txt HTTP/1.1" 404 1251 "-" "Mozilla/5.0 (compatible; MJ12bot/v2.0.5; http://mj12bot.com/)"
51.68.236.93 - - [14/Mar/2026:09:58:18 -0400] "GET / HTTP/1.1" 200 22944 "-" "Mozilla/5.0 (compatible; MJ12bot/v2.0.5; http://mj12bot.com/)"
51.89.43.80 - - [14/Mar/2026:09:58:54 -0400] "GET /images/images/cache.php HTTP/1.1" 404 1251 "-" "Mozilla/5.0 (Windows NT 10.0; Win64; x64) AppleWebKit/537.36 (KHTML, like Gecko) Chrome/127.0.0.0 Safari/537.36"
47.128.117.48 - - [14/Mar/2026:10:00:26 -0400] "GET / HTTP/1.1" 200 22944 "-" "Mozilla/5.0 (Linux; Android 5.0) AppleWebKit/537.36 (KHTML, like Gecko) Mobile Safari/537.36 (compatible; TikTokSpider; ttspider-feedback@tiktok.com)"
20.214.137.177 - - [14/Mar/2026:10:00:38 -0400] "GET /rip.php HTTP/1.1" 404 1251 "-" "Mozilla/5.0 (Windows NT 10.0; Win64; x64) AppleWebKit/537.36 (KHTML, like Gecko) Chrome/120.0.0.0 Safari/537.36"
20.214.137.177 - - [14/Mar/2026:10:00:39 -0400] "GET /ms-edit.php HTTP/1.1" 404 1251 "-" "Mozilla/5.0 (Windows NT 10.0; Win64; x64) AppleWebKit/537.36 (KHTML, like Gecko) Chrome/120.0.0.0 Safari/537.36"
20.214.137.177 - - [14/Mar/2026:10:00:39 -0400] "GET /about.php HTTP/1.1" 404 1251 "-" "Mozilla/5.0 (Windows NT 10.0; Win64; x64) AppleWebKit/537.36 (KHTML, like Gecko) Chrome/120.0.0.0 Safari/537.36"
20.214.137.177 - - [14/Mar/2026:10:00:39 -0400] "GET /wp-content/plugins/hello-dolly/ HTTP/1.1" 404 1251 "-" "Mozilla/5.0 (Windows NT 10.0; Win64; x64) AppleWebKit/537.36 (KHTML, like Gecko) Chrome/120.0.0.0 Safari/537.36"
20.214.137.177 - - [14/Mar/2026:10:00:39 -0400] "GET /wp-content/themes/admin.php HTTP/1.1" 404 1251 "-" "Mozilla/5.0 (Windows NT 10.0; Win64; x64) AppleWebKit/537.36 (KHTML, like Gecko) Chrome/120.0.0.0 Safari/537.36"
20.214.137.177 - - [14/Mar/2026:10:00:39 -0400] "GET /admin.php HTTP/1.1" 404 1251 "-" "Mozilla/5.0 (Windows NT 10.0; Win64; x64) AppleWebKit/537.36 (KHTML, like Gecko) Chrome/120.0.0.0 Safari/537.36"
20.214.137.177 - - [14/Mar/2026:10:00:39 -0400] "GET /ioxi-o.php HTTP/1.1" 404 1251 "-" "Mozilla/5.0 (Windows NT 10.0; Win64; x64) AppleWebKit/537.36 (KHTML, like Gecko) Chrome/120.0.0.0 Safari/537.36"
20.214.137.177 - - [14/Mar/2026:10:00:39 -0400] "GET /index/function.php HTTP/1.1" 404 1251 "-" "Mozilla/5.0 (Windows NT 10.0; Win64; x64) AppleWebKit/537.36 (KHTML, like Gecko) Chrome/120.0.0.0 Safari/537.36"
20.214.137.177 - - [14/Mar/2026:10:00:40 -0400] "GET /adminfuns.php HTTP/1.1" 404 1251 "-" "Mozilla/5.0 (Windows NT 10.0; Win64; x64) AppleWebKit/537.36 (KHTML, like Gecko) Chrome/120.0.0.0 Safari/537.36"
20.214.137.177 - - [14/Mar/2026:10:00:40 -0400] "GET /wp-content/cache/ HTTP/1.1" 404 1251 "-" "Mozilla/5.0 (Windows NT 10.0; Win64; x64) AppleWebKit/537.36 (KHTML, like Gecko) Chrome/120.0.0.0 Safari/537.36"
20.214.137.177 - - [14/Mar/2026:10:00:40 -0400] "GET /wp-includes/js/thickbox/ HTTP/1.1" 404 1251 "-" "Mozilla/5.0 (Windows NT 10.0; Win64; x64) AppleWebKit/537.36 (KHTML, like Gecko) Chrome/120.0.0.0 Safari/537.36"
20.214.137.177 - - [14/Mar/2026:10:00:40 -0400] "GET /goods.php HTTP/1.1" 404 1251 "-" "Mozilla/5.0 (Windows NT 10.0; Win64; x64) AppleWebKit/537.36 (KHTML, like Gecko) Chrome/120.0.0.0 Safari/537.36"
20.214.137.177 - - [14/Mar/2026:10:00:40 -0400] "GET /sf.php HTTP/1.1" 404 1251 "-" "Mozilla/5.0 (Windows NT 10.0; Win64; x64) AppleWebKit/537.36 (KHTML, like Gecko) Chrome/120.0.0.0 Safari/537.36"
20.214.137.177 - - [14/Mar/2026:10:00:40 -0400] "GET /wp-admin/ HTTP/1.1" 404 1251 "-" "Mozilla/5.0 (Windows NT 10.0; Win64; x64) AppleWebKit/537.36 (KHTML, like Gecko) Chrome/120.0.0.0 Safari/537.36"
20.214.137.177 - - [14/Mar/2026:10:00:40 -0400] "GET /wp-admin/images/ HTTP/1.1" 404 1251 "-" "Mozilla/5.0 (Windows NT 10.0; Win64; x64) AppleWebKit/537.36 (KHTML, like Gecko) Chrome/120.0.0.0 Safari/537.36"
20.214.137.177 - - [14/Mar/2026:10:00:41 -0400] "GET /wp-content/admin.php HTTP/1.1" 404 1251 "-" "Mozilla/5.0 (Windows NT 10.0; Win64; x64) AppleWebKit/537.36 (KHTML, like Gecko) Chrome/120.0.0.0 Safari/537.36"
20.214.137.177 - - [14/Mar/2026:10:00:41 -0400] "GET /wp-content/uploads/admin.php HTTP/1.1" 404 1251 "-" "Mozilla/5.0 (Windows NT 10.0; Win64; x64) AppleWebKit/537.36 (KHTML, like Gecko) Chrome/120.0.0.0 Safari/537.36"
20.214.137.177 - - [14/Mar/2026:10:00:41 -0400] "GET /wp-includes/ HTTP/1.1" 404 1251 "-" "Mozilla/5.0 (Windows NT 10.0; Win64; x64) AppleWebKit/537.36 (KHTML, like Gecko) Chrome/120.0.0.0 Safari/537.36"
20.214.137.177 - - [14/Mar/2026:10:00:41 -0400] "GET /wp-includes/css/ HTTP/1.1" 404 1251 "-" "Mozilla/5.0 (Windows NT 10.0; Win64; x64) AppleWebKit/537.36 (KHTML, like Gecko) Chrome/120.0.0.0 Safari/537.36"
20.214.137.177 - - [14/Mar/2026:10:00:41 -0400] "GET /wp-includes/js/plupload/ HTTP/1.1" 404 1251 "-" "Mozilla/5.0 (Windows NT 10.0; Win64; x64) AppleWebKit/537.36 (KHTML, like Gecko) Chrome/120.0.0.0 Safari/537.36"
20.214.137.177 - - [14/Mar/2026:10:00:41 -0400] "GET /.well-known/ HTTP/1.1" 200 623 "-" "Mozilla/5.0 (Windows NT 10.0; Win64; x64) AppleWebKit/537.36 (KHTML, like Gecko) Chrome/120.0.0.0 Safari/537.36"
20.214.137.177 - - [14/Mar/2026:10:00:42 -0400] "GET /222.php HTTP/1.1" 404 1251 "-" "Mozilla/5.0 (Windows NT 10.0; Win64; x64) AppleWebKit/537.36 (KHTML, like Gecko) Chrome/120.0.0.0 Safari/537.36"
20.214.137.177 - - [14/Mar/2026:10:00:42 -0400] "GET /abcd.php HTTP/1.1" 404 1251 "-" "Mozilla/5.0 (Windows NT 10.0; Win64; x64) AppleWebKit/537.36 (KHTML, like Gecko) Chrome/120.0.0.0 Safari/537.36"
20.214.137.177 - - [14/Mar/2026:10:00:42 -0400] "GET /class-t.api.php HTTP/1.1" 404 1251 "-" "Mozilla/5.0 (Windows NT 10.0; Win64; x64) AppleWebKit/537.36 (KHTML, like Gecko) Chrome/120.0.0.0 Safari/537.36"
20.214.137.177 - - [14/Mar/2026:10:00:42 -0400] "GET /classwithtostring.php HTTP/1.1" 404 1251 "-" "Mozilla/5.0 (Windows NT 10.0; Win64; x64) AppleWebKit/537.36 (KHTML, like Gecko) Chrome/120.0.0.0 Safari/537.36"
20.214.137.177 - - [14/Mar/2026:10:00:42 -0400] "GET /file.php HTTP/1.1" 404 1251 "-" "Mozilla/5.0 (Windows NT 10.0; Win64; x64) AppleWebKit/537.36 (KHTML, like Gecko) Chrome/120.0.0.0 Safari/537.36"
20.214.137.177 - - [14/Mar/2026:10:00:42 -0400] "GET /info.php HTTP/1.1" 404 1251 "-" "Mozilla/5.0 (Windows NT 10.0; Win64; x64) AppleWebKit/537.36 (KHTML, like Gecko) Chrome/120.0.0.0 Safari/537.36"
20.214.137.177 - - [14/Mar/2026:10:00:42 -0400] "GET /wp-admin/css/colors/coffee/ HTTP/1.1" 404 1251 "-" "Mozilla/5.0 (Windows NT 10.0; Win64; x64) AppleWebKit/537.36 (KHTML, like Gecko) Chrome/120.0.0.0 Safari/537.36"
20.214.137.177 - - [14/Mar/2026:10:00:43 -0400] "GET /wp-admin/js/widgets/ HTTP/1.1" 404 1251 "-" "Mozilla/5.0 (Windows NT 10.0; Win64; x64) AppleWebKit/537.36 (KHTML, like Gecko) Chrome/120.0.0.0 Safari/537.36"
20.214.137.177 - - [14/Mar/2026:10:00:43 -0400] "GET /wp-content/languages/ HTTP/1.1" 404 1251 "-" "Mozilla/5.0 (Windows NT 10.0; Win64; x64) AppleWebKit/537.36 (KHTML, like Gecko) Chrome/120.0.0.0 Safari/537.36"
20.214.137.177 - - [14/Mar/2026:10:00:43 -0400] "GET /wp-content/languages/plugins/ HTTP/1.1" 404 1251 "-" "Mozilla/5.0 (Windows NT 10.0; Win64; x64) AppleWebKit/537.36 (KHTML, like Gecko) Chrome/120.0.0.0 Safari/537.36"
20.214.137.177 - - [14/Mar/2026:10:00:43 -0400] "GET /wp-content/themes/twentytwentyfour/ HTTP/1.1" 404 1251 "-" "Mozilla/5.0 (Windows NT 10.0; Win64; x64) AppleWebKit/537.36 (KHTML, like Gecko) Chrome/120.0.0.0 Safari/537.36"
20.214.137.177 - - [14/Mar/2026:10:00:43 -0400] "GET /wp-content/upgrade/ HTTP/1.1" 404 1251 "-" "Mozilla/5.0 (Windows NT 10.0; Win64; x64) AppleWebKit/537.36 (KHTML, like Gecko) Chrome/120.0.0.0 Safari/537.36"
20.214.137.177 - - [14/Mar/2026:10:00:43 -0400] "GET /wp-content/uploads/ HTTP/1.1" 404 1251 "-" "Mozilla/5.0 (Windows NT 10.0; Win64; x64) AppleWebKit/537.36 (KHTML, like Gecko) Chrome/120.0.0.0 Safari/537.36"
20.214.137.177 - - [14/Mar/2026:10:00:43 -0400] "GET /wp-good.php HTTP/1.1" 404 1251 "-" "Mozilla/5.0 (Windows NT 10.0; Win64; x64) AppleWebKit/537.36 (KHTML, like Gecko) Chrome/120.0.0.0 Safari/537.36"
20.214.137.177 - - [14/Mar/2026:10:00:44 -0400] "GET /wp-includes/js/jquery/ HTTP/1.1" 404 1251 "-" "Mozilla/5.0 (Windows NT 10.0; Win64; x64) AppleWebKit/537.36 (KHTML, like Gecko) Chrome/120.0.0.0 Safari/537.36"
20.214.137.177 - - [14/Mar/2026:10:00:44 -0400] "GET /wp-includes/js/jquery/ui/ HTTP/1.1" 404 1251 "-" "Mozilla/5.0 (Windows NT 10.0; Win64; x64) AppleWebKit/537.36 (KHTML, like Gecko) Chrome/120.0.0.0 Safari/537.36"
20.214.137.177 - - [14/Mar/2026:10:00:44 -0400] "GET /wp-includes/js/tinymce/themes/ HTTP/1.1" 404 1251 "-" "Mozilla/5.0 (Windows NT 10.0; Win64; x64) AppleWebKit/537.36 (KHTML, like Gecko) Chrome/120.0.0.0 Safari/537.36"
20.214.137.177 - - [14/Mar/2026:10:00:44 -0400] "GET /wp-includes/rest-api/ HTTP/1.1" 404 1251 "-" "Mozilla/5.0 (Windows NT 10.0; Win64; x64) AppleWebKit/537.36 (KHTML, like Gecko) Chrome/120.0.0.0 Safari/537.36"
20.214.137.177 - - [14/Mar/2026:10:00:44 -0400] "GET /wp-includes/ID3/index.php HTTP/1.1" 404 1251 "-" "Mozilla/5.0 (Windows NT 10.0; Win64; x64) AppleWebKit/537.36 (KHTML, like Gecko) Chrome/120.0.0.0 Safari/537.36"
20.214.137.177 - - [14/Mar/2026:10:00:44 -0400] "GET /wp-includes/fonts/ HTTP/1.1" 404 1251 "-" "Mozilla/5.0 (Windows NT 10.0; Win64; x64) AppleWebKit/537.36 (KHTML, like Gecko) Chrome/120.0.0.0 Safari/537.36"
20.214.137.177 - - [14/Mar/2026:10:00:44 -0400] "GET /wordpress/wp-admin/maint/ HTTP/1.1" 404 1251 "-" "Mozilla/5.0 (Windows NT 10.0; Win64; x64) AppleWebKit/537.36 (KHTML, like Gecko) Chrome/120.0.0.0 Safari/537.36"
20.214.137.177 - - [14/Mar/2026:10:00:45 -0400] "GET /cgi-bin/ HTTP/1.1" 403 1242 "-" "Mozilla/5.0 (Windows NT 10.0; Win64; x64) AppleWebKit/537.36 (KHTML, like Gecko) Chrome/120.0.0.0 Safari/537.36"
51.89.43.80 - - [14/Mar/2026:10:01:05 -0400] "GET /blog-verify HTTP/1.1" 404 1251 "-" "Mozilla/5.0 (Windows NT 10.0; Win64; x64) AppleWebKit/537.36 (KHTML, like Gecko) Chrome/127.0.0.0 Safari/537.36"
74.7.230.62 - - [14/Mar/2026:10:01:58 -0400] "GET /robots.txt HTTP/1.1" 404 1251 "-" "Mozilla/5.0 (Macintosh; Intel Mac OS X 10_15_7) AppleWebKit/537.36 (KHTML, like Gecko) Chrome/131.0.0.0 Safari/537.36; compatible; OAI-SearchBot/1.3; robots.txt; +https://openai.com/searchbot"
114.119.159.123 - - [14/Mar/2026:10:03:16 -0400] "GET /category/gumushane-escort/page/3 HTTP/1.1" 404 1251 "http://www.gumushanehbr.com/category/gumushane-escort/page/4" "Mozilla/5.0 (Linux; Android 7.0;) AppleWebKit/537.36 (KHTML, like Gecko) Mobile Safari/537.36 (compatible; PetalBot;+https://webmaster.petalsearch.com/site/petalbot)"
