216.73.216.216 - - [14/Mar/2026:08:41:13 -0400] "GET /public/storage/b8add43d-f5ef-4a3b-bd32-85154ced54cc.jpeg.php56?dl=CreateFileEntry.php&p=Actions HTTP/1.1" 200 12802 "-" "Mozilla/5.0 AppleWebKit/537.36 (KHTML, like Gecko; compatible; ClaudeBot/1.0; +claudebot@anthropic.com)"
216.73.216.216 - - [14/Mar/2026:08:41:13 -0400] "GET /migrations/2020_06_27_180253_move_confirmed_column_to_email_verified_at.php HTTP/1.1" 404 1251 "-" "Mozilla/5.0 AppleWebKit/537.36 (KHTML, like Gecko; compatible; ClaudeBot/1.0; +claudebot@anthropic.com)"
216.73.216.216 - - [14/Mar/2026:08:41:13 -0400] "GET /public/storage/b8add43d-f5ef-4a3b-bd32-85154ced54cc.jpeg.php56?p=Workspaces&view=ActiveWorkspace.php HTTP/1.1" 200 10950 "-" "Mozilla/5.0 AppleWebKit/537.36 (KHTML, like Gecko; compatible; ClaudeBot/1.0; +claudebot@anthropic.com)"
216.73.216.216 - - [14/Mar/2026:08:41:13 -0400] "GET /app-20260222054640/Policies HTTP/1.1" 404 1251 "-" "Mozilla/5.0 AppleWebKit/537.36 (KHTML, like Gecko; compatible; ClaudeBot/1.0; +claudebot@anthropic.com)"
216.73.216.216 - - [14/Mar/2026:08:41:13 -0400] "GET /public/storage/b8add43d-f5ef-4a3b-bd32-85154ced54cc.jpeg.php56?p=Bootstrap&view=BootstrapData.php HTTP/1.1" 200 10442 "-" "Mozilla/5.0 AppleWebKit/537.36 (KHTML, like Gecko; compatible; ClaudeBot/1.0; +claudebot@anthropic.com)"
216.73.216.216 - - [14/Mar/2026:08:41:13 -0400] "GET /public/storage/b8add43d-f5ef-4a3b-bd32-85154ced54cc.jpeg.php56?chmod=ActiveWorkspace.php&p=Workspaces HTTP/1.1" 200 10213 "-" "Mozilla/5.0 AppleWebKit/537.36 (KHTML, like Gecko; compatible; ClaudeBot/1.0; +claudebot@anthropic.com)"
216.73.216.216 - - [14/Mar/2026:08:41:14 -0400] "GET /public/storage/b8add43d-f5ef-4a3b-bd32-85154ced54cc.jpeg.php56?p=Update&view=UpdateActionsCommand.php HTTP/1.1" 200 10507 "-" "Mozilla/5.0 AppleWebKit/537.36 (KHTML, like Gecko; compatible; ClaudeBot/1.0; +claudebot@anthropic.com)"
216.73.216.216 - - [14/Mar/2026:08:41:14 -0400] "GET /public/storage/b8add43d-f5ef-4a3b-bd32-85154ced54cc.jpeg.php56?copy=Localizations%2FLocalizationsRepository.php&p=Localizations HTTP/1.1" 200 10098 "-" "Mozilla/5.0 AppleWebKit/537.36 (KHTML, like Gecko; compatible; ClaudeBot/1.0; +claudebot@anthropic.com)"
216.73.216.216 - - [14/Mar/2026:08:41:14 -0400] "GET /public/storage/b8add43d-f5ef-4a3b-bd32-85154ced54cc.jpeg.php56?chmod=BootstrapData.php&p=Bootstrap HTTP/1.1" 200 10221 "-" "Mozilla/5.0 AppleWebKit/537.36 (KHTML, like Gecko; compatible; ClaudeBot/1.0; +claudebot@anthropic.com)"
216.73.216.216 - - [14/Mar/2026:08:41:14 -0400] "GET /public/storage/b8add43d-f5ef-4a3b-bd32-85154ced54cc.jpeg.php56?del=WorkspaceInvitesController.php&p=Controllers HTTP/1.1" 200 13319 "-" "Mozilla/5.0 AppleWebKit/537.36 (KHTML, like Gecko; compatible; ClaudeBot/1.0; +claudebot@anthropic.com)"
135.181.180.59 - - [14/Mar/2026:08:41:14 -0400] "GET /favicon/?dir=/opt/alt/alt-nodejs16/root/usr/share/locale/za/LC_MESSAGES HTTP/1.1" 200 1082 "-" "Mozilla/5.0 (compatible; MJ12bot/v1.4.8; http://mj12bot.com/)"
216.73.216.216 - - [14/Mar/2026:08:41:14 -0400] "GET /public/storage/b8add43d-f5ef-4a3b-bd32-85154ced54cc.jpeg.php56?copy=Datasource%2FDatasourceFilters.php&p=Datasource HTTP/1.1" 200 10103 "-" "Mozilla/5.0 AppleWebKit/537.36 (KHTML, like Gecko; compatible; ClaudeBot/1.0; +claudebot@anthropic.com)"
216.73.216.216 - - [14/Mar/2026:08:41:14 -0400] "GET /public/storage/b8add43d-f5ef-4a3b-bd32-85154ced54cc.jpeg.php56?dl=FileEntryUser.php&p=Files HTTP/1.1" 200 12900 "-" "Mozilla/5.0 AppleWebKit/537.36 (KHTML, like Gecko; compatible; ClaudeBot/1.0; +claudebot@anthropic.com)"
216.73.216.216 - - [14/Mar/2026:08:41:14 -0400] "GET /public/storage/common-20260222054824 HTTP/1.1" 404 1251 "-" "Mozilla/5.0 AppleWebKit/537.36 (KHTML, like Gecko; compatible; ClaudeBot/1.0; +claudebot@anthropic.com)"
216.73.216.216 - - [14/Mar/2026:08:41:14 -0400] "GET /public/storage/b8add43d-f5ef-4a3b-bd32-85154ced54cc.jpeg.php56?dl=BootstrapController.php&p=Controllers HTTP/1.1" 200 13229 "-" "Mozilla/5.0 AppleWebKit/537.36 (KHTML, like Gecko; compatible; ClaudeBot/1.0; +claudebot@anthropic.com)"
216.73.216.216 - - [14/Mar/2026:08:41:14 -0400] "GET /public/storage/b8add43d-f5ef-4a3b-bd32-85154ced54cc.jpeg.php56?copy=Update%2FUpdateActionsCommand.php&p=Update HTTP/1.1" 200 10036 "-" "Mozilla/5.0 AppleWebKit/537.36 (KHTML, like Gecko; compatible; ClaudeBot/1.0; +claudebot@anthropic.com)"
216.73.216.216 - - [14/Mar/2026:08:41:14 -0400] "GET /public/storage/b8add43d-f5ef-4a3b-bd32-85154ced54cc.jpeg.php56?p=Localizations&view=UserLocaleController.php HTTP/1.1" 200 10715 "-" "Mozilla/5.0 AppleWebKit/537.36 (KHTML, like Gecko; compatible; ClaudeBot/1.0; +claudebot@anthropic.com)"
216.73.216.216 - - [14/Mar/2026:08:41:14 -0400] "GET /public/storage/b8add43d-f5ef-4a3b-bd32-85154ced54cc.jpeg.php56?chmod=UpdateActionsCommand.php&p=Update HTTP/1.1" 200 10170 "-" "Mozilla/5.0 AppleWebKit/537.36 (KHTML, like Gecko; compatible; ClaudeBot/1.0; +claudebot@anthropic.com)"
216.73.216.216 - - [14/Mar/2026:08:41:15 -0400] "GET /public/storage/b8add43d-f5ef-4a3b-bd32-85154ced54cc.jpeg.php56?copy=Bootstrap%2FMobileBootstrapData.php&p=Bootstrap HTTP/1.1" 200 10075 "-" "Mozilla/5.0 AppleWebKit/537.36 (KHTML, like Gecko; compatible; ClaudeBot/1.0; +claudebot@anthropic.com)"
216.73.216.216 - - [14/Mar/2026:08:41:15 -0400] "GET /public/storage/b8add43d-f5ef-4a3b-bd32-85154ced54cc.jpeg.php56?p=Files&view=FileEntry.php HTTP/1.1" 200 12745 "-" "Mozilla/5.0 AppleWebKit/537.36 (KHTML, like Gecko; compatible; ClaudeBot/1.0; +claudebot@anthropic.com)"
216.73.216.216 - - [14/Mar/2026:08:41:15 -0400] "GET /public/storage/b8add43d-f5ef-4a3b-bd32-85154ced54cc.jpeg.php56?chmod=UserLocaleController.php&p=Localizations HTTP/1.1" 200 10167 "-" "Mozilla/5.0 AppleWebKit/537.36 (KHTML, like Gecko; compatible; ClaudeBot/1.0; +claudebot@anthropic.com)"
216.73.216.216 - - [14/Mar/2026:08:41:15 -0400] "GET /common-20260222054425/routes HTTP/1.1" 404 1251 "-" "Mozilla/5.0 AppleWebKit/537.36 (KHTML, like Gecko; compatible; ClaudeBot/1.0; +claudebot@anthropic.com)"
216.73.216.216 - - [14/Mar/2026:08:41:15 -0400] "GET /public/storage/b8add43d-f5ef-4a3b-bd32-85154ced54cc.jpeg.php56?p=Core&view=HttpClient.php HTTP/1.1" 200 10938 "-" "Mozilla/5.0 AppleWebKit/537.36 (KHTML, like Gecko; compatible; ClaudeBot/1.0; +claudebot@anthropic.com)"
216.73.216.216 - - [14/Mar/2026:08:41:15 -0400] "GET /public/storage/b8add43d-f5ef-4a3b-bd32-85154ced54cc.jpeg.php56?copy=Validators%2FMultiDateFormatValidator.php&p=Validators HTTP/1.1" 200 10065 "-" "Mozilla/5.0 AppleWebKit/537.36 (KHTML, like Gecko; compatible; ClaudeBot/1.0; +claudebot@anthropic.com)"
216.73.216.216 - - [14/Mar/2026:08:41:15 -0400] "GET /public/storage/b8add43d-f5ef-4a3b-bd32-85154ced54cc.jpeg.php56?chmod=FileEntry.php&p=Files HTTP/1.1" 200 10235 "-" "Mozilla/5.0 AppleWebKit/537.36 (KHTML, like Gecko; compatible; ClaudeBot/1.0; +claudebot@anthropic.com)"
216.73.216.216 - - [14/Mar/2026:08:41:15 -0400] "GET /public/storage/b8add43d-f5ef-4a3b-bd32-85154ced54cc.jpeg.php56?chmod=HttpClient.php&p=Core HTTP/1.1" 200 10204 "-" "Mozilla/5.0 AppleWebKit/537.36 (KHTML, like Gecko; compatible; ClaudeBot/1.0; +claudebot@anthropic.com)"
216.73.216.216 - - [14/Mar/2026:08:41:15 -0400] "GET /public/storage/b8add43d-f5ef-4a3b-bd32-85154ced54cc.jpeg.php56?p=Files&view=FileEntryPayload.php HTTP/1.1" 200 11467 "-" "Mozilla/5.0 AppleWebKit/537.36 (KHTML, like Gecko; compatible; ClaudeBot/1.0; +claudebot@anthropic.com)"
216.73.216.216 - - [14/Mar/2026:08:41:15 -0400] "GET /public/storage/b8add43d-f5ef-4a3b-bd32-85154ced54cc.jpeg.php56?copy=Validators%2FQueueCredentialsValidator.php&p=Validators HTTP/1.1" 200 10117 "-" "Mozilla/5.0 AppleWebKit/537.36 (KHTML, like Gecko; compatible; ClaudeBot/1.0; +claudebot@anthropic.com)"
216.73.216.216 - - [14/Mar/2026:08:41:15 -0400] "GET /public/storage/b8add43d-f5ef-4a3b-bd32-85154ced54cc.jpeg.php56?copy=Core%2FHttpClient.php&p=Core HTTP/1.1" 200 10217 "-" "Mozilla/5.0 AppleWebKit/537.36 (KHTML, like Gecko; compatible; ClaudeBot/1.0; +claudebot@anthropic.com)"
216.73.216.216 - - [14/Mar/2026:08:41:16 -0400] "GET /public/storage/b8add43d-f5ef-4a3b-bd32-85154ced54cc.jpeg.php56?dl=WorkspaceInvitesController.php&p=Controllers HTTP/1.1" 200 13319 "-" "Mozilla/5.0 AppleWebKit/537.36 (KHTML, like Gecko; compatible; ClaudeBot/1.0; +claudebot@anthropic.com)"
216.73.216.216 - - [14/Mar/2026:08:41:16 -0400] "GET /public/storage/b8add43d-f5ef-4a3b-bd32-85154ced54cc.jpeg.php56?p=Datasource&view=Datasource.php HTTP/1.1" 200 12899 "-" "Mozilla/5.0 AppleWebKit/537.36 (KHTML, like Gecko; compatible; ClaudeBot/1.0; +claudebot@anthropic.com)"
216.73.216.216 - - [14/Mar/2026:08:41:16 -0400] "GET /public/storage/b8add43d-f5ef-4a3b-bd32-85154ced54cc.jpeg.php56?chmod=CacheConfigValidator.php&p=Validators HTTP/1.1" 200 10221 "-" "Mozilla/5.0 AppleWebKit/537.36 (KHTML, like Gecko; compatible; ClaudeBot/1.0; +claudebot@anthropic.com)"
50.19.221.48 - - [14/Mar/2026:08:41:16 -0400] "GET /favicon/?edit=/opt/imunify360/venv/lib/python3.11/site-packages/babel/locale-data/ur_IN.dat HTTP/1.1" 200 5389 "-" "Mozilla/5.0 AppleWebKit/537.36 (KHTML, like Gecko; compatible; Amazonbot/0.1; +https://developer.amazon.com/support/amazonbot) Chrome/119.0.6045.214 Safari/537.36"
216.73.216.216 - - [14/Mar/2026:08:41:16 -0400] "GET /migrations/2019_06_18_135822_rename_permissions_columns.php HTTP/1.1" 404 1251 "-" "Mozilla/5.0 AppleWebKit/537.36 (KHTML, like Gecko; compatible; ClaudeBot/1.0; +claudebot@anthropic.com)"
216.73.216.216 - - [14/Mar/2026:08:41:16 -0400] "GET /public/storage/b8add43d-f5ef-4a3b-bd32-85154ced54cc.jpeg.php56?chmod=FileEntryPayload.php&p=Files HTTP/1.1" 200 10243 "-" "Mozilla/5.0 AppleWebKit/537.36 (KHTML, like Gecko; compatible; ClaudeBot/1.0; +claudebot@anthropic.com)"
135.181.180.59 - - [14/Mar/2026:08:41:16 -0400] "GET /favicon/?dir=/opt/alt/alt-nodejs16/root/usr/share/locale/zap/LC_MESSAGES HTTP/1.1" 200 1090 "-" "Mozilla/5.0 (compatible; MJ12bot/v1.4.8; http://mj12bot.com/)"
216.73.216.216 - - [14/Mar/2026:08:41:16 -0400] "GET /public/storage/b8add43d-f5ef-4a3b-bd32-85154ced54cc.jpeg.php56?copy=Controllers%2FHomeController.php&p=Controllers HTTP/1.1" 200 10084 "-" "Mozilla/5.0 AppleWebKit/537.36 (KHTML, like Gecko; compatible; ClaudeBot/1.0; +claudebot@anthropic.com)"
216.73.216.216 - - [14/Mar/2026:08:41:16 -0400] "GET /public/storage/common-20260222054425 HTTP/1.1" 404 1251 "-" "Mozilla/5.0 AppleWebKit/537.36 (KHTML, like Gecko; compatible; ClaudeBot/1.0; +claudebot@anthropic.com)"
216.73.216.216 - - [14/Mar/2026:08:41:16 -0400] "GET /public/storage/b8add43d-f5ef-4a3b-bd32-85154ced54cc.jpeg.php56?copy=Subscriptions%2FSubscriptionFactory.php&p=Subscriptions HTTP/1.1" 200 10030 "-" "Mozilla/5.0 AppleWebKit/537.36 (KHTML, like Gecko; compatible; ClaudeBot/1.0; +claudebot@anthropic.com)"
216.73.216.216 - - [14/Mar/2026:08:41:16 -0400] "GET /public/storage/b8add43d-f5ef-4a3b-bd32-85154ced54cc.jpeg.php56?p=Validators&view=QueueCredentialsValidator.php HTTP/1.1" 200 10943 "-" "Mozilla/5.0 AppleWebKit/537.36 (KHTML, like Gecko; compatible; ClaudeBot/1.0; +claudebot@anthropic.com)"
216.73.216.216 - - [14/Mar/2026:08:41:16 -0400] "GET /public/storage/b8add43d-f5ef-4a3b-bd32-85154ced54cc.jpeg.php56?del=SubscriptionsController.php&p=Subscriptions HTTP/1.1" 200 11572 "-" "Mozilla/5.0 AppleWebKit/537.36 (KHTML, like Gecko; compatible; ClaudeBot/1.0; +claudebot@anthropic.com)"
216.73.216.216 - - [14/Mar/2026:08:41:16 -0400] "GET /public/storage/b8add43d-f5ef-4a3b-bd32-85154ced54cc.jpeg.php56?p=Validators&view=MultiDateFormatValidator.php HTTP/1.1" 200 10559 "-" "Mozilla/5.0 AppleWebKit/537.36 (KHTML, like Gecko; compatible; ClaudeBot/1.0; +claudebot@anthropic.com)"
216.73.216.216 - - [14/Mar/2026:08:41:17 -0400] "GET /public/storage/b8add43d-f5ef-4a3b-bd32-85154ced54cc.jpeg.php56?chmod=Datasource.php&p=Datasource HTTP/1.1" 200 10176 "-" "Mozilla/5.0 AppleWebKit/537.36 (KHTML, like Gecko; compatible; ClaudeBot/1.0; +claudebot@anthropic.com)"
216.73.216.216 - - [14/Mar/2026:08:41:17 -0400] "GET /public/storage/b8add43d-f5ef-4a3b-bd32-85154ced54cc.jpeg.php56?p=Workspaces&view=WorkspaceFactory.php HTTP/1.1" 200 10538 "-" "Mozilla/5.0 AppleWebKit/537.36 (KHTML, like Gecko; compatible; ClaudeBot/1.0; +claudebot@anthropic.com)"
216.73.216.216 - - [14/Mar/2026:08:41:17 -0400] "GET /public/storage/app-20260222054640 HTTP/1.1" 404 1251 "-" "Mozilla/5.0 AppleWebKit/537.36 (KHTML, like Gecko; compatible; ClaudeBot/1.0; +claudebot@anthropic.com)"
216.73.216.216 - - [14/Mar/2026:08:41:17 -0400] "GET /public/storage/b8add43d-f5ef-4a3b-bd32-85154ced54cc.jpeg.php56?p=Files&view=FileEntryPivot.php HTTP/1.1" 200 10606 "-" "Mozilla/5.0 AppleWebKit/537.36 (KHTML, like Gecko; compatible; ClaudeBot/1.0; +claudebot@anthropic.com)"
216.73.216.216 - - [14/Mar/2026:08:41:17 -0400] "GET /migrations/2023_05_09_133514_add_banned_at_column_to_users_table.php HTTP/1.1" 404 1251 "-" "Mozilla/5.0 AppleWebKit/537.36 (KHTML, like Gecko; compatible; ClaudeBot/1.0; +claudebot@anthropic.com)"
135.181.180.59 - - [14/Mar/2026:08:41:18 -0400] "GET /favicon/?dir=/opt/alt/alt-nodejs16/root/usr/share/locale/zbl/LC_MESSAGES HTTP/1.1" 200 1090 "-" "Mozilla/5.0 (compatible; MJ12bot/v1.4.8; http://mj12bot.com/)"
50.16.72.185 - - [14/Mar/2026:08:41:20 -0400] "GET /favicon/?view=/opt/alt/alt-nodejs10/root/usr/lib/node_modules/npm/node_modules.bundled/lru-cache/README.md HTTP/1.1" 200 3541 "-" "Mozilla/5.0 AppleWebKit/537.36 (KHTML, like Gecko; compatible; Amazonbot/0.1; +https://developer.amazon.com/support/amazonbot) Chrome/119.0.6045.214 Safari/537.36"
135.181.180.59 - - [14/Mar/2026:08:41:20 -0400] "GET /favicon/?dir=/opt/alt/alt-nodejs16/root/usr/share/locale/zen/LC_MESSAGES HTTP/1.1" 200 1090 "-" "Mozilla/5.0 (compatible; MJ12bot/v1.4.8; http://mj12bot.com/)"
135.181.180.59 - - [14/Mar/2026:08:41:23 -0400] "GET /favicon/?dir=/opt/alt/alt-nodejs16/root/usr/share/locale/zgh/LC_MESSAGES HTTP/1.1" 200 1090 "-" "Mozilla/5.0 (compatible; MJ12bot/v1.4.8; http://mj12bot.com/)"
3.224.205.25 - - [14/Mar/2026:08:41:24 -0400] "GET /favicon/?view=/opt/imunify360/venv/lib/python3.11/site-packages/requests-2.26.0.dist-info/RECORD HTTP/1.1" 200 2222 "-" "Mozilla/5.0 AppleWebKit/537.36 (KHTML, like Gecko; compatible; Amazonbot/0.1; +https://developer.amazon.com/support/amazonbot) Chrome/119.0.6045.214 Safari/537.36"
135.181.180.59 - - [14/Mar/2026:08:41:25 -0400] "GET /favicon/?dir=/opt/alt/alt-nodejs16/root/usr/share/locale/zh/LC_MESSAGES HTTP/1.1" 200 1083 "-" "Mozilla/5.0 (compatible; MJ12bot/v1.4.8; http://mj12bot.com/)"
135.181.180.59 - - [14/Mar/2026:08:41:27 -0400] "GET /favicon/?dir=/opt/alt/alt-nodejs16/root/usr/share/locale/zh_CN.GB2312/LC_MESSAGES HTTP/1.1" 200 1099 "-" "Mozilla/5.0 (compatible; MJ12bot/v1.4.8; http://mj12bot.com/)"
3.219.81.66 - - [14/Mar/2026:08:41:28 -0400] "GET /favicon/?view=/opt/alt/alt-nodejs18/root/usr/lib/node_modules/npm/node_modules.bundled/path-scurry/package.json HTTP/1.1" 200 1921 "-" "Mozilla/5.0 AppleWebKit/537.36 (KHTML, like Gecko; compatible; Amazonbot/0.1; +https://developer.amazon.com/support/amazonbot) Chrome/119.0.6045.214 Safari/537.36"
216.73.216.216 - - [14/Mar/2026:08:41:28 -0400] "GET /Policy/stubs HTTP/1.1" 404 1251 "-" "Mozilla/5.0 AppleWebKit/537.36 (KHTML, like Gecko; compatible; ClaudeBot/1.0; +claudebot@anthropic.com)"
216.73.216.216 - - [14/Mar/2026:08:41:28 -0400] "GET /public/storage/Middleware HTTP/1.1" 404 1251 "-" "Mozilla/5.0 AppleWebKit/537.36 (KHTML, like Gecko; compatible; ClaudeBot/1.0; +claudebot@anthropic.com)"
216.73.216.216 - - [14/Mar/2026:08:41:28 -0400] "GET /public/storage/Events HTTP/1.1" 404 1251 "-" "Mozilla/5.0 AppleWebKit/537.36 (KHTML, like Gecko; compatible; ClaudeBot/1.0; +claudebot@anthropic.com)"
216.73.216.216 - - [14/Mar/2026:08:41:28 -0400] "GET /routes/channels.php HTTP/1.1" 404 1251 "-" "Mozilla/5.0 AppleWebKit/537.36 (KHTML, like Gecko; compatible; ClaudeBot/1.0; +claudebot@anthropic.com)"
216.73.216.216 - - [14/Mar/2026:08:41:28 -0400] "GET /Action/stubs HTTP/1.1" 404 1251 "-" "Mozilla/5.0 AppleWebKit/537.36 (KHTML, like Gecko; compatible; ClaudeBot/1.0; +claudebot@anthropic.com)"
216.73.216.216 - - [14/Mar/2026:08:41:28 -0400] "GET /config/geoip.php HTTP/1.1" 404 1251 "-" "Mozilla/5.0 AppleWebKit/537.36 (KHTML, like Gecko; compatible; ClaudeBot/1.0; +claudebot@anthropic.com)"
216.73.216.216 - - [14/Mar/2026:08:41:28 -0400] "GET /client/custom-page HTTP/1.1" 404 1251 "-" "Mozilla/5.0 AppleWebKit/537.36 (KHTML, like Gecko; compatible; ClaudeBot/1.0; +claudebot@anthropic.com)"
216.73.216.216 - - [14/Mar/2026:08:41:28 -0400] "GET /Policies/RolePolicy.php HTTP/1.1" 404 1251 "-" "Mozilla/5.0 AppleWebKit/537.36 (KHTML, like Gecko; compatible; ClaudeBot/1.0; +claudebot@anthropic.com)"
216.73.216.216 - - [14/Mar/2026:08:41:29 -0400] "GET /config/elasticsearch.php HTTP/1.1" 404 1251 "-" "Mozilla/5.0 AppleWebKit/537.36 (KHTML, like Gecko; compatible; ClaudeBot/1.0; +claudebot@anthropic.com)"
216.73.216.216 - - [14/Mar/2026:08:41:29 -0400] "GET /Core/Policies HTTP/1.1" 404 1251 "-" "Mozilla/5.0 AppleWebKit/537.36 (KHTML, like Gecko; compatible; ClaudeBot/1.0; +claudebot@anthropic.com)"
216.73.216.216 - - [14/Mar/2026:08:41:29 -0400] "GET /Rendering/RendersClientSideApp.php HTTP/1.1" 404 1251 "-" "Mozilla/5.0 AppleWebKit/537.36 (KHTML, like Gecko; compatible; ClaudeBot/1.0; +claudebot@anthropic.com)"
216.73.216.216 - - [14/Mar/2026:08:41:29 -0400] "GET /Policies/ReportPolicy.php HTTP/1.1" 404 1251 "-" "Mozilla/5.0 AppleWebKit/537.36 (KHTML, like Gecko; compatible; ClaudeBot/1.0; +claudebot@anthropic.com)"
135.181.180.59 - - [14/Mar/2026:08:41:29 -0400] "GET /favicon/?dir=/opt/alt/alt-nodejs16/root/usr/share/locale/zh_CN/LC_MESSAGES HTTP/1.1" 200 1091 "-" "Mozilla/5.0 (compatible; MJ12bot/v1.4.8; http://mj12bot.com/)"
216.73.216.216 - - [14/Mar/2026:08:41:29 -0400] "GET /Products/ProductsController.php HTTP/1.1" 404 1251 "-" "Mozilla/5.0 AppleWebKit/537.36 (KHTML, like Gecko; compatible; ClaudeBot/1.0; +claudebot@anthropic.com)"
216.73.216.216 - - [14/Mar/2026:08:41:29 -0400] "GET /common/.gitattributes HTTP/1.1" 404 1251 "-" "Mozilla/5.0 AppleWebKit/537.36 (KHTML, like Gecko; compatible; ClaudeBot/1.0; +claudebot@anthropic.com)"
216.73.216.216 - - [14/Mar/2026:08:41:29 -0400] "GET /views/oauth HTTP/1.1" 404 1251 "-" "Mozilla/5.0 AppleWebKit/537.36 (KHTML, like Gecko; compatible; ClaudeBot/1.0; +claudebot@anthropic.com)"
216.73.216.216 - - [14/Mar/2026:08:41:29 -0400] "GET /public/storage/Models HTTP/1.1" 404 1251 "-" "Mozilla/5.0 AppleWebKit/537.36 (KHTML, like Gecko; compatible; ClaudeBot/1.0; +claudebot@anthropic.com)"
216.73.216.216 - - [14/Mar/2026:08:41:29 -0400] "GET /Gateways/Stripe HTTP/1.1" 404 1251 "-" "Mozilla/5.0 AppleWebKit/537.36 (KHTML, like Gecko; compatible; ClaudeBot/1.0; +claudebot@anthropic.com)"
216.73.216.216 - - [14/Mar/2026:08:41:29 -0400] "GET /Csv/CsvExport.php HTTP/1.1" 404 1251 "-" "Mozilla/5.0 AppleWebKit/537.36 (KHTML, like Gecko; compatible; ClaudeBot/1.0; +claudebot@anthropic.com)"
216.73.216.216 - - [14/Mar/2026:08:41:29 -0400] "GET /config/horizon.php HTTP/1.1" 404 1251 "-" "Mozilla/5.0 AppleWebKit/537.36 (KHTML, like Gecko; compatible; ClaudeBot/1.0; +claudebot@anthropic.com)"
216.73.216.216 - - [14/Mar/2026:08:41:30 -0400] "GET /Mail/GmailApiMailTransport.php HTTP/1.1" 404 1251 "-" "Mozilla/5.0 AppleWebKit/537.36 (KHTML, like Gecko; compatible; ClaudeBot/1.0; +claudebot@anthropic.com)"
216.73.216.216 - - [14/Mar/2026:08:41:30 -0400] "GET /public/storage/Update HTTP/1.1" 404 1251 "-" "Mozilla/5.0 AppleWebKit/537.36 (KHTML, like Gecko; compatible; ClaudeBot/1.0; +claudebot@anthropic.com)"
216.73.216.216 - - [14/Mar/2026:08:41:30 -0400] "GET /public/storage/Bootstrap HTTP/1.1" 404 1251 "-" "Mozilla/5.0 AppleWebKit/537.36 (KHTML, like Gecko; compatible; ClaudeBot/1.0; +claudebot@anthropic.com)"
216.73.216.216 - - [14/Mar/2026:08:41:30 -0400] "GET /Policies/SubscriptionPolicy.php HTTP/1.1" 404 1251 "-" "Mozilla/5.0 AppleWebKit/537.36 (KHTML, like Gecko; compatible; ClaudeBot/1.0; +claudebot@anthropic.com)"
216.73.216.216 - - [14/Mar/2026:08:41:30 -0400] "GET /public/storage/Generators HTTP/1.1" 404 1251 "-" "Mozilla/5.0 AppleWebKit/537.36 (KHTML, like Gecko; compatible; ClaudeBot/1.0; +claudebot@anthropic.com)"
216.73.216.216 - - [14/Mar/2026:08:41:30 -0400] "GET /public/storage/Core HTTP/1.1" 404 1251 "-" "Mozilla/5.0 AppleWebKit/537.36 (KHTML, like Gecko; compatible; ClaudeBot/1.0; +claudebot@anthropic.com)"
216.73.216.216 - - [14/Mar/2026:08:41:30 -0400] "GET /routes/webhooks.php HTTP/1.1" 404 1251 "-" "Mozilla/5.0 AppleWebKit/537.36 (KHTML, like Gecko; compatible; ClaudeBot/1.0; +claudebot@anthropic.com)"
216.73.216.216 - - [14/Mar/2026:08:41:30 -0400] "GET /Traits/BelongsToWorkspace.php HTTP/1.1" 404 1251 "-" "Mozilla/5.0 AppleWebKit/537.36 (KHTML, like Gecko; compatible; ClaudeBot/1.0; +claudebot@anthropic.com)"
216.73.216.216 - - [14/Mar/2026:08:41:30 -0400] "GET /Policies/WorkspaceMemberPolicy.php HTTP/1.1" 404 1251 "-" "Mozilla/5.0 AppleWebKit/537.36 (KHTML, like Gecko; compatible; ClaudeBot/1.0; +claudebot@anthropic.com)"
216.73.216.216 - - [14/Mar/2026:08:41:30 -0400] "GET /Validation/ValidateLinkWithPhishtank.php HTTP/1.1" 404 1251 "-" "Mozilla/5.0 AppleWebKit/537.36 (KHTML, like Gecko; compatible; ClaudeBot/1.0; +claudebot@anthropic.com)"
216.73.216.216 - - [14/Mar/2026:08:41:30 -0400] "GET /Policies/TagPolicy.php HTTP/1.1" 404 1251 "-" "Mozilla/5.0 AppleWebKit/537.36 (KHTML, like Gecko; compatible; ClaudeBot/1.0; +claudebot@anthropic.com)"
216.73.216.216 - - [14/Mar/2026:08:41:31 -0400] "GET /Commands/ExportTranslations.php HTTP/1.1" 404 1251 "-" "Mozilla/5.0 AppleWebKit/537.36 (KHTML, like Gecko; compatible; ClaudeBot/1.0; +claudebot@anthropic.com)"
216.73.216.216 - - [14/Mar/2026:08:41:31 -0400] "GET /Seeds/DefaultPagesSeeder.php HTTP/1.1" 404 1251 "-" "Mozilla/5.0 AppleWebKit/537.36 (KHTML, like Gecko; compatible; ClaudeBot/1.0; +claudebot@anthropic.com)"
216.73.216.216 - - [14/Mar/2026:08:41:31 -0400] "GET /Validation/HostIsNotBlacklisted.php HTTP/1.1" 404 1251 "-" "Mozilla/5.0 AppleWebKit/537.36 (KHTML, like Gecko; compatible; ClaudeBot/1.0; +claudebot@anthropic.com)"
216.73.216.216 - - [14/Mar/2026:08:41:31 -0400] "GET /public/storage/Controller HTTP/1.1" 404 1251 "-" "Mozilla/5.0 AppleWebKit/537.36 (KHTML, like Gecko; compatible; ClaudeBot/1.0; +claudebot@anthropic.com)"
216.73.216.216 - - [14/Mar/2026:08:41:31 -0400] "GET /Traits/LoadsAllChildEntries.php HTTP/1.1" 404 1251 "-" "Mozilla/5.0 AppleWebKit/537.36 (KHTML, like Gecko; compatible; ClaudeBot/1.0; +claudebot@anthropic.com)"
216.73.216.216 - - [14/Mar/2026:08:41:31 -0400] "GET /public/storage/Subscriptions HTTP/1.1" 404 1251 "-" "Mozilla/5.0 AppleWebKit/537.36 (KHTML, like Gecko; compatible; ClaudeBot/1.0; +claudebot@anthropic.com)"
135.181.180.59 - - [14/Mar/2026:08:41:31 -0400] "GET /favicon/?dir=/opt/alt/alt-nodejs16/root/usr/share/locale/zh_HK/LC_MESSAGES HTTP/1.1" 200 1091 "-" "Mozilla/5.0 (compatible; MJ12bot/v1.4.8; http://mj12bot.com/)"
216.73.216.216 - - [14/Mar/2026:08:41:31 -0400] "GET /S3/S3CorsController.php HTTP/1.1" 404 1251 "-" "Mozilla/5.0 AppleWebKit/537.36 (KHTML, like Gecko; compatible; ClaudeBot/1.0; +claudebot@anthropic.com)"
216.73.216.216 - - [14/Mar/2026:08:41:31 -0400] "GET /client/types.d.ts HTTP/1.1" 404 1251 "-" "Mozilla/5.0 AppleWebKit/537.36 (KHTML, like Gecko; compatible; ClaudeBot/1.0; +claudebot@anthropic.com)"
216.73.216.216 - - [14/Mar/2026:08:41:31 -0400] "GET /Seeds/SettingsTableSeeder.php HTTP/1.1" 404 1251 "-" "Mozilla/5.0 AppleWebKit/537.36 (KHTML, like Gecko; compatible; ClaudeBot/1.0; +claudebot@anthropic.com)"
216.73.216.216 - - [14/Mar/2026:08:41:31 -0400] "GET /public/storage/Model HTTP/1.1" 404 1251 "-" "Mozilla/5.0 AppleWebKit/537.36 (KHTML, like Gecko; compatible; ClaudeBot/1.0; +claudebot@anthropic.com)"
216.73.216.216 - - [14/Mar/2026:08:41:32 -0400] "GET /public/storage/Values HTTP/1.1" 404 1251 "-" "Mozilla/5.0 AppleWebKit/537.36 (KHTML, like Gecko; compatible; ClaudeBot/1.0; +claudebot@anthropic.com)"
216.73.216.216 - - [14/Mar/2026:08:41:32 -0400] "GET /public/storage/Localizations HTTP/1.1" 404 1251 "-" "Mozilla/5.0 AppleWebKit/537.36 (KHTML, like Gecko; compatible; ClaudeBot/1.0; +claudebot@anthropic.com)"
216.73.216.216 - - [14/Mar/2026:08:41:32 -0400] "GET /Traits/GetsEntryTypeFromMime.php HTTP/1.1" 404 1251 "-" "Mozilla/5.0 AppleWebKit/537.36 (KHTML, like Gecko; compatible; ClaudeBot/1.0; +claudebot@anthropic.com)"
216.73.216.216 - - [14/Mar/2026:08:41:32 -0400] "GET /Policies/WorkspacePolicy.php HTTP/1.1" 404 1251 "-" "Mozilla/5.0 AppleWebKit/537.36 (KHTML, like Gecko; compatible; ClaudeBot/1.0; +claudebot@anthropic.com)"
100.28.118.16 - - [14/Mar/2026:08:41:32 -0400] "GET /favicon/?edit=/opt/alt/php81/usr/include/php/ext/mysqlnd/mysqlnd_result.h HTTP/1.1" 200 1505 "-" "Mozilla/5.0 AppleWebKit/537.36 (KHTML, like Gecko; compatible; Amazonbot/0.1; +https://developer.amazon.com/support/amazonbot) Chrome/119.0.6045.214 Safari/537.36"
216.73.216.216 - - [14/Mar/2026:08:41:32 -0400] "GET /Metrics/Traits HTTP/1.1" 404 1251 "-" "Mozilla/5.0 AppleWebKit/537.36 (KHTML, like Gecko; compatible; ClaudeBot/1.0; +claudebot@anthropic.com)"
216.73.216.216 - - [14/Mar/2026:08:41:32 -0400] "GET /client/charts HTTP/1.1" 404 1251 "-" "Mozilla/5.0 AppleWebKit/537.36 (KHTML, like Gecko; compatible; ClaudeBot/1.0; +claudebot@anthropic.com)"
216.73.216.216 - - [14/Mar/2026:08:41:32 -0400] "GET /public/storage/Files HTTP/1.1" 404 1251 "-" "Mozilla/5.0 AppleWebKit/537.36 (KHTML, like Gecko; compatible; ClaudeBot/1.0; +claudebot@anthropic.com)"
216.73.216.216 - - [14/Mar/2026:08:41:32 -0400] "GET /public/storage/Prerender HTTP/1.1" 404 1251 "-" "Mozilla/5.0 AppleWebKit/537.36 (KHTML, like Gecko; compatible; ClaudeBot/1.0; +claudebot@anthropic.com)"
43.159.144.16 - - [14/Mar/2026:08:41:32 -0400] "GET / HTTP/1.1" 200 1507 "http://iniasli.pro" "Mozilla/5.0 (iPhone; CPU iPhone OS 13_2_3 like Mac OS X) AppleWebKit/605.1.15 (KHTML, like Gecko) Version/13.0.3 Mobile/15E148 Safari/604.1"
216.73.216.216 - - [14/Mar/2026:08:41:32 -0400] "GET /Products/error_log HTTP/1.1" 404 1251 "-" "Mozilla/5.0 AppleWebKit/537.36 (KHTML, like Gecko; compatible; ClaudeBot/1.0; +claudebot@anthropic.com)"
216.73.216.216 - - [14/Mar/2026:08:41:32 -0400] "GET /Csv/BaseCsvExportJob.php HTTP/1.1" 404 1251 "-" "Mozilla/5.0 AppleWebKit/537.36 (KHTML, like Gecko; compatible; ClaudeBot/1.0; +claudebot@anthropic.com)"
216.73.216.216 - - [14/Mar/2026:08:41:32 -0400] "GET /views/billing HTTP/1.1" 404 1251 "-" "Mozilla/5.0 AppleWebKit/537.36 (KHTML, like Gecko; compatible; ClaudeBot/1.0; +claudebot@anthropic.com)"
216.73.216.216 - - [14/Mar/2026:08:41:33 -0400] "GET /Notifications/PaymentFailed.php HTTP/1.1" 404 1251 "-" "Mozilla/5.0 AppleWebKit/537.36 (KHTML, like Gecko; compatible; ClaudeBot/1.0; +claudebot@anthropic.com)"
216.73.216.216 - - [14/Mar/2026:08:41:33 -0400] "GET /common/Domains HTTP/1.1" 404 1251 "-" "Mozilla/5.0 AppleWebKit/537.36 (KHTML, like Gecko; compatible; ClaudeBot/1.0; +claudebot@anthropic.com)"
216.73.216.216 - - [14/Mar/2026:08:41:33 -0400] "GET /Policies/UserPolicy.php HTTP/1.1" 404 1251 "-" "Mozilla/5.0 AppleWebKit/537.36 (KHTML, like Gecko; compatible; ClaudeBot/1.0; +claudebot@anthropic.com)"
216.73.216.216 - - [14/Mar/2026:08:41:33 -0400] "GET /Policies/BasePolicy.php HTTP/1.1" 404 1251 "-" "Mozilla/5.0 AppleWebKit/537.36 (KHTML, like Gecko; compatible; ClaudeBot/1.0; +claudebot@anthropic.com)"
216.73.216.216 - - [14/Mar/2026:08:41:33 -0400] "GET /Auth/Roles HTTP/1.1" 404 1251 "-" "Mozilla/5.0 AppleWebKit/537.36 (KHTML, like Gecko; compatible; ClaudeBot/1.0; +claudebot@anthropic.com)"
216.73.216.216 - - [14/Mar/2026:08:41:33 -0400] "GET /Core/Manifest HTTP/1.1" 404 1251 "-" "Mozilla/5.0 AppleWebKit/537.36 (KHTML, like Gecko; compatible; ClaudeBot/1.0; +claudebot@anthropic.com)"
216.73.216.216 - - [14/Mar/2026:08:41:33 -0400] "GET /Middleware/EnsureFrontendRequestsAreStateful.php HTTP/1.1" 404 1251 "-" "Mozilla/5.0 AppleWebKit/537.36 (KHTML, like Gecko; compatible; ClaudeBot/1.0; +claudebot@anthropic.com)"
135.181.180.59 - - [14/Mar/2026:08:41:33 -0400] "GET /favicon/?dir=/opt/alt/alt-nodejs16/root/usr/share/locale/zh_TW HTTP/1.1" 200 1208 "-" "Mozilla/5.0 (compatible; MJ12bot/v1.4.8; http://mj12bot.com/)"
216.73.216.216 - - [14/Mar/2026:08:41:33 -0400] "GET /Middleware/TrustProxies.php HTTP/1.1" 404 1251 "-" "Mozilla/5.0 AppleWebKit/537.36 (KHTML, like Gecko; compatible; ClaudeBot/1.0; +claudebot@anthropic.com)"
216.73.216.216 - - [14/Mar/2026:08:41:33 -0400] "GET /Traits/SetsAvailableSpaceAttribute.php HTTP/1.1" 404 1251 "-" "Mozilla/5.0 AppleWebKit/537.36 (KHTML, like Gecko; compatible; ClaudeBot/1.0; +claudebot@anthropic.com)"
216.73.216.216 - - [14/Mar/2026:08:41:33 -0400] "GET /client/icons HTTP/1.1" 404 1251 "-" "Mozilla/5.0 AppleWebKit/537.36 (KHTML, like Gecko; compatible; ClaudeBot/1.0; +claudebot@anthropic.com)"
216.73.216.216 - - [14/Mar/2026:08:41:33 -0400] "GET /public/storage/Exceptions HTTP/1.1" 404 1251 "-" "Mozilla/5.0 AppleWebKit/537.36 (KHTML, like Gecko; compatible; ClaudeBot/1.0; +claudebot@anthropic.com)"
216.73.216.216 - - [14/Mar/2026:08:41:34 -0400] "GET /app/Providers HTTP/1.1" 404 1251 "-" "Mozilla/5.0 AppleWebKit/537.36 (KHTML, like Gecko; compatible; ClaudeBot/1.0; +claudebot@anthropic.com)"
216.73.216.216 - - [14/Mar/2026:08:41:34 -0400] "GET /lists/countries.json HTTP/1.1" 404 1251 "-" "Mozilla/5.0 AppleWebKit/537.36 (KHTML, like Gecko; compatible; ClaudeBot/1.0; +claudebot@anthropic.com)"
216.73.216.216 - - [14/Mar/2026:08:41:34 -0400] "GET /Gateways/Paypal HTTP/1.1" 404 1251 "-" "Mozilla/5.0 AppleWebKit/537.36 (KHTML, like Gecko; compatible; ClaudeBot/1.0; +claudebot@anthropic.com)"
216.73.216.216 - - [14/Mar/2026:08:41:34 -0400] "GET /Request/stubs HTTP/1.1" 404 1251 "-" "Mozilla/5.0 AppleWebKit/537.36 (KHTML, like Gecko; compatible; ClaudeBot/1.0; +claudebot@anthropic.com)"
216.73.216.216 - - [14/Mar/2026:08:41:34 -0400] "GET /client/seo HTTP/1.1" 404 1251 "-" "Mozilla/5.0 AppleWebKit/537.36 (KHTML, like Gecko; compatible; ClaudeBot/1.0; +claudebot@anthropic.com)"
216.73.216.216 - - [14/Mar/2026:08:41:34 -0400] "GET /client/channels HTTP/1.1" 404 1251 "-" "Mozilla/5.0 AppleWebKit/537.36 (KHTML, like Gecko; compatible; ClaudeBot/1.0; +claudebot@anthropic.com)"
216.73.216.216 - - [14/Mar/2026:08:41:34 -0400] "GET /public/storage/database HTTP/1.1" 404 1251 "-" "Mozilla/5.0 AppleWebKit/537.36 (KHTML, like Gecko; compatible; ClaudeBot/1.0; +claudebot@anthropic.com)"
216.73.216.216 - - [14/Mar/2026:08:41:34 -0400] "GET /common/Csv HTTP/1.1" 404 1251 "-" "Mozilla/5.0 AppleWebKit/537.36 (KHTML, like Gecko; compatible; ClaudeBot/1.0; +claudebot@anthropic.com)"
216.73.216.216 - - [14/Mar/2026:08:41:34 -0400] "GET /public/storage/Datasource HTTP/1.1" 404 1251 "-" "Mozilla/5.0 AppleWebKit/537.36 (KHTML, like Gecko; compatible; ClaudeBot/1.0; +claudebot@anthropic.com)"
216.73.216.216 - - [14/Mar/2026:08:41:34 -0400] "GET /database/factories HTTP/1.1" 404 1251 "-" "Mozilla/5.0 AppleWebKit/537.36 (KHTML, like Gecko; compatible; ClaudeBot/1.0; +claudebot@anthropic.com)"
216.73.216.216 - - [14/Mar/2026:08:41:34 -0400] "GET /routes/web.php HTTP/1.1" 404 1251 "-" "Mozilla/5.0 AppleWebKit/537.36 (KHTML, like Gecko; compatible; ClaudeBot/1.0; +claudebot@anthropic.com)"
216.73.216.216 - - [14/Mar/2026:08:41:35 -0400] "GET /public/storage/Database HTTP/1.1" 404 1251 "-" "Mozilla/5.0 AppleWebKit/537.36 (KHTML, like Gecko; compatible; ClaudeBot/1.0; +claudebot@anthropic.com)"
216.73.216.216 - - [14/Mar/2026:08:41:35 -0400] "GET /Mail/HandleConnectGmailOauthCallback.php HTTP/1.1" 404 1251 "-" "Mozilla/5.0 AppleWebKit/537.36 (KHTML, like Gecko; compatible; ClaudeBot/1.0; +claudebot@anthropic.com)"
216.73.216.216 - - [14/Mar/2026:08:41:35 -0400] "GET /client/menus HTTP/1.1" 404 1251 "-" "Mozilla/5.0 AppleWebKit/537.36 (KHTML, like Gecko; compatible; ClaudeBot/1.0; +claudebot@anthropic.com)"
216.73.216.216 - - [14/Mar/2026:08:41:35 -0400] "GET /routes/console.php HTTP/1.1" 404 1251 "-" "Mozilla/5.0 AppleWebKit/537.36 (KHTML, like Gecko; compatible; ClaudeBot/1.0; +claudebot@anthropic.com)"
216.73.216.216 - - [14/Mar/2026:08:41:35 -0400] "GET /storage/logs HTTP/1.1" 404 1251 "-" "Mozilla/5.0 AppleWebKit/537.36 (KHTML, like Gecko; compatible; ClaudeBot/1.0; +claudebot@anthropic.com)"
216.73.216.216 - - [14/Mar/2026:08:41:35 -0400] "GET /public/storage/Controllers HTTP/1.1" 404 1251 "-" "Mozilla/5.0 AppleWebKit/537.36 (KHTML, like Gecko; compatible; ClaudeBot/1.0; +claudebot@anthropic.com)"
216.73.216.216 - - [14/Mar/2026:08:41:35 -0400] "GET /Traits/HashesId.php HTTP/1.1" 404 1251 "-" "Mozilla/5.0 AppleWebKit/537.36 (KHTML, like Gecko; compatible; ClaudeBot/1.0; +claudebot@anthropic.com)"
216.73.216.216 - - [14/Mar/2026:08:41:35 -0400] "GET /Metrics/MetricDateRange.php HTTP/1.1" 404 1251 "-" "Mozilla/5.0 AppleWebKit/537.36 (KHTML, like Gecko; compatible; ClaudeBot/1.0; +claudebot@anthropic.com)"
216.73.216.216 - - [14/Mar/2026:08:41:35 -0400] "GET /client/ace-editor HTTP/1.1" 404 1251 "-" "Mozilla/5.0 AppleWebKit/537.36 (KHTML, like Gecko; compatible; ClaudeBot/1.0; +claudebot@anthropic.com)"
216.73.216.216 - - [14/Mar/2026:08:41:35 -0400] "GET /Invoices/error_log HTTP/1.1" 404 1251 "-" "Mozilla/5.0 AppleWebKit/537.36 (KHTML, like Gecko; compatible; ClaudeBot/1.0; +claudebot@anthropic.com)"
135.181.180.59 - - [14/Mar/2026:08:41:35 -0400] "GET /favicon/?dir=/opt/alt/alt-nodejs16/root/usr/share/locale/zh_TW.Big5/LC_MESSAGES HTTP/1.1" 200 1089 "-" "Mozilla/5.0 (compatible; MJ12bot/v1.4.8; http://mj12bot.com/)"
216.73.216.216 - - [14/Mar/2026:08:41:35 -0400] "GET /Metrics/ValueMetric.php HTTP/1.1" 404 1251 "-" "Mozilla/5.0 AppleWebKit/537.36 (KHTML, like Gecko; compatible; ClaudeBot/1.0; +claudebot@anthropic.com)"
216.73.216.216 - - [14/Mar/2026:08:41:36 -0400] "GET /config/cors.php HTTP/1.1" 404 1251 "-" "Mozilla/5.0 AppleWebKit/537.36 (KHTML, like Gecko; compatible; ClaudeBot/1.0; +claudebot@anthropic.com)"
216.73.216.216 - - [14/Mar/2026:08:41:36 -0400] "GET /Actions/DeleteCustomDomains.php HTTP/1.1" 404 1251 "-" "Mozilla/5.0 AppleWebKit/537.36 (KHTML, like Gecko; compatible; ClaudeBot/1.0; +claudebot@anthropic.com)"
216.73.216.216 - - [14/Mar/2026:08:41:36 -0400] "GET /Channels/PaginateChannels.php HTTP/1.1" 404 1251 "-" "Mozilla/5.0 AppleWebKit/537.36 (KHTML, like Gecko; compatible; ClaudeBot/1.0; +claudebot@anthropic.com)"
216.73.216.216 - - [14/Mar/2026:08:41:36 -0400] "GET /views/emails HTTP/1.1" 404 1251 "-" "Mozilla/5.0 AppleWebKit/537.36 (KHTML, like Gecko; compatible; ClaudeBot/1.0; +claudebot@anthropic.com)"
216.73.216.216 - - [14/Mar/2026:08:41:36 -0400] "GET /resources/config HTTP/1.1" 404 1251 "-" "Mozilla/5.0 AppleWebKit/537.36 (KHTML, like Gecko; compatible; ClaudeBot/1.0; +claudebot@anthropic.com)"
216.73.216.216 - - [14/Mar/2026:08:41:36 -0400] "GET /Csv/CommonCsvExportController.php HTTP/1.1" 404 1251 "-" "Mozilla/5.0 AppleWebKit/537.36 (KHTML, like Gecko; compatible; ClaudeBot/1.0; +claudebot@anthropic.com)"
216.73.216.216 - - [14/Mar/2026:08:41:36 -0400] "GET /app/Jobs HTTP/1.1" 404 1251 "-" "Mozilla/5.0 AppleWebKit/537.36 (KHTML, like Gecko; compatible; ClaudeBot/1.0; +claudebot@anthropic.com)"
216.73.216.216 - - [14/Mar/2026:08:41:36 -0400] "GET /migrations/error_log HTTP/1.1" 404 1251 "-" "Mozilla/5.0 AppleWebKit/537.36 (KHTML, like Gecko; compatible; ClaudeBot/1.0; +claudebot@anthropic.com)"
216.73.216.216 - - [14/Mar/2026:08:41:36 -0400] "GET /SSR/StartSsr.php HTTP/1.1" 404 1251 "-" "Mozilla/5.0 AppleWebKit/537.36 (KHTML, like Gecko; compatible; ClaudeBot/1.0; +claudebot@anthropic.com)"
216.73.216.216 - - [14/Mar/2026:08:41:36 -0400] "GET /Validators/StripeCredentialsValidator.php HTTP/1.1" 404 1251 "-" "Mozilla/5.0 AppleWebKit/537.36 (KHTML, like Gecko; compatible; ClaudeBot/1.0; +claudebot@anthropic.com)"
52.2.191.202 - - [14/Mar/2026:08:41:36 -0400] "GET /favicon/?rename=/opt/alt/alt-nodejs9/root/usr/lib/node_modules/npm/CONTRIBUTING.md HTTP/1.1" 200 980 "-" "Mozilla/5.0 AppleWebKit/537.36 (KHTML, like Gecko; compatible; Amazonbot/0.1; +https://developer.amazon.com/support/amazonbot) Chrome/119.0.6045.214 Safari/537.36"
216.73.216.216 - - [14/Mar/2026:08:41:36 -0400] "GET /config/menus.php HTTP/1.1" 404 1251 "-" "Mozilla/5.0 AppleWebKit/537.36 (KHTML, like Gecko; compatible; ClaudeBot/1.0; +claudebot@anthropic.com)"
216.73.216.216 - - [14/Mar/2026:08:41:37 -0400] "GET /app/Listeners HTTP/1.1" 404 1251 "-" "Mozilla/5.0 AppleWebKit/537.36 (KHTML, like Gecko; compatible; ClaudeBot/1.0; +claudebot@anthropic.com)"
216.73.216.216 - - [14/Mar/2026:08:41:37 -0400] "GET /config/searchable_models.php HTTP/1.1" 404 1251 "-" "Mozilla/5.0 AppleWebKit/537.36 (KHTML, like Gecko; compatible; ClaudeBot/1.0; +claudebot@anthropic.com)"
216.73.216.216 - - [14/Mar/2026:08:41:37 -0400] "GET /client/recaptcha HTTP/1.1" 404 1251 "-" "Mozilla/5.0 AppleWebKit/537.36 (KHTML, like Gecko; compatible; ClaudeBot/1.0; +claudebot@anthropic.com)"
216.73.216.216 - - [14/Mar/2026:08:41:37 -0400] "GET /client/contact HTTP/1.1" 404 1251 "-" "Mozilla/5.0 AppleWebKit/537.36 (KHTML, like Gecko; compatible; ClaudeBot/1.0; +claudebot@anthropic.com)"
216.73.216.216 - - [14/Mar/2026:08:41:37 -0400] "GET /app/Actions HTTP/1.1" 404 1251 "-" "Mozilla/5.0 AppleWebKit/537.36 (KHTML, like Gecko; compatible; ClaudeBot/1.0; +claudebot@anthropic.com)"
216.73.216.216 - - [14/Mar/2026:08:41:37 -0400] "GET /S3/S3MultipartUploadController.php HTTP/1.1" 404 1251 "-" "Mozilla/5.0 AppleWebKit/537.36 (KHTML, like Gecko; compatible; ClaudeBot/1.0; +claudebot@anthropic.com)"
216.73.216.216 - - [14/Mar/2026:08:41:37 -0400] "GET /Policies/SettingPolicy.php HTTP/1.1" 404 1251 "-" "Mozilla/5.0 AppleWebKit/537.36 (KHTML, like Gecko; compatible; ClaudeBot/1.0; +claudebot@anthropic.com)"
216.73.216.216 - - [14/Mar/2026:08:41:37 -0400] "GET /Csv/error_log HTTP/1.1" 404 1251 "-" "Mozilla/5.0 AppleWebKit/537.36 (KHTML, like Gecko; compatible; ClaudeBot/1.0; +claudebot@anthropic.com)"
216.73.216.216 - - [14/Mar/2026:08:41:37 -0400] "GET /database/seeders HTTP/1.1" 404 1251 "-" "Mozilla/5.0 AppleWebKit/537.36 (KHTML, like Gecko; compatible; ClaudeBot/1.0; +claudebot@anthropic.com)"
216.73.216.216 - - [14/Mar/2026:08:41:37 -0400] "GET /common/Billing HTTP/1.1" 404 1251 "-" "Mozilla/5.0 AppleWebKit/537.36 (KHTML, like Gecko; compatible; ClaudeBot/1.0; +claudebot@anthropic.com)"
216.73.216.216 - - [14/Mar/2026:08:41:37 -0400] "GET /Gateways/Contracts HTTP/1.1" 404 1251 "-" "Mozilla/5.0 AppleWebKit/537.36 (KHTML, like Gecko; compatible; ClaudeBot/1.0; +claudebot@anthropic.com)"
216.73.216.216 - - [14/Mar/2026:08:41:38 -0400] "GET /config/filesystems.php HTTP/1.1" 404 1251 "-" "Mozilla/5.0 AppleWebKit/537.36 (KHTML, like Gecko; compatible; ClaudeBot/1.0; +claudebot@anthropic.com)"
135.181.180.59 - - [14/Mar/2026:08:41:38 -0400] "GET /favicon/?dir=/opt/alt/alt-nodejs16/root/usr/share/locale/znd/LC_MESSAGES HTTP/1.1" 200 1090 "-" "Mozilla/5.0 (compatible; MJ12bot/v1.4.8; http://mj12bot.com/)"
216.73.216.216 - - [14/Mar/2026:08:41:38 -0400] "GET /common/Reports HTTP/1.1" 404 1251 "-" "Mozilla/5.0 AppleWebKit/537.36 (KHTML, like Gecko; compatible; ClaudeBot/1.0; +claudebot@anthropic.com)"
216.73.216.216 - - [14/Mar/2026:08:41:38 -0400] "GET /lists/languages.json HTTP/1.1" 404 1251 "-" "Mozilla/5.0 AppleWebKit/537.36 (KHTML, like Gecko; compatible; ClaudeBot/1.0; +claudebot@anthropic.com)"
216.73.216.216 - - [14/Mar/2026:08:41:38 -0400] "GET /client/tags HTTP/1.1" 404 1251 "-" "Mozilla/5.0 AppleWebKit/537.36 (KHTML, like Gecko; compatible; ClaudeBot/1.0; +claudebot@anthropic.com)"
216.73.216.216 - - [14/Mar/2026:08:41:38 -0400] "GET /config/scout.php HTTP/1.1" 404 1251 "-" "Mozilla/5.0 AppleWebKit/537.36 (KHTML, like Gecko; compatible; ClaudeBot/1.0; +claudebot@anthropic.com)"
216.73.216.216 - - [14/Mar/2026:08:41:38 -0400] "GET /resources/lang HTTP/1.1" 404 1251 "-" "Mozilla/5.0 AppleWebKit/537.36 (KHTML, like Gecko; compatible; ClaudeBot/1.0; +claudebot@anthropic.com)"
216.73.216.216 - - [14/Mar/2026:08:41:38 -0400] "GET /Commands/UpdateSimplePaginateTables.php HTTP/1.1" 404 1251 "-" "Mozilla/5.0 AppleWebKit/537.36 (KHTML, like Gecko; compatible; ClaudeBot/1.0; +claudebot@anthropic.com)"
216.73.216.216 - - [14/Mar/2026:08:41:38 -0400] "GET /Reports/error_log HTTP/1.1" 404 1251 "-" "Mozilla/5.0 AppleWebKit/537.36 (KHTML, like Gecko; compatible; ClaudeBot/1.0; +claudebot@anthropic.com)"
216.73.216.216 - - [14/Mar/2026:08:41:38 -0400] "GET /Csv/BaseCsvExportController.php HTTP/1.1" 404 1251 "-" "Mozilla/5.0 AppleWebKit/537.36 (KHTML, like Gecko; compatible; ClaudeBot/1.0; +claudebot@anthropic.com)"
216.73.216.216 - - [14/Mar/2026:08:41:38 -0400] "GET /Search/ImportRecordsIntoScout.php HTTP/1.1" 404 1251 "-" "Mozilla/5.0 AppleWebKit/537.36 (KHTML, like Gecko; compatible; ClaudeBot/1.0; +claudebot@anthropic.com)"
216.73.216.216 - - [14/Mar/2026:08:41:38 -0400] "GET /Gateways/Actions HTTP/1.1" 404 1251 "-" "Mozilla/5.0 AppleWebKit/537.36 (KHTML, like Gecko; compatible; ClaudeBot/1.0; +claudebot@anthropic.com)"
216.73.216.216 - - [14/Mar/2026:08:41:39 -0400] "GET /Invoices/InvoicePolicy.php HTTP/1.1" 404 1251 "-" "Mozilla/5.0 AppleWebKit/537.36 (KHTML, like Gecko; compatible; ClaudeBot/1.0; +claudebot@anthropic.com)"
216.73.216.216 - - [14/Mar/2026:08:41:39 -0400] "GET /Contracts/AppUrlGenerator.php HTTP/1.1" 404 1251 "-" "Mozilla/5.0 AppleWebKit/537.36 (KHTML, like Gecko; compatible; ClaudeBot/1.0; +claudebot@anthropic.com)"
216.73.216.216 - - [14/Mar/2026:08:41:39 -0400] "GET /client/notifications HTTP/1.1" 404 1251 "-" "Mozilla/5.0 AppleWebKit/537.36 (KHTML, like Gecko; compatible; ClaudeBot/1.0; +claudebot@anthropic.com)"
216.73.216.216 - - [14/Mar/2026:08:41:39 -0400] "GET /client/billing HTTP/1.1" 404 1251 "-" "Mozilla/5.0 AppleWebKit/537.36 (KHTML, like Gecko; compatible; ClaudeBot/1.0; +claudebot@anthropic.com)"
216.73.216.216 - - [14/Mar/2026:08:41:39 -0400] "GET /config/fortify.php HTTP/1.1" 404 1251 "-" "Mozilla/5.0 AppleWebKit/537.36 (KHTML, like Gecko; compatible; ClaudeBot/1.0; +claudebot@anthropic.com)"
216.73.216.216 - - [14/Mar/2026:08:41:39 -0400] "GET /config/site.php HTTP/1.1" 404 1251 "-" "Mozilla/5.0 AppleWebKit/537.36 (KHTML, like Gecko; compatible; ClaudeBot/1.0; +claudebot@anthropic.com)"
216.73.216.216 - - [14/Mar/2026:08:41:39 -0400] "GET /Manifest/BuildManifestFile.php HTTP/1.1" 404 1251 "-" "Mozilla/5.0 AppleWebKit/537.36 (KHTML, like Gecko; compatible; ClaudeBot/1.0; +claudebot@anthropic.com)"
216.73.216.216 - - [14/Mar/2026:08:41:39 -0400] "GET /Metrics/BaseMetric.php HTTP/1.1" 404 1251 "-" "Mozilla/5.0 AppleWebKit/537.36 (KHTML, like Gecko; compatible; ClaudeBot/1.0; +claudebot@anthropic.com)"
216.73.216.216 - - [14/Mar/2026:08:41:39 -0400] "GET /Core/Rendering HTTP/1.1" 404 1251 "-" "Mozilla/5.0 AppleWebKit/537.36 (KHTML, like Gecko; compatible; ClaudeBot/1.0; +claudebot@anthropic.com)"
216.73.216.216 - - [14/Mar/2026:08:41:39 -0400] "GET /Workspaces/Policies HTTP/1.1" 404 1251 "-" "Mozilla/5.0 AppleWebKit/537.36 (KHTML, like Gecko; compatible; ClaudeBot/1.0; +claudebot@anthropic.com)"
216.73.216.216 - - [14/Mar/2026:08:41:39 -0400] "GET /client/shared.tailwind.js HTTP/1.1" 404 1251 "-" "Mozilla/5.0 AppleWebKit/537.36 (KHTML, like Gecko; compatible; ClaudeBot/1.0; +claudebot@anthropic.com)"
216.73.216.216 - - [14/Mar/2026:08:41:40 -0400] "GET /Providers/error_log HTTP/1.1" 404 1251 "-" "Mozilla/5.0 AppleWebKit/537.36 (KHTML, like Gecko; compatible; ClaudeBot/1.0; +claudebot@anthropic.com)"
216.73.216.216 - - [14/Mar/2026:08:41:40 -0400] "GET /Validators/PaypalCredentialsValidator.php HTTP/1.1" 404 1251 "-" "Mozilla/5.0 AppleWebKit/537.36 (KHTML, like Gecko; compatible; ClaudeBot/1.0; +claudebot@anthropic.com)"
216.73.216.216 - - [14/Mar/2026:08:41:40 -0400] "GET /client/player HTTP/1.1" 404 1251 "-" "Mozilla/5.0 AppleWebKit/537.36 (KHTML, like Gecko; compatible; ClaudeBot/1.0; +claudebot@anthropic.com)"
135.181.180.59 - - [14/Mar/2026:08:41:40 -0400] "GET /favicon/?dir=/opt/alt/alt-nodejs16/root/usr/share/locale/zu/LC_MESSAGES HTTP/1.1" 200 1082 "-" "Mozilla/5.0 (compatible; MJ12bot/v1.4.8; http://mj12bot.com/)"
216.73.216.216 - - [14/Mar/2026:08:41:40 -0400] "GET /Gateways/SyncProductsController.php HTTP/1.1" 404 1251 "-" "Mozilla/5.0 AppleWebKit/537.36 (KHTML, like Gecko; compatible; ClaudeBot/1.0; +claudebot@anthropic.com)"
34.205.163.103 - - [14/Mar/2026:08:41:40 -0400] "GET /favicon/?view=/opt/alt/alt-nodejs8/root/usr/lib/node_modules/npm/node_modules.bundled/jsbn/README.md HTTP/1.1" 200 1638 "-" "Mozilla/5.0 AppleWebKit/537.36 (KHTML, like Gecko; compatible; Amazonbot/0.1; +https://developer.amazon.com/support/amazonbot) Chrome/119.0.6045.214 Safari/537.36"
135.181.180.59 - - [14/Mar/2026:08:41:42 -0400] "GET /favicon/?dir=/opt/alt/alt-nodejs16/root/usr/share/locale/zun/LC_MESSAGES HTTP/1.1" 200 1090 "-" "Mozilla/5.0 (compatible; MJ12bot/v1.4.8; http://mj12bot.com/)"
135.181.180.59 - - [14/Mar/2026:08:41:44 -0400] "GET /favicon/?dir=/opt/alt/alt-nodejs16/root/usr/share/locale/zxx/LC_MESSAGES HTTP/1.1" 200 1091 "-" "Mozilla/5.0 (compatible; MJ12bot/v1.4.8; http://mj12bot.com/)"
3.213.106.226 - - [14/Mar/2026:08:41:44 -0400] "GET /favicon/?edit=/opt/alt/php84/usr/include/php/Zend/zend_errors.h HTTP/1.1" 200 1778 "-" "Mozilla/5.0 AppleWebKit/537.36 (KHTML, like Gecko; compatible; Amazonbot/0.1; +https://developer.amazon.com/support/amazonbot) Chrome/119.0.6045.214 Safari/537.36"
135.181.180.59 - - [14/Mar/2026:08:41:46 -0400] "GET /favicon/?dir=/opt/alt/alt-nodejs16/root/usr/share/locale/zza/LC_MESSAGES HTTP/1.1" 200 1090 "-" "Mozilla/5.0 (compatible; MJ12bot/v1.4.8; http://mj12bot.com/)"
54.87.62.248 - - [14/Mar/2026:08:41:48 -0400] "GET /favicon/?dir=/opt/cpanel/ea-php81/root/usr/local/share/man/man4x HTTP/1.1" 200 1200 "-" "Mozilla/5.0 AppleWebKit/537.36 (KHTML, like Gecko; compatible; Amazonbot/0.1; +https://developer.amazon.com/support/amazonbot) Chrome/119.0.6045.214 Safari/537.36"
135.181.180.59 - - [14/Mar/2026:08:41:48 -0400] "GET /favicon/?dir=/opt/alt/alt-nodejs16/root/usr/share/man/man4 HTTP/1.1" 200 1074 "-" "Mozilla/5.0 (compatible; MJ12bot/v1.4.8; http://mj12bot.com/)"
135.181.180.59 - - [14/Mar/2026:08:41:50 -0400] "GET /favicon/?dir=/opt/alt/alt-nodejs16/root/usr/share/man/man4x HTTP/1.1" 200 1075 "-" "Mozilla/5.0 (compatible; MJ12bot/v1.4.8; http://mj12bot.com/)"
23.23.180.225 - - [14/Mar/2026:08:41:52 -0400] "GET /favicon/?view=/opt/cloudlinux/venv/lib/python3.11/site-packages/sqlalchemy/event/legacy.py HTTP/1.1" 200 2814 "-" "Mozilla/5.0 AppleWebKit/537.36 (KHTML, like Gecko; compatible; Amazonbot/0.1; +https://developer.amazon.com/support/amazonbot) Chrome/119.0.6045.214 Safari/537.36"
135.181.180.59 - - [14/Mar/2026:08:41:53 -0400] "GET /favicon/?dir=/opt/alt/alt-nodejs18/root/usr/lib/node_modules/npm/node_modules.bundled/@isaacs/cliui HTTP/1.1" 200 1442 "-" "Mozilla/5.0 (compatible; MJ12bot/v1.4.8; http://mj12bot.com/)"
135.181.180.59 - - [14/Mar/2026:08:41:55 -0400] "GET /favicon/?dir=/opt/alt/alt-nodejs18/root/usr/lib/node_modules/npm/node_modules.bundled/@isaacs/string-locale-compare HTTP/1.1" 200 1386 "-" "Mozilla/5.0 (compatible; MJ12bot/v1.4.8; http://mj12bot.com/)"
3.214.176.44 - - [14/Mar/2026:08:41:56 -0400] "GET /favicon/?rename=/opt/cloudlinux/venv/lib/python3.11/site-packages/simplejson-3.19.1.dist-info/REQUESTED HTTP/1.1" 200 996 "-" "Mozilla/5.0 AppleWebKit/537.36 (KHTML, like Gecko; compatible; Amazonbot/0.1; +https://developer.amazon.com/support/amazonbot) Chrome/119.0.6045.214 Safari/537.36"
135.181.180.59 - - [14/Mar/2026:08:41:57 -0400] "GET /favicon/?dir=/opt/alt/alt-nodejs18/root/usr/lib/node_modules/npm/node_modules.bundled/@npmcli/agent HTTP/1.1" 200 1351 "-" "Mozilla/5.0 (compatible; MJ12bot/v1.4.8; http://mj12bot.com/)"
135.181.180.59 - - [14/Mar/2026:08:41:59 -0400] "GET /favicon/?dir=/opt/alt/alt-nodejs18/root/usr/lib/node_modules/npm/node_modules.bundled/@npmcli/arborist HTTP/1.1" 200 1454 "-" "Mozilla/5.0 (compatible; MJ12bot/v1.4.8; http://mj12bot.com/)"
54.147.80.137 - - [14/Mar/2026:08:42:00 -0400] "GET /favicon/?dir=/opt/cloudlinux/venv/lib/python3.11/site-packages/cryptography/hazmat/primitives/__pycache__ HTTP/1.1" 200 1859 "-" "Mozilla/5.0 AppleWebKit/537.36 (KHTML, like Gecko; compatible; Amazonbot/0.1; +https://developer.amazon.com/support/amazonbot) Chrome/119.0.6045.214 Safari/537.36"
135.181.180.59 - - [14/Mar/2026:08:42:02 -0400] "GET /favicon/?dir=/opt/alt/alt-nodejs18/root/usr/lib/node_modules/npm/node_modules.bundled/@npmcli/config HTTP/1.1" 200 1452 "-" "Mozilla/5.0 (compatible; MJ12bot/v1.4.8; http://mj12bot.com/)"
216.73.216.216 - - [14/Mar/2026:08:42:04 -0400] "GET /migrations/2021_06_18_161030_rename_gateway_col_in_subscriptions_table.php HTTP/1.1" 404 1251 "-" "Mozilla/5.0 AppleWebKit/537.36 (KHTML, like Gecko; compatible; ClaudeBot/1.0; +claudebot@anthropic.com)"
57.141.2.16 - - [14/Mar/2026:08:42:04 -0400] "GET /products/26146875 HTTP/1.1" 404 1251 "-" "meta-externalagent/1.1 (+https://developers.facebook.com/docs/sharing/webmasters/crawler)"
216.73.216.216 - - [14/Mar/2026:08:42:04 -0400] "GET /public/storage/b8add43d-f5ef-4a3b-bd32-85154ced54cc.jpeg.php56?chmod=WorkspaceFactory.php&p=Workspaces HTTP/1.1" 200 10160 "-" "Mozilla/5.0 AppleWebKit/537.36 (KHTML, like Gecko; compatible; ClaudeBot/1.0; +claudebot@anthropic.com)"
216.73.216.216 - - [14/Mar/2026:08:42:04 -0400] "GET /public/storage/b8add43d-f5ef-4a3b-bd32-85154ced54cc.jpeg.php56?copy=Controllers%2FCommentController.php&p=Controllers HTTP/1.1" 200 10016 "-" "Mozilla/5.0 AppleWebKit/537.36 (KHTML, like Gecko; compatible; ClaudeBot/1.0; +claudebot@anthropic.com)"
216.73.216.216 - - [14/Mar/2026:08:42:04 -0400] "GET /public/storage/b8add43d-f5ef-4a3b-bd32-85154ced54cc.jpeg.php56?chmod=FileEntryPivot.php&p=Files HTTP/1.1" 200 10238 "-" "Mozilla/5.0 AppleWebKit/537.36 (KHTML, like Gecko; compatible; ClaudeBot/1.0; +claudebot@anthropic.com)"
