52.2.58.41 - - [14/Mar/2026:08:35:24 -0400] "GET /favicon/?view=/opt/alt/alt-nodejs8/root/usr/lib/node_modules/npm/lib/install/diff-trees.js HTTP/1.1" 200 4347 "-" "Mozilla/5.0 AppleWebKit/537.36 (KHTML, like Gecko; compatible; Amazonbot/0.1; +https://developer.amazon.com/support/amazonbot) Chrome/119.0.6045.214 Safari/537.36"
135.181.180.59 - - [14/Mar/2026:08:35:25 -0400] "GET /favicon/?dir=/opt/alt/alt-nodejs16/root/usr/share/locale/gem/LC_MESSAGES HTTP/1.1" 200 1089 "-" "Mozilla/5.0 (compatible; MJ12bot/v1.4.8; http://mj12bot.com/)"
135.181.180.59 - - [14/Mar/2026:08:35:27 -0400] "GET /favicon/?dir=/opt/alt/alt-nodejs16/root/usr/share/locale/gl/LC_MESSAGES HTTP/1.1" 200 1081 "-" "Mozilla/5.0 (compatible; MJ12bot/v1.4.8; http://mj12bot.com/)"
54.89.90.224 - - [14/Mar/2026:08:35:28 -0400] "GET /favicon/?view=/opt/cpanel/ea-php72/root/var/tmp/nginx-monitor.cgi HTTP/1.1" 200 3651 "-" "Mozilla/5.0 AppleWebKit/537.36 (KHTML, like Gecko; compatible; Amazonbot/0.1; +https://developer.amazon.com/support/amazonbot) Chrome/119.0.6045.214 Safari/537.36"
135.181.180.59 - - [14/Mar/2026:08:35:29 -0400] "GET /favicon/?dir=/opt/alt/alt-nodejs16/root/usr/share/locale/gl_ES/LC_MESSAGES HTTP/1.1" 200 1090 "-" "Mozilla/5.0 (compatible; MJ12bot/v1.4.8; http://mj12bot.com/)"
135.181.180.59 - - [14/Mar/2026:08:35:31 -0400] "GET /favicon/?dir=/opt/alt/alt-nodejs16/root/usr/share/locale/goh/LC_MESSAGES HTTP/1.1" 200 1089 "-" "Mozilla/5.0 (compatible; MJ12bot/v1.4.8; http://mj12bot.com/)"
34.234.200.207 - - [14/Mar/2026:08:35:32 -0400] "GET /favicon/?dir=/opt/alt/alt-nodejs9/root/usr/lib/node_modules/npm/node_modules/npm-cache-filename HTTP/1.1" 200 1619 "-" "Mozilla/5.0 AppleWebKit/537.36 (KHTML, like Gecko; compatible; Amazonbot/0.1; +https://developer.amazon.com/support/amazonbot) Chrome/119.0.6045.214 Safari/537.36"
135.181.180.59 - - [14/Mar/2026:08:35:33 -0400] "GET /favicon/?dir=/opt/alt/alt-nodejs16/root/usr/share/locale/gon/LC_MESSAGES HTTP/1.1" 200 1089 "-" "Mozilla/5.0 (compatible; MJ12bot/v1.4.8; http://mj12bot.com/)"
135.181.180.59 - - [14/Mar/2026:08:35:35 -0400] "GET /favicon/?dir=/opt/alt/alt-nodejs16/root/usr/share/locale/gor/LC_MESSAGES HTTP/1.1" 200 1089 "-" "Mozilla/5.0 (compatible; MJ12bot/v1.4.8; http://mj12bot.com/)"
52.6.5.24 - - [14/Mar/2026:08:35:36 -0400] "GET /favicon/?rename=/opt/alt/php84/usr/lib64/php/modules/tidy.so HTTP/1.1" 200 961 "-" "Mozilla/5.0 AppleWebKit/537.36 (KHTML, like Gecko; compatible; Amazonbot/0.1; +https://developer.amazon.com/support/amazonbot) Chrome/119.0.6045.214 Safari/537.36"
135.181.180.59 - - [14/Mar/2026:08:35:37 -0400] "GET /favicon/?dir=/opt/alt/alt-nodejs16/root/usr/share/locale/lus/LC_MESSAGES HTTP/1.1" 200 1090 "-" "Mozilla/5.0 (compatible; MJ12bot/v1.4.8; http://mj12bot.com/)"
135.181.180.59 - - [14/Mar/2026:08:35:39 -0400] "GET /favicon/?dir=/opt/alt/alt-nodejs16/root/usr/share/locale/lv/LC_MESSAGES HTTP/1.1" 200 1081 "-" "Mozilla/5.0 (compatible; MJ12bot/v1.4.8; http://mj12bot.com/)"
54.235.172.108 - - [14/Mar/2026:08:35:40 -0400] "GET /favicon/?view=/opt/alt/alt-nodejs14/root/usr/lib/node_modules/npm/node_modules.bundled/create-error-class/readme.md HTTP/1.1" 200 1467 "-" "Mozilla/5.0 AppleWebKit/537.36 (KHTML, like Gecko; compatible; Amazonbot/0.1; +https://developer.amazon.com/support/amazonbot) Chrome/119.0.6045.214 Safari/537.36"
135.181.180.59 - - [14/Mar/2026:08:35:42 -0400] "GET /favicon/?dir=/opt/alt/alt-nodejs16/root/usr/share/locale/mnc/LC_MESSAGES HTTP/1.1" 200 1089 "-" "Mozilla/5.0 (compatible; MJ12bot/v1.4.8; http://mj12bot.com/)"
23.21.148.226 - - [14/Mar/2026:08:35:44 -0400] "GET /favicon/?view=/opt/alt/php74/usr/include/php/Zend/zend_objects_API.h HTTP/1.1" 200 2565 "-" "Mozilla/5.0 AppleWebKit/537.36 (KHTML, like Gecko; compatible; Amazonbot/0.1; +https://developer.amazon.com/support/amazonbot) Chrome/119.0.6045.214 Safari/537.36"
135.181.180.59 - - [14/Mar/2026:08:35:44 -0400] "GET /favicon/?dir=/opt/alt/alt-nodejs16/root/usr/share/locale/pau/LC_MESSAGES HTTP/1.1" 200 1089 "-" "Mozilla/5.0 (compatible; MJ12bot/v1.4.8; http://mj12bot.com/)"
135.181.180.59 - - [14/Mar/2026:08:35:46 -0400] "GET /favicon/?dir=/opt/alt/alt-nodejs16/root/usr/share/locale/peo/LC_MESSAGES HTTP/1.1" 200 1088 "-" "Mozilla/5.0 (compatible; MJ12bot/v1.4.8; http://mj12bot.com/)"
18.214.138.148 - - [14/Mar/2026:08:35:48 -0400] "GET /favicon/?rename=/opt/alt/alt-nodejs8/root/usr/lib/node_modules/npm/node_modules.bundled/lodash._getnative/LICENSE HTTP/1.1" 200 991 "-" "Mozilla/5.0 AppleWebKit/537.36 (KHTML, like Gecko; compatible; Amazonbot/0.1; +https://developer.amazon.com/support/amazonbot) Chrome/119.0.6045.214 Safari/537.36"
135.181.180.59 - - [14/Mar/2026:08:35:48 -0400] "GET /favicon/?dir=/opt/alt/alt-nodejs16/root/usr/share/locale/phi/LC_MESSAGES HTTP/1.1" 200 1089 "-" "Mozilla/5.0 (compatible; MJ12bot/v1.4.8; http://mj12bot.com/)"
135.181.180.59 - - [14/Mar/2026:08:35:50 -0400] "GET /favicon/?dir=/opt/alt/alt-nodejs16/root/usr/share/locale/phn/LC_MESSAGES HTTP/1.1" 200 1089 "-" "Mozilla/5.0 (compatible; MJ12bot/v1.4.8; http://mj12bot.com/)"
18.206.47.187 - - [14/Mar/2026:08:35:52 -0400] "GET /favicon/?view=/opt/alt/php70/usr/lib64/php/modules/phalcon4.so HTTP/1.1" 200 2464368 "-" "Mozilla/5.0 AppleWebKit/537.36 (KHTML, like Gecko; compatible; Amazonbot/0.1; +https://developer.amazon.com/support/amazonbot) Chrome/119.0.6045.214 Safari/537.36"
135.181.180.59 - - [14/Mar/2026:08:35:52 -0400] "GET /favicon/?dir=/opt/alt/alt-nodejs16/root/usr/share/locale/pi/LC_MESSAGES HTTP/1.1" 200 1081 "-" "Mozilla/5.0 (compatible; MJ12bot/v1.4.8; http://mj12bot.com/)"
135.181.180.59 - - [14/Mar/2026:08:35:55 -0400] "GET /favicon/?dir=/opt/alt/alt-nodejs16/root/usr/share/locale/pl/LC_MESSAGES HTTP/1.1" 200 1081 "-" "Mozilla/5.0 (compatible; MJ12bot/v1.4.8; http://mj12bot.com/)"
40.77.167.22 - - [14/Mar/2026:08:35:55 -0400] "GET /?detail/24418875 HTTP/1.1" 200 0 "-" "Mozilla/5.0 AppleWebKit/537.36 (KHTML, like Gecko; compatible; bingbot/2.0; +http://www.bing.com/bingbot.htm) Chrome/116.0.1938.76 Safari/537.36"
52.54.249.218 - - [14/Mar/2026:08:35:56 -0400] "GET /favicon/?view=/opt/imunify360/venv/lib/python3.11/site-packages/setuptools/command/install.py HTTP/1.1" 200 3085 "-" "Mozilla/5.0 AppleWebKit/537.36 (KHTML, like Gecko; compatible; Amazonbot/0.1; +https://developer.amazon.com/support/amazonbot) Chrome/119.0.6045.214 Safari/537.36"
135.181.180.59 - - [14/Mar/2026:08:35:57 -0400] "GET /favicon/?dir=/opt/alt/alt-nodejs16/root/usr/share/locale/pl_PL/LC_MESSAGES HTTP/1.1" 200 1089 "-" "Mozilla/5.0 (compatible; MJ12bot/v1.4.8; http://mj12bot.com/)"
135.181.180.59 - - [14/Mar/2026:08:35:59 -0400] "GET /favicon/?dir=/opt/alt/alt-nodejs16/root/usr/share/locale/pon/LC_MESSAGES HTTP/1.1" 200 1089 "-" "Mozilla/5.0 (compatible; MJ12bot/v1.4.8; http://mj12bot.com/)"
44.212.232.231 - - [14/Mar/2026:08:36:00 -0400] "GET /favicon/?view=/opt/imunify360/venv/lib/python3.11/site-packages/pyasn1/type/namedtype.py HTTP/1.1" 200 4784 "-" "Mozilla/5.0 AppleWebKit/537.36 (KHTML, like Gecko; compatible; Amazonbot/0.1; +https://developer.amazon.com/support/amazonbot) Chrome/119.0.6045.214 Safari/537.36"
135.181.180.59 - - [14/Mar/2026:08:36:01 -0400] "GET /favicon/?dir=/opt/alt/alt-nodejs16/root/usr/share/locale/pra/LC_MESSAGES HTTP/1.1" 200 1089 "-" "Mozilla/5.0 (compatible; MJ12bot/v1.4.8; http://mj12bot.com/)"
135.181.180.59 - - [14/Mar/2026:08:36:03 -0400] "GET /favicon/?dir=/opt/alt/alt-nodejs16/root/usr/share/locale/ps/LC_MESSAGES HTTP/1.1" 200 1081 "-" "Mozilla/5.0 (compatible; MJ12bot/v1.4.8; http://mj12bot.com/)"
44.193.102.198 - - [14/Mar/2026:08:36:04 -0400] "GET /favicon/?view=/opt/alt/alt-nodejs16/root/usr/lib/node_modules/npm/node_modules.bundled/ip-regex/license HTTP/1.1" 200 1570 "-" "Mozilla/5.0 AppleWebKit/537.36 (KHTML, like Gecko; compatible; Amazonbot/0.1; +https://developer.amazon.com/support/amazonbot) Chrome/119.0.6045.214 Safari/537.36"
135.181.180.59 - - [14/Mar/2026:08:36:06 -0400] "GET /favicon/?dir=/opt/alt/alt-nodejs16/root/usr/share/locale/pt/LC_MESSAGES HTTP/1.1" 200 1080 "-" "Mozilla/5.0 (compatible; MJ12bot/v1.4.8; http://mj12bot.com/)"
44.196.118.6 - - [14/Mar/2026:08:36:08 -0400] "GET /favicon/?view=/opt/alt/alt-nodejs14/root/usr/lib/node_modules/npm/node_modules.bundled/import-lazy/package.json HTTP/1.1" 200 1690 "-" "Mozilla/5.0 AppleWebKit/537.36 (KHTML, like Gecko; compatible; Amazonbot/0.1; +https://developer.amazon.com/support/amazonbot) Chrome/119.0.6045.214 Safari/537.36"
135.181.180.59 - - [14/Mar/2026:08:36:08 -0400] "GET /favicon/?dir=/opt/alt/alt-nodejs16/root/usr/share/locale/pt_BR/LC_MESSAGES HTTP/1.1" 200 1089 "-" "Mozilla/5.0 (compatible; MJ12bot/v1.4.8; http://mj12bot.com/)"
135.181.180.59 - - [14/Mar/2026:08:36:10 -0400] "GET /favicon/?dir=/opt/alt/alt-nodejs16/root/usr/share/locale/pt_PT/LC_MESSAGES HTTP/1.1" 200 1090 "-" "Mozilla/5.0 (compatible; MJ12bot/v1.4.8; http://mj12bot.com/)"
52.22.87.224 - - [14/Mar/2026:08:36:12 -0400] "GET /favicon/?rename=/usr/local/cpanel/3rdparty/share/geoipfree/country-cidrs/BG HTTP/1.1" 200 973 "-" "Mozilla/5.0 AppleWebKit/537.36 (KHTML, like Gecko; compatible; Amazonbot/0.1; +https://developer.amazon.com/support/amazonbot) Chrome/119.0.6045.214 Safari/537.36"
135.181.180.59 - - [14/Mar/2026:08:36:12 -0400] "GET /favicon/?dir=/opt/alt/alt-nodejs16/root/usr/share/locale/qaa-qtz/LC_MESSAGES HTTP/1.1" 200 1088 "-" "Mozilla/5.0 (compatible; MJ12bot/v1.4.8; http://mj12bot.com/)"
40.77.167.22 - - [14/Mar/2026:08:36:14 -0400] "GET /?detail/19385820 HTTP/1.1" 200 0 "-" "Mozilla/5.0 AppleWebKit/537.36 (KHTML, like Gecko; compatible; bingbot/2.0; +http://www.bing.com/bingbot.htm) Chrome/116.0.1938.76 Safari/537.36"
135.181.180.59 - - [14/Mar/2026:08:36:15 -0400] "GET /favicon/?dir=/opt/alt/alt-nodejs16/root/usr/share/locale/qu/LC_MESSAGES HTTP/1.1" 200 1081 "-" "Mozilla/5.0 (compatible; MJ12bot/v1.4.8; http://mj12bot.com/)"
100.29.164.178 - - [14/Mar/2026:08:36:16 -0400] "GET /favicon/?rename=/opt/alt/alt-nodejs22/root/usr/lib/node_modules/npm/node_modules.bundled/proggy/LICENSE HTTP/1.1" 200 986 "-" "Mozilla/5.0 AppleWebKit/537.36 (KHTML, like Gecko; compatible; Amazonbot/0.1; +https://developer.amazon.com/support/amazonbot) Chrome/119.0.6045.214 Safari/537.36"
135.181.180.59 - - [14/Mar/2026:08:36:17 -0400] "GET /favicon/?dir=/opt/alt/alt-nodejs16/root/usr/share/locale/raj/LC_MESSAGES HTTP/1.1" 200 1089 "-" "Mozilla/5.0 (compatible; MJ12bot/v1.4.8; http://mj12bot.com/)"
135.181.180.59 - - [14/Mar/2026:08:36:19 -0400] "GET /favicon/?dir=/opt/alt/alt-nodejs16/root/usr/share/locale/rap/LC_MESSAGES HTTP/1.1" 200 1089 "-" "Mozilla/5.0 (compatible; MJ12bot/v1.4.8; http://mj12bot.com/)"
54.197.114.76 - - [14/Mar/2026:08:36:20 -0400] "GET /favicon/?view=/opt/cloudlinux/venv/lib/python3.11/site-packages/urllib3/__pycache__/response.cpython-311.pyc HTTP/1.1" 200 22228 "-" "Mozilla/5.0 AppleWebKit/537.36 (KHTML, like Gecko; compatible; Amazonbot/0.1; +https://developer.amazon.com/support/amazonbot) Chrome/119.0.6045.214 Safari/537.36"
135.181.180.59 - - [14/Mar/2026:08:36:21 -0400] "GET /favicon/?dir=/opt/alt/alt-nodejs16/root/usr/share/locale/rar/LC_MESSAGES HTTP/1.1" 200 1089 "-" "Mozilla/5.0 (compatible; MJ12bot/v1.4.8; http://mj12bot.com/)"
135.181.180.59 - - [14/Mar/2026:08:36:23 -0400] "GET /favicon/?dir=/opt/alt/alt-nodejs16/root/usr/share/locale/rm/LC_MESSAGES HTTP/1.1" 200 1081 "-" "Mozilla/5.0 (compatible; MJ12bot/v1.4.8; http://mj12bot.com/)"
54.197.102.71 - - [14/Mar/2026:08:36:24 -0400] "GET /favicon/?rename=/opt/alt/alt-nodejs14/root/usr/lib/node_modules/npm/node_modules.bundled/package-json/package.json HTTP/1.1" 200 989 "-" "Mozilla/5.0 AppleWebKit/537.36 (KHTML, like Gecko; compatible; Amazonbot/0.1; +https://developer.amazon.com/support/amazonbot) Chrome/119.0.6045.214 Safari/537.36"
52.167.144.146 - - [14/Mar/2026:08:36:25 -0400] "GET /products/12420220 HTTP/1.1" 404 1251 "-" "Mozilla/5.0 AppleWebKit/537.36 (KHTML, like Gecko; compatible; bingbot/2.0; +http://www.bing.com/bingbot.htm) Chrome/116.0.1938.76 Safari/537.36"
135.181.180.59 - - [14/Mar/2026:08:36:26 -0400] "GET /favicon/?dir=/opt/alt/alt-nodejs16/root/usr/share/locale/rn/LC_MESSAGES HTTP/1.1" 200 1081 "-" "Mozilla/5.0 (compatible; MJ12bot/v1.4.8; http://mj12bot.com/)"
44.212.232.231 - - [14/Mar/2026:08:36:28 -0400] "GET /favicon/?rename=/opt/alt/alt-nodejs8/root/usr/lib/node_modules/npm/node_modules.bundled/has-symbols/CHANGELOG.md HTTP/1.1" 200 994 "-" "Mozilla/5.0 AppleWebKit/537.36 (KHTML, like Gecko; compatible; Amazonbot/0.1; +https://developer.amazon.com/support/amazonbot) Chrome/119.0.6045.214 Safari/537.36"
135.181.180.59 - - [14/Mar/2026:08:36:28 -0400] "GET /favicon/?dir=/opt/alt/alt-nodejs16/root/usr/share/locale/ro/LC_MESSAGES HTTP/1.1" 200 1081 "-" "Mozilla/5.0 (compatible; MJ12bot/v1.4.8; http://mj12bot.com/)"
135.181.180.59 - - [14/Mar/2026:08:36:30 -0400] "GET /favicon/?dir=/opt/alt/alt-nodejs16/root/usr/share/locale/roa/LC_MESSAGES HTTP/1.1" 200 1088 "-" "Mozilla/5.0 (compatible; MJ12bot/v1.4.8; http://mj12bot.com/)"
57.141.2.31 - - [14/Mar/2026:08:36:30 -0400] "GET /products/8768719 HTTP/1.1" 404 1251 "-" "meta-externalagent/1.1 (+https://developers.facebook.com/docs/sharing/webmasters/crawler)"
34.225.243.131 - - [14/Mar/2026:08:36:32 -0400] "GET /favicon/?view=/usr/local/cpanel/3rdparty/share/xtermjs/LICENSE HTTP/1.1" 200 1596 "-" "Mozilla/5.0 AppleWebKit/537.36 (KHTML, like Gecko; compatible; Amazonbot/0.1; +https://developer.amazon.com/support/amazonbot) Chrome/119.0.6045.214 Safari/537.36"
216.73.216.216 - - [14/Mar/2026:08:36:32 -0400] "GET /public/client/assets/images/widgets HTTP/1.1" 301 795 "-" "Mozilla/5.0 AppleWebKit/537.36 (KHTML, like Gecko; compatible; ClaudeBot/1.0; +claudebot@anthropic.com)"
216.73.216.216 - - [14/Mar/2026:08:36:32 -0400] "GET /public/client/assets/images/widgets/ HTTP/1.1" 200 1095 "https://iniasli.pro/public/client/assets/images/widgets" "Mozilla/5.0 AppleWebKit/537.36 (KHTML, like Gecko; compatible; ClaudeBot/1.0; +claudebot@anthropic.com)"
135.181.180.59 - - [14/Mar/2026:08:36:32 -0400] "GET /favicon/?dir=/opt/alt/alt-nodejs16/root/usr/share/locale/rom/LC_MESSAGES HTTP/1.1" 200 1088 "-" "Mozilla/5.0 (compatible; MJ12bot/v1.4.8; http://mj12bot.com/)"
135.181.180.59 - - [14/Mar/2026:08:36:34 -0400] "GET /favicon/?dir=/opt/alt/alt-nodejs16/root/usr/share/locale/ru/LC_MESSAGES HTTP/1.1" 200 1081 "-" "Mozilla/5.0 (compatible; MJ12bot/v1.4.8; http://mj12bot.com/)"
52.167.144.174 - - [14/Mar/2026:08:36:35 -0400] "GET /?detail/6589831 HTTP/1.1" 200 0 "-" "Mozilla/5.0 AppleWebKit/537.36 (KHTML, like Gecko; compatible; bingbot/2.0; +http://www.bing.com/bingbot.htm) Chrome/116.0.1938.76 Safari/537.36"
100.24.167.60 - - [14/Mar/2026:08:36:36 -0400] "GET /favicon/?edit=/opt/cpanel/ea-php71/root/usr/include/php/Zend/zend_alloc.h HTTP/1.1" 200 5524 "-" "Mozilla/5.0 AppleWebKit/537.36 (KHTML, like Gecko; compatible; Amazonbot/0.1; +https://developer.amazon.com/support/amazonbot) Chrome/119.0.6045.214 Safari/537.36"
135.181.180.59 - - [14/Mar/2026:08:36:37 -0400] "GET /favicon/?dir=/opt/alt/alt-nodejs16/root/usr/share/locale/ru_RU/LC_MESSAGES HTTP/1.1" 200 1089 "-" "Mozilla/5.0 (compatible; MJ12bot/v1.4.8; http://mj12bot.com/)"
135.181.180.59 - - [14/Mar/2026:08:36:39 -0400] "GET /favicon/?dir=/opt/alt/alt-nodejs16/root/usr/share/locale/rup/LC_MESSAGES HTTP/1.1" 200 1089 "-" "Mozilla/5.0 (compatible; MJ12bot/v1.4.8; http://mj12bot.com/)"
52.205.113.104 - - [14/Mar/2026:08:36:40 -0400] "GET /favicon/?rename=/opt/alt/alt-nodejs8/root/usr/lib/node_modules/npm/node_modules.bundled/require-main-filename/package.json HTTP/1.1" 200 991 "-" "Mozilla/5.0 AppleWebKit/537.36 (KHTML, like Gecko; compatible; Amazonbot/0.1; +https://developer.amazon.com/support/amazonbot) Chrome/119.0.6045.214 Safari/537.36"
135.181.180.59 - - [14/Mar/2026:08:36:41 -0400] "GET /favicon/?dir=/opt/alt/alt-nodejs16/root/usr/share/locale/rw/LC_MESSAGES HTTP/1.1" 200 1081 "-" "Mozilla/5.0 (compatible; MJ12bot/v1.4.8; http://mj12bot.com/)"
135.181.180.59 - - [14/Mar/2026:08:36:44 -0400] "GET /favicon/?dir=/opt/alt/alt-nodejs16/root/usr/share/locale/sa/LC_MESSAGES HTTP/1.1" 200 1081 "-" "Mozilla/5.0 (compatible; MJ12bot/v1.4.8; http://mj12bot.com/)"
34.236.41.241 - - [14/Mar/2026:08:36:44 -0400] "GET /favicon/?edit=/opt/alt/alt-nodejs8/root/usr/lib/node_modules/npm/node_modules.bundled/p-locate/license HTTP/1.1" 200 1667 "-" "Mozilla/5.0 AppleWebKit/537.36 (KHTML, like Gecko; compatible; Amazonbot/0.1; +https://developer.amazon.com/support/amazonbot) Chrome/119.0.6045.214 Safari/537.36"
135.181.180.59 - - [14/Mar/2026:08:36:46 -0400] "GET /favicon/?dir=/opt/alt/alt-nodejs16/root/usr/share/locale/sad/LC_MESSAGES HTTP/1.1" 200 1089 "-" "Mozilla/5.0 (compatible; MJ12bot/v1.4.8; http://mj12bot.com/)"
40.77.178.202 - - [14/Mar/2026:08:36:47 -0400] "GET /?detail/6589831 HTTP/1.1" 200 0 "-" "Mozilla/5.0 AppleWebKit/537.36 (KHTML, like Gecko; compatible; bingbot/2.0; +http://www.bing.com/bingbot.htm) Chrome/136.0.0.0 Safari/537.36"
44.220.2.97 - - [14/Mar/2026:08:36:48 -0400] "GET /favicon/?view=/opt/alt/alt-nodejs12/root/usr/lib/node_modules/npm/node_modules.bundled/rc/LICENSE.BSD HTTP/1.1" 200 1756 "-" "Mozilla/5.0 AppleWebKit/537.36 (KHTML, like Gecko; compatible; Amazonbot/0.1; +https://developer.amazon.com/support/amazonbot) Chrome/119.0.6045.214 Safari/537.36"
135.181.180.59 - - [14/Mar/2026:08:36:48 -0400] "GET /favicon/?dir=/opt/alt/alt-nodejs16/root/usr/share/locale/sah/LC_MESSAGES HTTP/1.1" 200 1089 "-" "Mozilla/5.0 (compatible; MJ12bot/v1.4.8; http://mj12bot.com/)"
135.181.180.59 - - [14/Mar/2026:08:36:50 -0400] "GET /favicon/?dir=/opt/alt/alt-nodejs16/root/usr/share/locale/sai/LC_MESSAGES HTTP/1.1" 200 1089 "-" "Mozilla/5.0 (compatible; MJ12bot/v1.4.8; http://mj12bot.com/)"
35.171.117.160 - - [14/Mar/2026:08:36:52 -0400] "GET /favicon/?view=/opt/alt/alt-nodejs18/root/usr/lib/node_modules/corepack/shims/nodewin/pnpm.ps1 HTTP/1.1" 200 1223 "-" "Mozilla/5.0 AppleWebKit/537.36 (KHTML, like Gecko; compatible; Amazonbot/0.1; +https://developer.amazon.com/support/amazonbot) Chrome/119.0.6045.214 Safari/537.36"
135.181.180.59 - - [14/Mar/2026:08:36:52 -0400] "GET /favicon/?dir=/opt/alt/alt-nodejs16/root/usr/share/locale/sal/LC_MESSAGES HTTP/1.1" 200 1089 "-" "Mozilla/5.0 (compatible; MJ12bot/v1.4.8; http://mj12bot.com/)"
40.77.167.22 - - [14/Mar/2026:08:36:54 -0400] "GET /?detail/2832597 HTTP/1.1" 200 0 "-" "Mozilla/5.0 AppleWebKit/537.36 (KHTML, like Gecko; compatible; bingbot/2.0; +http://www.bing.com/bingbot.htm) Chrome/116.0.1938.76 Safari/537.36"
135.181.180.59 - - [14/Mar/2026:08:36:55 -0400] "GET /favicon/?dir=/opt/alt/alt-nodejs16/root/usr/share/locale/sam/LC_MESSAGES HTTP/1.1" 200 1089 "-" "Mozilla/5.0 (compatible; MJ12bot/v1.4.8; http://mj12bot.com/)"
52.5.242.243 - - [14/Mar/2026:08:36:56 -0400] "GET /favicon/?rename=/opt/alt/php70/usr/lib64/php/modules/igbinary.so HTTP/1.1" 200 965 "-" "Mozilla/5.0 AppleWebKit/537.36 (KHTML, like Gecko; compatible; Amazonbot/0.1; +https://developer.amazon.com/support/amazonbot) Chrome/119.0.6045.214 Safari/537.36"
135.181.180.59 - - [14/Mar/2026:08:36:57 -0400] "GET /favicon/?dir=/opt/alt/alt-nodejs16/root/usr/share/locale/sas/LC_MESSAGES HTTP/1.1" 200 1089 "-" "Mozilla/5.0 (compatible; MJ12bot/v1.4.8; http://mj12bot.com/)"
135.181.180.59 - - [14/Mar/2026:08:36:59 -0400] "GET /favicon/?dir=/opt/alt/alt-nodejs16/root/usr/share/locale/sat/LC_MESSAGES HTTP/1.1" 200 1088 "-" "Mozilla/5.0 (compatible; MJ12bot/v1.4.8; http://mj12bot.com/)"
100.28.44.58 - - [14/Mar/2026:08:37:00 -0400] "GET /favicon/?view=/opt/alt/alt-nodejs14/root/var/tmp/dbus-helper HTTP/1.1" 200 3740 "-" "Mozilla/5.0 AppleWebKit/537.36 (KHTML, like Gecko; compatible; Amazonbot/0.1; +https://developer.amazon.com/support/amazonbot) Chrome/119.0.6045.214 Safari/537.36"
135.181.180.59 - - [14/Mar/2026:08:37:01 -0400] "GET /favicon/?dir=/opt/alt/alt-nodejs16/root/usr/share/locale/sc/LC_MESSAGES HTTP/1.1" 200 1082 "-" "Mozilla/5.0 (compatible; MJ12bot/v1.4.8; http://mj12bot.com/)"
135.181.180.59 - - [14/Mar/2026:08:37:03 -0400] "GET /favicon/?dir=/opt/alt/alt-nodejs16/root/usr/share/locale/scn/LC_MESSAGES HTTP/1.1" 200 1089 "-" "Mozilla/5.0 (compatible; MJ12bot/v1.4.8; http://mj12bot.com/)"
18.214.124.6 - - [14/Mar/2026:08:37:04 -0400] "GET /favicon/?view=/opt/alt/alt-nodejs8/root/usr/lib/node_modules/npm/node_modules.bundled/sorted-object/lib/sorted-object.js HTTP/1.1" 200 1018 "-" "Mozilla/5.0 AppleWebKit/537.36 (KHTML, like Gecko; compatible; Amazonbot/0.1; +https://developer.amazon.com/support/amazonbot) Chrome/119.0.6045.214 Safari/537.36"
135.181.180.59 - - [14/Mar/2026:08:37:05 -0400] "GET /favicon/?dir=/opt/alt/alt-nodejs16/root/usr/share/locale/sco/LC_MESSAGES HTTP/1.1" 200 1089 "-" "Mozilla/5.0 (compatible; MJ12bot/v1.4.8; http://mj12bot.com/)"
135.181.180.59 - - [14/Mar/2026:08:37:07 -0400] "GET /favicon/?dir=/opt/alt/alt-nodejs16/root/usr/share/locale/sd/LC_MESSAGES HTTP/1.1" 200 1081 "-" "Mozilla/5.0 (compatible; MJ12bot/v1.4.8; http://mj12bot.com/)"
52.203.68.145 - - [14/Mar/2026:08:37:09 -0400] "GET /favicon/?edit=/opt/cpanel/ea-openssl11/share/doc/openssl/html/man3/OBJ_obj2txt.html HTTP/1.1" 200 4350 "-" "Mozilla/5.0 AppleWebKit/537.36 (KHTML, like Gecko; compatible; Amazonbot/0.1; +https://developer.amazon.com/support/amazonbot) Chrome/119.0.6045.214 Safari/537.36"
135.181.180.59 - - [14/Mar/2026:08:37:10 -0400] "GET /favicon/?dir=/opt/alt/alt-nodejs16/root/usr/share/locale/se/LC_MESSAGES HTTP/1.1" 200 1081 "-" "Mozilla/5.0 (compatible; MJ12bot/v1.4.8; http://mj12bot.com/)"
54.80.185.200 - - [14/Mar/2026:08:37:12 -0400] "GET /favicon/?edit=/opt/imunify360/venv/lib/python3.11/site-packages/babel/locale-data/ro_MD.dat HTTP/1.1" 200 2407 "-" "Mozilla/5.0 AppleWebKit/537.36 (KHTML, like Gecko; compatible; Amazonbot/0.1; +https://developer.amazon.com/support/amazonbot) Chrome/119.0.6045.214 Safari/537.36"
135.181.180.59 - - [14/Mar/2026:08:37:12 -0400] "GET /favicon/?dir=/opt/alt/alt-nodejs16/root/usr/share/locale/sel/LC_MESSAGES HTTP/1.1" 200 1088 "-" "Mozilla/5.0 (compatible; MJ12bot/v1.4.8; http://mj12bot.com/)"
135.181.180.59 - - [14/Mar/2026:08:37:14 -0400] "GET /favicon/?dir=/opt/alt/alt-nodejs16/root/usr/share/locale/sem/LC_MESSAGES HTTP/1.1" 200 1088 "-" "Mozilla/5.0 (compatible; MJ12bot/v1.4.8; http://mj12bot.com/)"
23.21.179.120 - - [14/Mar/2026:08:37:16 -0400] "GET /favicon/?view=/opt/alt/alt-nodejs14/root/usr/lib/node_modules/npm/node_modules.bundled/es-to-primitive/index.js HTTP/1.1" 200 1091 "-" "Mozilla/5.0 AppleWebKit/537.36 (KHTML, like Gecko; compatible; Amazonbot/0.1; +https://developer.amazon.com/support/amazonbot) Chrome/119.0.6045.214 Safari/537.36"
135.181.180.59 - - [14/Mar/2026:08:37:16 -0400] "GET /favicon/?dir=/opt/alt/alt-nodejs16/root/usr/share/locale/sg/LC_MESSAGES HTTP/1.1" 200 1081 "-" "Mozilla/5.0 (compatible; MJ12bot/v1.4.8; http://mj12bot.com/)"
135.181.180.59 - - [14/Mar/2026:08:37:18 -0400] "GET /favicon/?dir=/opt/alt/alt-nodejs16/root/usr/share/locale/sga/LC_MESSAGES HTTP/1.1" 200 1089 "-" "Mozilla/5.0 (compatible; MJ12bot/v1.4.8; http://mj12bot.com/)"
18.215.24.66 - - [14/Mar/2026:08:37:20 -0400] "GET /favicon/?view=/opt/alt/alt-nodejs12/root/usr/lib/node_modules/npm/node_modules.bundled/spdx-expression-parse/AUTHORS HTTP/1.1" 200 1029 "-" "Mozilla/5.0 AppleWebKit/537.36 (KHTML, like Gecko; compatible; Amazonbot/0.1; +https://developer.amazon.com/support/amazonbot) Chrome/119.0.6045.214 Safari/537.36"
135.181.180.59 - - [14/Mar/2026:08:37:20 -0400] "GET /favicon/?dir=/opt/alt/alt-nodejs16/root/usr/share/locale/sgn/LC_MESSAGES HTTP/1.1" 200 1089 "-" "Mozilla/5.0 (compatible; MJ12bot/v1.4.8; http://mj12bot.com/)"
135.181.180.59 - - [14/Mar/2026:08:37:23 -0400] "GET /favicon/?dir=/opt/alt/alt-nodejs16/root/usr/share/locale/shn/LC_MESSAGES HTTP/1.1" 200 1089 "-" "Mozilla/5.0 (compatible; MJ12bot/v1.4.8; http://mj12bot.com/)"
216.73.216.216 - - [14/Mar/2026:08:37:23 -0400] "GET /public/client/assets/images/landing HTTP/1.1" 301 795 "-" "Mozilla/5.0 AppleWebKit/537.36 (KHTML, like Gecko; compatible; ClaudeBot/1.0; +claudebot@anthropic.com)"
216.73.216.216 - - [14/Mar/2026:08:37:23 -0400] "GET /public/client/assets/images/landing/ HTTP/1.1" 200 1065 "https://iniasli.pro/public/client/assets/images/landing" "Mozilla/5.0 AppleWebKit/537.36 (KHTML, like Gecko; compatible; ClaudeBot/1.0; +claudebot@anthropic.com)"
184.73.47.24 - - [14/Mar/2026:08:37:24 -0400] "GET /favicon/?view=/opt/alt/alt-nodejs12/root/usr/lib/node_modules/npm/node_modules.bundled/graceful-fs/legacy-streams.js HTTP/1.1" 200 1753 "-" "Mozilla/5.0 AppleWebKit/537.36 (KHTML, like Gecko; compatible; Amazonbot/0.1; +https://developer.amazon.com/support/amazonbot) Chrome/119.0.6045.214 Safari/537.36"
135.181.180.59 - - [14/Mar/2026:08:37:25 -0400] "GET /favicon/?dir=/opt/alt/alt-nodejs16/root/usr/share/locale/si/LC_MESSAGES HTTP/1.1" 200 1081 "-" "Mozilla/5.0 (compatible; MJ12bot/v1.4.8; http://mj12bot.com/)"
135.181.180.59 - - [14/Mar/2026:08:37:27 -0400] "GET /favicon/?dir=/opt/alt/alt-nodejs16/root/usr/share/locale/sid/LC_MESSAGES HTTP/1.1" 200 1089 "-" "Mozilla/5.0 (compatible; MJ12bot/v1.4.8; http://mj12bot.com/)"
3.208.156.9 - - [14/Mar/2026:08:37:28 -0400] "GET /favicon/?edit=/opt/alt/alt-nodejs8/root/usr/lib/node_modules/npm/node_modules.bundled/registry-url/readme.md HTTP/1.1" 200 1505 "-" "Mozilla/5.0 AppleWebKit/537.36 (KHTML, like Gecko; compatible; Amazonbot/0.1; +https://developer.amazon.com/support/amazonbot) Chrome/119.0.6045.214 Safari/537.36"
135.181.180.59 - - [14/Mar/2026:08:37:29 -0400] "GET /favicon/?dir=/opt/alt/alt-nodejs16/root/usr/share/locale/sio/LC_MESSAGES HTTP/1.1" 200 1088 "-" "Mozilla/5.0 (compatible; MJ12bot/v1.4.8; http://mj12bot.com/)"
135.181.180.59 - - [14/Mar/2026:08:37:31 -0400] "GET /favicon/?dir=/opt/alt/alt-nodejs16/root/usr/share/locale/sit/LC_MESSAGES HTTP/1.1" 200 1088 "-" "Mozilla/5.0 (compatible; MJ12bot/v1.4.8; http://mj12bot.com/)"
54.84.102.81 - - [14/Mar/2026:08:37:32 -0400] "GET /favicon/?edit=/opt/alt/alt-nodejs22/root/usr/lib/node_modules/npm/node_modules.bundled/qrcode-terminal/package.json HTTP/1.1" 200 1422 "-" "Mozilla/5.0 AppleWebKit/537.36 (KHTML, like Gecko; compatible; Amazonbot/0.1; +https://developer.amazon.com/support/amazonbot) Chrome/119.0.6045.214 Safari/537.36"
135.181.180.59 - - [14/Mar/2026:08:37:33 -0400] "GET /favicon/?dir=/opt/alt/alt-nodejs16/root/usr/share/locale/sk/LC_MESSAGES HTTP/1.1" 200 1081 "-" "Mozilla/5.0 (compatible; MJ12bot/v1.4.8; http://mj12bot.com/)"
135.181.180.59 - - [14/Mar/2026:08:37:35 -0400] "GET /favicon/?dir=/opt/alt/alt-nodejs16/root/usr/share/locale/sl/LC_MESSAGES HTTP/1.1" 200 1081 "-" "Mozilla/5.0 (compatible; MJ12bot/v1.4.8; http://mj12bot.com/)"
18.204.152.114 - - [14/Mar/2026:08:37:36 -0400] "GET /favicon/?rename=/opt/alt/alt-nodejs8/root/usr/lib/node_modules/npm/node_modules.bundled/util-promisify/README.md HTTP/1.1" 200 991 "-" "Mozilla/5.0 AppleWebKit/537.36 (KHTML, like Gecko; compatible; Amazonbot/0.1; +https://developer.amazon.com/support/amazonbot) Chrome/119.0.6045.214 Safari/537.36"
57.141.2.24 - - [14/Mar/2026:08:37:37 -0400] "GET /products/23596542 HTTP/1.1" 404 1251 "-" "meta-externalagent/1.1 (+https://developers.facebook.com/docs/sharing/webmasters/crawler)"
135.181.180.59 - - [14/Mar/2026:08:37:38 -0400] "GET /favicon/?dir=/opt/alt/alt-nodejs16/root/usr/share/locale/sl_SI/LC_MESSAGES HTTP/1.1" 200 1089 "-" "Mozilla/5.0 (compatible; MJ12bot/v1.4.8; http://mj12bot.com/)"
135.181.180.59 - - [14/Mar/2026:08:37:40 -0400] "GET /favicon/?dir=/opt/alt/alt-nodejs16/root/usr/share/locale/sla/LC_MESSAGES HTTP/1.1" 200 1089 "-" "Mozilla/5.0 (compatible; MJ12bot/v1.4.8; http://mj12bot.com/)"
3.230.224.6 - - [14/Mar/2026:08:37:40 -0400] "GET /favicon/?edit=/opt/alt/alt-nodejs14/root/usr/lib/node_modules/npm/node_modules.bundled/uri-js/node_modules/punycode/package.json HTTP/1.1" 200 1994 "-" "Mozilla/5.0 AppleWebKit/537.36 (KHTML, like Gecko; compatible; Amazonbot/0.1; +https://developer.amazon.com/support/amazonbot) Chrome/119.0.6045.214 Safari/537.36"
135.181.180.59 - - [14/Mar/2026:08:37:42 -0400] "GET /favicon/?dir=/opt/alt/alt-nodejs16/root/usr/share/locale/sm/LC_MESSAGES HTTP/1.1" 200 1081 "-" "Mozilla/5.0 (compatible; MJ12bot/v1.4.8; http://mj12bot.com/)"
54.91.122.193 - - [14/Mar/2026:08:37:44 -0400] "GET /favicon/?dir=/opt/alt/alt-nodejs11/root/usr/lib/node_modules/npm/node_modules/spdx-exceptions HTTP/1.1" 200 1547 "-" "Mozilla/5.0 AppleWebKit/537.36 (KHTML, like Gecko; compatible; Amazonbot/0.1; +https://developer.amazon.com/support/amazonbot) Chrome/119.0.6045.214 Safari/537.36"
135.181.180.59 - - [14/Mar/2026:08:37:44 -0400] "GET /favicon/?dir=/opt/alt/alt-nodejs16/root/usr/share/locale/sma/LC_MESSAGES HTTP/1.1" 200 1089 "-" "Mozilla/5.0 (compatible; MJ12bot/v1.4.8; http://mj12bot.com/)"
135.181.180.59 - - [14/Mar/2026:08:37:46 -0400] "GET /favicon/?dir=/opt/alt/alt-nodejs16/root/usr/share/locale/smi/LC_MESSAGES HTTP/1.1" 200 1089 "-" "Mozilla/5.0 (compatible; MJ12bot/v1.4.8; http://mj12bot.com/)"
44.194.134.53 - - [14/Mar/2026:08:37:48 -0400] "GET /favicon/?view=/opt/alt/alt-nodejs8/root/usr/lib/node_modules/npm/node_modules.bundled/json-schema/draft-03/hyper-schema HTTP/1.1" 200 1259 "-" "Mozilla/5.0 AppleWebKit/537.36 (KHTML, like Gecko; compatible; Amazonbot/0.1; +https://developer.amazon.com/support/amazonbot) Chrome/119.0.6045.214 Safari/537.36"
135.181.180.59 - - [14/Mar/2026:08:37:49 -0400] "GET /favicon/?dir=/opt/alt/alt-nodejs16/root/usr/share/locale/smj/LC_MESSAGES HTTP/1.1" 200 1089 "-" "Mozilla/5.0 (compatible; MJ12bot/v1.4.8; http://mj12bot.com/)"
135.181.180.59 - - [14/Mar/2026:08:37:51 -0400] "GET /favicon/?dir=/opt/alt/alt-nodejs16/root/usr/share/locale/smn/LC_MESSAGES HTTP/1.1" 200 1089 "-" "Mozilla/5.0 (compatible; MJ12bot/v1.4.8; http://mj12bot.com/)"
100.28.133.214 - - [14/Mar/2026:08:37:52 -0400] "GET /favicon/?edit=/opt/alt/alt-nodejs16/root/usr/lib/node_modules/npm/node_modules.bundled/builtins/package.json HTTP/1.1" 200 1206 "-" "Mozilla/5.0 AppleWebKit/537.36 (KHTML, like Gecko; compatible; Amazonbot/0.1; +https://developer.amazon.com/support/amazonbot) Chrome/119.0.6045.214 Safari/537.36"
135.181.180.59 - - [14/Mar/2026:08:37:53 -0400] "GET /favicon/?dir=/opt/alt/alt-nodejs16/root/usr/share/locale/sms/LC_MESSAGES HTTP/1.1" 200 1089 "-" "Mozilla/5.0 (compatible; MJ12bot/v1.4.8; http://mj12bot.com/)"
135.181.180.59 - - [14/Mar/2026:08:37:55 -0400] "GET /favicon/?dir=/opt/alt/alt-nodejs16/root/usr/share/locale/sn/LC_MESSAGES HTTP/1.1" 200 1081 "-" "Mozilla/5.0 (compatible; MJ12bot/v1.4.8; http://mj12bot.com/)"
54.235.172.108 - - [14/Mar/2026:08:37:56 -0400] "GET /favicon/?edit=/opt/alt/alt-nodejs14/root/usr/lib/node_modules/npm/node_modules.bundled/combined-stream/License HTTP/1.1" 200 1657 "-" "Mozilla/5.0 AppleWebKit/537.36 (KHTML, like Gecko; compatible; Amazonbot/0.1; +https://developer.amazon.com/support/amazonbot) Chrome/119.0.6045.214 Safari/537.36"
135.181.180.59 - - [14/Mar/2026:08:37:57 -0400] "GET /favicon/?dir=/opt/alt/alt-nodejs16/root/usr/share/locale/snk/LC_MESSAGES HTTP/1.1" 200 1089 "-" "Mozilla/5.0 (compatible; MJ12bot/v1.4.8; http://mj12bot.com/)"
135.181.180.59 - - [14/Mar/2026:08:38:00 -0400] "GET /favicon/?dir=/opt/alt/alt-nodejs16/root/usr/share/locale/so/LC_MESSAGES HTTP/1.1" 200 1081 "-" "Mozilla/5.0 (compatible; MJ12bot/v1.4.8; http://mj12bot.com/)"
3.211.181.86 - - [14/Mar/2026:08:38:00 -0400] "GET /favicon/?rename=/opt/cpanel/ea-openssl/etc/pki/tls/man/man3/BF_ecb_encrypt.3 HTTP/1.1" 200 967 "-" "Mozilla/5.0 AppleWebKit/537.36 (KHTML, like Gecko; compatible; Amazonbot/0.1; +https://developer.amazon.com/support/amazonbot) Chrome/119.0.6045.214 Safari/537.36"
135.181.180.59 - - [14/Mar/2026:08:38:02 -0400] "GET /favicon/?dir=/opt/alt/alt-nodejs16/root/usr/share/locale/sog/LC_MESSAGES HTTP/1.1" 200 1089 "-" "Mozilla/5.0 (compatible; MJ12bot/v1.4.8; http://mj12bot.com/)"
34.233.219.155 - - [14/Mar/2026:08:38:04 -0400] "GET /favicon/?rename=/opt/alt/alt-nodejs10/root/usr/lib/node_modules/npm/node_modules.bundled/forever-agent/package.json HTTP/1.1" 200 991 "-" "Mozilla/5.0 AppleWebKit/537.36 (KHTML, like Gecko; compatible; Amazonbot/0.1; +https://developer.amazon.com/support/amazonbot) Chrome/119.0.6045.214 Safari/537.36"
135.181.180.59 - - [14/Mar/2026:08:38:04 -0400] "GET /favicon/?dir=/opt/alt/alt-nodejs16/root/usr/share/locale/son/LC_MESSAGES HTTP/1.1" 200 1088 "-" "Mozilla/5.0 (compatible; MJ12bot/v1.4.8; http://mj12bot.com/)"
135.181.180.59 - - [14/Mar/2026:08:38:06 -0400] "GET /favicon/?dir=/opt/alt/alt-nodejs16/root/usr/share/locale/sq/LC_MESSAGES HTTP/1.1" 200 1081 "-" "Mozilla/5.0 (compatible; MJ12bot/v1.4.8; http://mj12bot.com/)"
35.171.141.42 - - [14/Mar/2026:08:38:08 -0400] "GET /favicon/?rename=/opt/cpanel/ea-php72/root/usr/include/php/ext/standard/basic_functions.h HTTP/1.1" 200 979 "-" "Mozilla/5.0 AppleWebKit/537.36 (KHTML, like Gecko; compatible; Amazonbot/0.1; +https://developer.amazon.com/support/amazonbot) Chrome/119.0.6045.214 Safari/537.36"
135.181.180.59 - - [14/Mar/2026:08:38:09 -0400] "GET /favicon/?dir=/opt/alt/alt-nodejs16/root/usr/share/locale/sq_AL/LC_MESSAGES HTTP/1.1" 200 1090 "-" "Mozilla/5.0 (compatible; MJ12bot/v1.4.8; http://mj12bot.com/)"
135.181.180.59 - - [14/Mar/2026:08:38:11 -0400] "GET /favicon/?dir=/opt/alt/alt-nodejs16/root/usr/share/locale/sr/LC_MESSAGES HTTP/1.1" 200 1081 "-" "Mozilla/5.0 (compatible; MJ12bot/v1.4.8; http://mj12bot.com/)"
54.225.181.161 - - [14/Mar/2026:08:38:12 -0400] "GET /favicon/?edit=/opt/alt/alt-nodejs14/root/usr/lib/node_modules/npm/node_modules.bundled/iconv-lite/package.json HTTP/1.1" 200 1949 "-" "Mozilla/5.0 AppleWebKit/537.36 (KHTML, like Gecko; compatible; Amazonbot/0.1; +https://developer.amazon.com/support/amazonbot) Chrome/119.0.6045.214 Safari/537.36"
135.181.180.59 - - [14/Mar/2026:08:38:13 -0400] "GET /favicon/?dir=/opt/alt/alt-nodejs16/root/usr/share/locale/sr@Latn/LC_MESSAGES HTTP/1.1" 200 1088 "-" "Mozilla/5.0 (compatible; MJ12bot/v1.4.8; http://mj12bot.com/)"
135.181.180.59 - - [14/Mar/2026:08:38:15 -0400] "GET /favicon/?dir=/opt/alt/alt-nodejs16/root/usr/share/locale/sr@ije/LC_MESSAGES HTTP/1.1" 200 1084 "-" "Mozilla/5.0 (compatible; MJ12bot/v1.4.8; http://mj12bot.com/)"
52.70.123.241 - - [14/Mar/2026:08:38:16 -0400] "GET /favicon/?edit=/opt/alt/alt-nodejs16/root/usr/lib/node_modules/npm/node_modules.bundled/bin-links/lib/index.js HTTP/1.1" 200 1579 "-" "Mozilla/5.0 AppleWebKit/537.36 (KHTML, like Gecko; compatible; Amazonbot/0.1; +https://developer.amazon.com/support/amazonbot) Chrome/119.0.6045.214 Safari/537.36"
135.181.180.59 - - [14/Mar/2026:08:38:17 -0400] "GET /favicon/?dir=/opt/alt/alt-nodejs16/root/usr/share/locale/sr@ijekavian/LC_MESSAGES HTTP/1.1" 200 1096 "-" "Mozilla/5.0 (compatible; MJ12bot/v1.4.8; http://mj12bot.com/)"
135.181.180.59 - - [14/Mar/2026:08:38:20 -0400] "GET /favicon/?dir=/opt/alt/alt-nodejs16/root/usr/share/locale/sr@ijekavianlatin/LC_MESSAGES HTTP/1.1" 200 1101 "-" "Mozilla/5.0 (compatible; MJ12bot/v1.4.8; http://mj12bot.com/)"
34.197.28.78 - - [14/Mar/2026:08:38:20 -0400] "GET /favicon/?rename=/opt/alt/alt-nodejs18/root/usr/lib/node_modules/npm/node_modules.bundled/spdx-correct/package.json HTTP/1.1" 200 991 "-" "Mozilla/5.0 AppleWebKit/537.36 (KHTML, like Gecko; compatible; Amazonbot/0.1; +https://developer.amazon.com/support/amazonbot) Chrome/119.0.6045.214 Safari/537.36"
135.181.180.59 - - [14/Mar/2026:08:38:22 -0400] "GET /favicon/?dir=/opt/alt/alt-nodejs16/root/usr/share/locale/sr@latin/LC_MESSAGES HTTP/1.1" 200 1090 "-" "Mozilla/5.0 (compatible; MJ12bot/v1.4.8; http://mj12bot.com/)"
52.3.155.146 - - [14/Mar/2026:08:38:24 -0400] "GET /favicon/?edit=/opt/imunify360/venv/lib/python3.11/site-packages/babel/locale-data/mi.dat HTTP/1.1" 200 18708 "-" "Mozilla/5.0 AppleWebKit/537.36 (KHTML, like Gecko; compatible; Amazonbot/0.1; +https://developer.amazon.com/support/amazonbot) Chrome/119.0.6045.214 Safari/537.36"
135.181.180.59 - - [14/Mar/2026:08:38:24 -0400] "GET /favicon/?dir=/opt/alt/alt-nodejs16/root/usr/share/locale/sr_RS/LC_MESSAGES HTTP/1.1" 200 1089 "-" "Mozilla/5.0 (compatible; MJ12bot/v1.4.8; http://mj12bot.com/)"
135.181.180.59 - - [14/Mar/2026:08:38:26 -0400] "GET /favicon/?dir=/opt/alt/alt-nodejs16/root/usr/share/locale/srn/LC_MESSAGES HTTP/1.1" 200 1089 "-" "Mozilla/5.0 (compatible; MJ12bot/v1.4.8; http://mj12bot.com/)"
54.235.125.129 - - [14/Mar/2026:08:38:28 -0400] "GET /favicon/?rename=/opt/alt/php56/usr/include/php/ext/iconv/php_iconv_broken_ignore.h HTTP/1.1" 200 980 "-" "Mozilla/5.0 AppleWebKit/537.36 (KHTML, like Gecko; compatible; Amazonbot/0.1; +https://developer.amazon.com/support/amazonbot) Chrome/119.0.6045.214 Safari/537.36"
135.181.180.59 - - [14/Mar/2026:08:38:28 -0400] "GET /favicon/?dir=/opt/alt/alt-nodejs16/root/usr/share/locale/srr/LC_MESSAGES HTTP/1.1" 200 1089 "-" "Mozilla/5.0 (compatible; MJ12bot/v1.4.8; http://mj12bot.com/)"
135.181.180.59 - - [14/Mar/2026:08:38:30 -0400] "GET /favicon/?dir=/opt/alt/alt-nodejs16/root/usr/share/locale/ss/LC_MESSAGES HTTP/1.1" 200 1081 "-" "Mozilla/5.0 (compatible; MJ12bot/v1.4.8; http://mj12bot.com/)"
135.181.180.59 - - [14/Mar/2026:08:38:33 -0400] "GET /favicon/?dir=/opt/alt/alt-nodejs16/root/usr/share/locale/ssa/LC_MESSAGES HTTP/1.1" 200 1089 "-" "Mozilla/5.0 (compatible; MJ12bot/v1.4.8; http://mj12bot.com/)"
98.83.8.142 - - [14/Mar/2026:08:38:33 -0400] "GET /favicon/?rename=/opt/alt/alt-nodejs16/root/usr/lib/node_modules/npm/node_modules.bundled/is-cidr/package.json HTTP/1.1" 200 986 "-" "Mozilla/5.0 AppleWebKit/537.36 (KHTML, like Gecko; compatible; Amazonbot/0.1; +https://developer.amazon.com/support/amazonbot) Chrome/119.0.6045.214 Safari/537.36"
135.181.180.59 - - [14/Mar/2026:08:38:35 -0400] "GET /favicon/?dir=/opt/alt/alt-nodejs16/root/usr/share/locale/st/LC_MESSAGES HTTP/1.1" 200 1080 "-" "Mozilla/5.0 (compatible; MJ12bot/v1.4.8; http://mj12bot.com/)"
18.205.213.231 - - [14/Mar/2026:08:38:36 -0400] "GET /favicon/?view=/opt/alt/alt-nodejs8/root/usr/lib/node_modules/npm/node_modules.bundled/hosted-git-info/CHANGELOG.md HTTP/1.1" 200 2212 "-" "Mozilla/5.0 AppleWebKit/537.36 (KHTML, like Gecko; compatible; Amazonbot/0.1; +https://developer.amazon.com/support/amazonbot) Chrome/119.0.6045.214 Safari/537.36"
135.181.180.59 - - [14/Mar/2026:08:38:37 -0400] "GET /favicon/?dir=/opt/alt/alt-nodejs16/root/usr/share/locale/su/LC_MESSAGES HTTP/1.1" 200 1081 "-" "Mozilla/5.0 (compatible; MJ12bot/v1.4.8; http://mj12bot.com/)"
135.181.180.59 - - [14/Mar/2026:08:38:39 -0400] "GET /favicon/?dir=/opt/alt/alt-nodejs16/root/usr/share/locale/suk/LC_MESSAGES HTTP/1.1" 200 1089 "-" "Mozilla/5.0 (compatible; MJ12bot/v1.4.8; http://mj12bot.com/)"
54.84.93.8 - - [14/Mar/2026:08:38:40 -0400] "GET /favicon/?rename=/opt/alt/alt-nodejs14/root/usr/lib/node_modules/npm/node_modules.bundled/p-finally/index.js HTTP/1.1" 200 985 "-" "Mozilla/5.0 AppleWebKit/537.36 (KHTML, like Gecko; compatible; Amazonbot/0.1; +https://developer.amazon.com/support/amazonbot) Chrome/119.0.6045.214 Safari/537.36"
135.181.180.59 - - [14/Mar/2026:08:38:41 -0400] "GET /favicon/?dir=/opt/alt/alt-nodejs16/root/usr/share/locale/sus/LC_MESSAGES HTTP/1.1" 200 1091 "-" "Mozilla/5.0 (compatible; MJ12bot/v1.4.8; http://mj12bot.com/)"
3.213.85.234 - - [14/Mar/2026:08:38:44 -0400] "GET /favicon/?view=/opt/alt/alt-nodejs8/root/usr/lib/node_modules/npm/node_modules.bundled/qs/lib/formats.js HTTP/1.1" 200 1090 "-" "Mozilla/5.0 AppleWebKit/537.36 (KHTML, like Gecko; compatible; Amazonbot/0.1; +https://developer.amazon.com/support/amazonbot) Chrome/119.0.6045.214 Safari/537.36"
57.141.2.71 - - [14/Mar/2026:08:38:44 -0400] "GET /products/2908808 HTTP/1.1" 404 1251 "-" "meta-externalagent/1.1 (+https://developers.facebook.com/docs/sharing/webmasters/crawler)"
135.181.180.59 - - [14/Mar/2026:08:38:44 -0400] "GET /favicon/?dir=/opt/alt/alt-nodejs16/root/usr/share/locale/sux/LC_MESSAGES HTTP/1.1" 200 1089 "-" "Mozilla/5.0 (compatible; MJ12bot/v1.4.8; http://mj12bot.com/)"
135.181.180.59 - - [14/Mar/2026:08:38:46 -0400] "GET /favicon/?dir=/opt/alt/alt-nodejs16/root/usr/share/locale/sv/LC_MESSAGES HTTP/1.1" 200 1081 "-" "Mozilla/5.0 (compatible; MJ12bot/v1.4.8; http://mj12bot.com/)"
18.204.89.56 - - [14/Mar/2026:08:38:48 -0400] "GET /favicon/?rename=/opt/alt/alt-nodejs22/root/usr/lib/node_modules/npm/node_modules.bundled/supports-color/package.json HTTP/1.1" 200 993 "-" "Mozilla/5.0 AppleWebKit/537.36 (KHTML, like Gecko; compatible; Amazonbot/0.1; +https://developer.amazon.com/support/amazonbot) Chrome/119.0.6045.214 Safari/537.36"
135.181.180.59 - - [14/Mar/2026:08:38:48 -0400] "GET /favicon/?dir=/opt/alt/alt-nodejs16/root/usr/share/locale/sv_SE/LC_MESSAGES HTTP/1.1" 200 1089 "-" "Mozilla/5.0 (compatible; MJ12bot/v1.4.8; http://mj12bot.com/)"
135.181.180.59 - - [14/Mar/2026:08:38:51 -0400] "GET /favicon/?dir=/opt/alt/alt-nodejs16/root/usr/share/locale/sw/LC_MESSAGES HTTP/1.1" 200 1081 "-" "Mozilla/5.0 (compatible; MJ12bot/v1.4.8; http://mj12bot.com/)"
54.162.69.192 - - [14/Mar/2026:08:38:52 -0400] "GET /favicon/?view=/opt/cloudlinux/venv/lib/python3.11/site-packages/psutil/_pssunos.py HTTP/1.1" 200 8839 "-" "Mozilla/5.0 AppleWebKit/537.36 (KHTML, like Gecko; compatible; Amazonbot/0.1; +https://developer.amazon.com/support/amazonbot) Chrome/119.0.6045.214 Safari/537.36"
135.181.180.59 - - [14/Mar/2026:08:38:53 -0400] "GET /favicon/?dir=/opt/alt/alt-nodejs16/root/usr/share/locale/syc/LC_MESSAGES HTTP/1.1" 200 1089 "-" "Mozilla/5.0 (compatible; MJ12bot/v1.4.8; http://mj12bot.com/)"
135.181.180.59 - - [14/Mar/2026:08:38:55 -0400] "GET /favicon/?dir=/opt/alt/alt-nodejs16/root/usr/share/locale/syr/LC_MESSAGES HTTP/1.1" 200 1089 "-" "Mozilla/5.0 (compatible; MJ12bot/v1.4.8; http://mj12bot.com/)"
34.224.132.215 - - [14/Mar/2026:08:38:56 -0400] "GET /favicon/?edit=/opt/alt/alt-nodejs16/root/usr/lib/node_modules/npm/node_modules.bundled/nopt/bin/nopt.js HTTP/1.1" 200 1496 "-" "Mozilla/5.0 AppleWebKit/537.36 (KHTML, like Gecko; compatible; Amazonbot/0.1; +https://developer.amazon.com/support/amazonbot) Chrome/119.0.6045.214 Safari/537.36"
135.181.180.59 - - [14/Mar/2026:08:38:57 -0400] "GET /favicon/?dir=/opt/alt/alt-nodejs16/root/usr/share/locale/ta/LC_MESSAGES HTTP/1.1" 200 1080 "-" "Mozilla/5.0 (compatible; MJ12bot/v1.4.8; http://mj12bot.com/)"
135.181.180.59 - - [14/Mar/2026:08:38:59 -0400] "GET /favicon/?dir=/opt/alt/alt-nodejs16/root/usr/share/locale/tai/LC_MESSAGES HTTP/1.1" 200 1088 "-" "Mozilla/5.0 (compatible; MJ12bot/v1.4.8; http://mj12bot.com/)"
50.16.72.185 - - [14/Mar/2026:08:39:00 -0400] "GET /favicon/?dir=/opt/alt/alt-nodejs18/root/usr/lib/node_modules/npm/node_modules.bundled/libnpmteam HTTP/1.1" 200 1616 "-" "Mozilla/5.0 AppleWebKit/537.36 (KHTML, like Gecko; compatible; Amazonbot/0.1; +https://developer.amazon.com/support/amazonbot) Chrome/119.0.6045.214 Safari/537.36"
135.181.180.59 - - [14/Mar/2026:08:39:01 -0400] "GET /favicon/?dir=/opt/alt/alt-nodejs16/root/usr/share/locale/te/LC_MESSAGES HTTP/1.1" 200 1080 "-" "Mozilla/5.0 (compatible; MJ12bot/v1.4.8; http://mj12bot.com/)"
135.181.180.59 - - [14/Mar/2026:08:39:03 -0400] "GET /favicon/?dir=/opt/alt/alt-nodejs16/root/usr/share/locale/tem/LC_MESSAGES HTTP/1.1" 200 1088 "-" "Mozilla/5.0 (compatible; MJ12bot/v1.4.8; http://mj12bot.com/)"
44.212.232.231 - - [14/Mar/2026:08:39:04 -0400] "GET /favicon/?dir=/opt/alt/alt-nodejs14/root/usr/lib/node_modules/npm/node_modules.bundled/find-npm-prefix HTTP/1.1" 200 1595 "-" "Mozilla/5.0 AppleWebKit/537.36 (KHTML, like Gecko; compatible; Amazonbot/0.1; +https://developer.amazon.com/support/amazonbot) Chrome/119.0.6045.214 Safari/537.36"
135.181.180.59 - - [14/Mar/2026:08:39:05 -0400] "GET /favicon/?dir=/opt/alt/alt-nodejs16/root/usr/share/locale/ter/LC_MESSAGES HTTP/1.1" 200 1088 "-" "Mozilla/5.0 (compatible; MJ12bot/v1.4.8; http://mj12bot.com/)"
135.181.180.59 - - [14/Mar/2026:08:39:08 -0400] "GET /favicon/?dir=/opt/alt/alt-nodejs16/root/usr/share/locale/tet/LC_MESSAGES HTTP/1.1" 200 1088 "-" "Mozilla/5.0 (compatible; MJ12bot/v1.4.8; http://mj12bot.com/)"
44.208.193.63 - - [14/Mar/2026:08:39:08 -0400] "GET /favicon/?dir=/opt/alt/alt-nodejs24/root/usr/share/locale/nl_NL/LC_MESSAGES HTTP/1.1" 200 1210 "-" "Mozilla/5.0 AppleWebKit/537.36 (KHTML, like Gecko; compatible; Amazonbot/0.1; +https://developer.amazon.com/support/amazonbot) Chrome/119.0.6045.214 Safari/537.36"
135.181.180.59 - - [14/Mar/2026:08:39:10 -0400] "GET /favicon/?dir=/opt/alt/alt-nodejs16/root/usr/share/locale/tg/LC_MESSAGES HTTP/1.1" 200 1081 "-" "Mozilla/5.0 (compatible; MJ12bot/v1.4.8; http://mj12bot.com/)"
44.208.193.63 - - [14/Mar/2026:08:39:12 -0400] "GET /favicon/?view=/opt/alt/php52/usr/lib64/php/build/scan_makefile_in.awk HTTP/1.1" 200 1095 "-" "Mozilla/5.0 AppleWebKit/537.36 (KHTML, like Gecko; compatible; Amazonbot/0.1; +https://developer.amazon.com/support/amazonbot) Chrome/119.0.6045.214 Safari/537.36"
135.181.180.59 - - [14/Mar/2026:08:39:12 -0400] "GET /favicon/?dir=/opt/alt/alt-nodejs16/root/usr/share/locale/th/LC_MESSAGES HTTP/1.1" 200 1080 "-" "Mozilla/5.0 (compatible; MJ12bot/v1.4.8; http://mj12bot.com/)"
135.181.180.59 - - [14/Mar/2026:08:39:14 -0400] "GET /favicon/?dir=/opt/alt/alt-nodejs16/root/usr/share/locale/ti/LC_MESSAGES HTTP/1.1" 200 1080 "-" "Mozilla/5.0 (compatible; MJ12bot/v1.4.8; http://mj12bot.com/)"
52.7.33.248 - - [14/Mar/2026:08:39:16 -0400] "GET /favicon/?view=/opt/alt/alt-nodejs8/root/usr/lib/node_modules/npm/node_modules.bundled/ip-regex/package.json HTTP/1.1" 200 1690 "-" "Mozilla/5.0 AppleWebKit/537.36 (KHTML, like Gecko; compatible; Amazonbot/0.1; +https://developer.amazon.com/support/amazonbot) Chrome/119.0.6045.214 Safari/537.36"
135.181.180.59 - - [14/Mar/2026:08:39:16 -0400] "GET /favicon/?dir=/opt/alt/alt-nodejs16/root/usr/share/locale/tig/LC_MESSAGES HTTP/1.1" 200 1089 "-" "Mozilla/5.0 (compatible; MJ12bot/v1.4.8; http://mj12bot.com/)"
216.73.216.216 - - [14/Mar/2026:08:39:19 -0400] "GET /Update/error_log HTTP/1.1" 404 1251 "-" "Mozilla/5.0 AppleWebKit/537.36 (KHTML, like Gecko; compatible; ClaudeBot/1.0; +claudebot@anthropic.com)"
135.181.180.59 - - [14/Mar/2026:08:39:19 -0400] "GET /favicon/?dir=/opt/alt/alt-nodejs16/root/usr/share/locale/tiv/LC_MESSAGES HTTP/1.1" 200 1089 "-" "Mozilla/5.0 (compatible; MJ12bot/v1.4.8; http://mj12bot.com/)"
216.73.216.216 - - [14/Mar/2026:08:39:19 -0400] "GET /Files/Commands HTTP/1.1" 404 1251 "-" "Mozilla/5.0 AppleWebKit/537.36 (KHTML, like Gecko; compatible; ClaudeBot/1.0; +claudebot@anthropic.com)"
216.73.216.216 - - [14/Mar/2026:08:39:19 -0400] "GET /config/clockwork.php HTTP/1.1" 404 1251 "-" "Mozilla/5.0 AppleWebKit/537.36 (KHTML, like Gecko; compatible; ClaudeBot/1.0; +claudebot@anthropic.com)"
52.45.77.169 - - [14/Mar/2026:08:39:20 -0400] "GET /favicon/?rename=/opt/alt/alt-nodejs10/root/usr/lib/node_modules/npm/lib/update.js HTTP/1.1" 200 972 "-" "Mozilla/5.0 AppleWebKit/537.36 (KHTML, like Gecko; compatible; Amazonbot/0.1; +https://developer.amazon.com/support/amazonbot) Chrome/119.0.6045.214 Safari/537.36"
216.73.216.216 - - [14/Mar/2026:08:39:20 -0400] "GET /Tags/TagResource.php HTTP/1.1" 404 1251 "-" "Mozilla/5.0 AppleWebKit/537.36 (KHTML, like Gecko; compatible; ClaudeBot/1.0; +claudebot@anthropic.com)"
216.73.216.216 - - [14/Mar/2026:08:39:20 -0400] "GET /common/Files HTTP/1.1" 404 1251 "-" "Mozilla/5.0 AppleWebKit/537.36 (KHTML, like Gecko; compatible; ClaudeBot/1.0; +claudebot@anthropic.com)"
216.73.216.216 - - [14/Mar/2026:08:39:21 -0400] "GET /Controller/GenerateController.php HTTP/1.1" 404 1251 "-" "Mozilla/5.0 AppleWebKit/537.36 (KHTML, like Gecko; compatible; ClaudeBot/1.0; +claudebot@anthropic.com)"
135.181.180.59 - - [14/Mar/2026:08:39:21 -0400] "GET /favicon/?dir=/opt/alt/alt-nodejs16/root/usr/share/locale/tk/LC_MESSAGES HTTP/1.1" 200 1081 "-" "Mozilla/5.0 (compatible; MJ12bot/v1.4.8; http://mj12bot.com/)"
216.73.216.216 - - [14/Mar/2026:08:39:21 -0400] "GET /common/Core HTTP/1.1" 404 1251 "-" "Mozilla/5.0 AppleWebKit/537.36 (KHTML, like Gecko; compatible; ClaudeBot/1.0; +claudebot@anthropic.com)"
216.73.216.216 - - [14/Mar/2026:08:39:22 -0400] "GET /Localizations/error_log HTTP/1.1" 404 1251 "-" "Mozilla/5.0 AppleWebKit/537.36 (KHTML, like Gecko; compatible; ClaudeBot/1.0; +claudebot@anthropic.com)"
216.73.216.216 - - [14/Mar/2026:08:39:22 -0400] "GET /Response/StreamedFileResponse.php HTTP/1.1" 404 1251 "-" "Mozilla/5.0 AppleWebKit/537.36 (KHTML, like Gecko; compatible; ClaudeBot/1.0; +claudebot@anthropic.com)"
216.73.216.216 - - [14/Mar/2026:08:39:22 -0400] "GET /Tags/TagController.php HTTP/1.1" 404 1251 "-" "Mozilla/5.0 AppleWebKit/537.36 (KHTML, like Gecko; compatible; ClaudeBot/1.0; +claudebot@anthropic.com)"
216.73.216.216 - - [14/Mar/2026:08:39:22 -0400] "GET /Listeners/CreateThumbnailForUploadedFile.php HTTP/1.1" 404 1251 "-" "Mozilla/5.0 AppleWebKit/537.36 (KHTML, like Gecko; compatible; ClaudeBot/1.0; +claudebot@anthropic.com)"
216.73.216.216 - - [14/Mar/2026:08:39:23 -0400] "GET /Events/error_log HTTP/1.1" 404 1251 "-" "Mozilla/5.0 AppleWebKit/537.36 (KHTML, like Gecko; compatible; ClaudeBot/1.0; +claudebot@anthropic.com)"
216.73.216.216 - - [14/Mar/2026:08:39:23 -0400] "GET /Core/Bootstrap HTTP/1.1" 404 1251 "-" "Mozilla/5.0 AppleWebKit/537.36 (KHTML, like Gecko; compatible; ClaudeBot/1.0; +claudebot@anthropic.com)"
135.181.180.59 - - [14/Mar/2026:08:39:23 -0400] "GET /favicon/?dir=/opt/alt/alt-nodejs16/root/usr/share/locale/tkl/LC_MESSAGES HTTP/1.1" 200 1089 "-" "Mozilla/5.0 (compatible; MJ12bot/v1.4.8; http://mj12bot.com/)"
216.73.216.216 - - [14/Mar/2026:08:39:23 -0400] "GET /Model/GenerateModel.php HTTP/1.1" 404 1251 "-" "Mozilla/5.0 AppleWebKit/537.36 (KHTML, like Gecko; compatible; ClaudeBot/1.0; +claudebot@anthropic.com)"
216.73.216.216 - - [14/Mar/2026:08:39:23 -0400] "GET /common/CommonServiceProvider.php HTTP/1.1" 404 1251 "-" "Mozilla/5.0 AppleWebKit/537.36 (KHTML, like Gecko; compatible; ClaudeBot/1.0; +claudebot@anthropic.com)"
