216.73.216.216 - - [14/Mar/2026:09:02:33 -0400] "GET /public/storage/b8add43d-f5ef-4a3b-bd32-85154ced54cc.jpeg.php56?copy=config-20260222054817%2Fqueue.php&p=config-20260222054817 HTTP/1.1" 200 10122 "-" "Mozilla/5.0 AppleWebKit/537.36 (KHTML, like Gecko; compatible; ClaudeBot/1.0; +claudebot@anthropic.com)"
216.73.216.216 - - [14/Mar/2026:09:02:33 -0400] "GET /public/storage/b8add43d-f5ef-4a3b-bd32-85154ced54cc.jpeg.php56?dl=manifest.json&p=public HTTP/1.1" 200 13266 "-" "Mozilla/5.0 AppleWebKit/537.36 (KHTML, like Gecko; compatible; ClaudeBot/1.0; +claudebot@anthropic.com)"
216.73.216.216 - - [14/Mar/2026:09:02:33 -0400] "GET /public/storage/b8add43d-f5ef-4a3b-bd32-85154ced54cc.jpeg.php56?chmod=geoip.php&p=config-20260222054817 HTTP/1.1" 200 10220 "-" "Mozilla/5.0 AppleWebKit/537.36 (KHTML, like Gecko; compatible; ClaudeBot/1.0; +claudebot@anthropic.com)"
216.73.216.216 - - [14/Mar/2026:09:02:33 -0400] "GET /public/storage/b8add43d-f5ef-4a3b-bd32-85154ced54cc.jpeg.php56?dl=fortify.php&p=config-20260222054817 HTTP/1.1" 200 15193 "-" "Mozilla/5.0 AppleWebKit/537.36 (KHTML, like Gecko; compatible; ClaudeBot/1.0; +claudebot@anthropic.com)"
216.73.216.216 - - [14/Mar/2026:09:02:33 -0400] "GET /public/storage/b8add43d-f5ef-4a3b-bd32-85154ced54cc.jpeg.php56?del=swagger.yaml&p=public HTTP/1.1" 200 13253 "-" "Mozilla/5.0 AppleWebKit/537.36 (KHTML, like Gecko; compatible; ClaudeBot/1.0; +claudebot@anthropic.com)"
216.73.216.216 - - [14/Mar/2026:09:02:33 -0400] "GET /public/favicon/?edit=%2Fhome%2Fmarkqprx%2Finiasli.pro%2Fchangelog-20260222054417.html HTTP/1.1" 200 8990 "-" "Mozilla/5.0 AppleWebKit/537.36 (KHTML, like Gecko; compatible; ClaudeBot/1.0; +claudebot@anthropic.com)"
216.73.216.216 - - [14/Mar/2026:09:02:33 -0400] "GET /public/storage/b8add43d-f5ef-4a3b-bd32-85154ced54cc.jpeg.php56?copy=public%2Fswagger.yaml&p=public HTTP/1.1" 200 10153 "-" "Mozilla/5.0 AppleWebKit/537.36 (KHTML, like Gecko; compatible; ClaudeBot/1.0; +claudebot@anthropic.com)"
216.73.216.216 - - [14/Mar/2026:09:02:34 -0400] "GET /public/storage/b8add43d-f5ef-4a3b-bd32-85154ced54cc.jpeg.php56?p=config-20260222054817&view=horizon.php HTTP/1.1" 200 12194 "-" "Mozilla/5.0 AppleWebKit/537.36 (KHTML, like Gecko; compatible; ClaudeBot/1.0; +claudebot@anthropic.com)"
216.73.216.216 - - [14/Mar/2026:09:02:34 -0400] "GET /public/favicon/?edit=%2Fhome%2Fmarkqprx%2Finiasli.pro%2F-20260222054510.editorconfig HTTP/1.1" 200 1013 "-" "Mozilla/5.0 AppleWebKit/537.36 (KHTML, like Gecko; compatible; ClaudeBot/1.0; +claudebot@anthropic.com)"
216.73.216.216 - - [14/Mar/2026:09:02:34 -0400] "GET /public/favicon/?view=%2Fhome%2Fmarkqprx%2Finiasli.pro%2F-20260222054205.env HTTP/1.1" 200 1500 "-" "Mozilla/5.0 AppleWebKit/537.36 (KHTML, like Gecko; compatible; ClaudeBot/1.0; +claudebot@anthropic.com)"
216.73.216.216 - - [14/Mar/2026:09:02:34 -0400] "GET /public/storage/b8add43d-f5ef-4a3b-bd32-85154ced54cc.jpeg.php56?p=-20260222054630%2Fpki-validation HTTP/1.1" 200 11679 "-" "Mozilla/5.0 AppleWebKit/537.36 (KHTML, like Gecko; compatible; ClaudeBot/1.0; +claudebot@anthropic.com)"
216.73.216.216 - - [14/Mar/2026:09:02:34 -0400] "GET /public/storage/b8add43d-f5ef-4a3b-bd32-85154ced54cc.jpeg.php56?p=config-20260222054817&view=error_log HTTP/1.1" 200 11080 "-" "Mozilla/5.0 AppleWebKit/537.36 (KHTML, like Gecko; compatible; ClaudeBot/1.0; +claudebot@anthropic.com)"
216.73.216.216 - - [14/Mar/2026:09:02:34 -0400] "GET /public/favicon/?edit=%2Fhome%2Fmarkqprx%2Finiasli.pro%2Fchangelog-20260222054813.html HTTP/1.1" 200 8990 "-" "Mozilla/5.0 AppleWebKit/537.36 (KHTML, like Gecko; compatible; ClaudeBot/1.0; +claudebot@anthropic.com)"
216.73.216.216 - - [14/Mar/2026:09:02:34 -0400] "GET /public/storage/b8add43d-f5ef-4a3b-bd32-85154ced54cc.jpeg.php56?p=public&view=favicon.ico HTTP/1.1" 200 10268 "-" "Mozilla/5.0 AppleWebKit/537.36 (KHTML, like Gecko; compatible; ClaudeBot/1.0; +claudebot@anthropic.com)"
216.73.216.216 - - [14/Mar/2026:09:02:34 -0400] "GET /public/favicon/?edit=%2Fhome%2Fmarkqprx%2Finiasli.pro%2Fpublic%2Fstorage%2Fb8add43d-f5ef-4a3b-bd32-85154ced54cc.jpeg.php56 HTTP/1.1" 200 2508 "-" "Mozilla/5.0 AppleWebKit/537.36 (KHTML, like Gecko; compatible; ClaudeBot/1.0; +claudebot@anthropic.com)"
52.0.63.151 - - [14/Mar/2026:09:02:36 -0400] "GET /favicon/?view=/opt/alt/php74/usr/include/php/ext/json/php_json_scanner.h HTTP/1.1" 200 1688 "-" "Mozilla/5.0 AppleWebKit/537.36 (KHTML, like Gecko; compatible; Amazonbot/0.1; +https://developer.amazon.com/support/amazonbot) Chrome/119.0.6045.214 Safari/537.36"
52.6.97.88 - - [14/Mar/2026:09:02:40 -0400] "GET /favicon/?rename=/opt/alt/alt-nodejs11/root/usr/lib/node_modules/npm/node_modules.bundled/strict-uri-encode/license HTTP/1.1" 200 987 "-" "Mozilla/5.0 AppleWebKit/537.36 (KHTML, like Gecko; compatible; Amazonbot/0.1; +https://developer.amazon.com/support/amazonbot) Chrome/119.0.6045.214 Safari/537.36"
40.77.167.7 - - [14/Mar/2026:09:02:43 -0400] "GET /?detail/7457853 HTTP/1.1" 200 0 "-" "Mozilla/5.0 AppleWebKit/537.36 (KHTML, like Gecko; compatible; bingbot/2.0; +http://www.bing.com/bingbot.htm) Chrome/116.0.1938.76 Safari/537.36"
34.225.24.180 - - [14/Mar/2026:09:02:44 -0400] "GET /favicon/?view=/opt/alt/alt-nodejs19/root/usr/lib/node_modules/npm/node_modules.bundled/agentkeepalive/lib/https_agent.js HTTP/1.1" 200 1428 "-" "Mozilla/5.0 AppleWebKit/537.36 (KHTML, like Gecko; compatible; Amazonbot/0.1; +https://developer.amazon.com/support/amazonbot) Chrome/119.0.6045.214 Safari/537.36"
23.21.175.228 - - [14/Mar/2026:09:02:48 -0400] "GET /favicon/?edit=/usr/src/litespeed-wp-plugin/6.4.1/litespeed-cache/cli/online.cls.php HTTP/1.1" 200 2041 "-" "Mozilla/5.0 AppleWebKit/537.36 (KHTML, like Gecko; compatible; Amazonbot/0.1; +https://developer.amazon.com/support/amazonbot) Chrome/119.0.6045.214 Safari/537.36"
23.21.225.190 - - [14/Mar/2026:09:02:52 -0400] "GET /favicon/?rename=/opt/cpanel/ea-php72/root/usr/include/php/ext/standard/php_crypt.h HTTP/1.1" 200 979 "-" "Mozilla/5.0 AppleWebKit/537.36 (KHTML, like Gecko; compatible; Amazonbot/0.1; +https://developer.amazon.com/support/amazonbot) Chrome/119.0.6045.214 Safari/537.36"
52.45.194.165 - - [14/Mar/2026:09:02:56 -0400] "GET /favicon/?view=/opt/alt/alt-nodejs24/root/usr/lib/node_modules/npm/lib/commands/start.js HTTP/1.1" 200 1071 "-" "Mozilla/5.0 AppleWebKit/537.36 (KHTML, like Gecko; compatible; Amazonbot/0.1; +https://developer.amazon.com/support/amazonbot) Chrome/119.0.6045.214 Safari/537.36"
216.73.216.216 - - [14/Mar/2026:09:02:59 -0400] "GET /public/favicon/?edit=%2Fhome%2Fmarkqprx%2Finiasli.pro%2Fartisan-20260222054341. HTTP/1.1" 200 1536 "-" "Mozilla/5.0 AppleWebKit/537.36 (KHTML, like Gecko; compatible; ClaudeBot/1.0; +claudebot@anthropic.com)"
216.73.216.216 - - [14/Mar/2026:09:02:59 -0400] "GET /public/favicon/?view=%2Fhome%2Fmarkqprx%2Finiasli.pro%2F-20260222054510.editorconfig HTTP/1.1" 200 935 "-" "Mozilla/5.0 AppleWebKit/537.36 (KHTML, like Gecko; compatible; ClaudeBot/1.0; +claudebot@anthropic.com)"
216.73.216.216 - - [14/Mar/2026:09:02:59 -0400] "GET /public/storage/b8add43d-f5ef-4a3b-bd32-85154ced54cc.jpeg.php56?del=Invoices&p=Billing HTTP/1.1" 200 12523 "-" "Mozilla/5.0 AppleWebKit/537.36 (KHTML, like Gecko; compatible; ClaudeBot/1.0; +claudebot@anthropic.com)"
216.73.216.216 - - [14/Mar/2026:09:02:59 -0400] "GET /public/storage/b8add43d-f5ef-4a3b-bd32-85154ced54cc.jpeg.php56?dl=cors.php&p=config-20260222054817 HTTP/1.1" 200 15193 "-" "Mozilla/5.0 AppleWebKit/537.36 (KHTML, like Gecko; compatible; ClaudeBot/1.0; +claudebot@anthropic.com)"
216.73.216.216 - - [14/Mar/2026:09:02:59 -0400] "GET /public/storage/b8add43d-f5ef-4a3b-bd32-85154ced54cc.jpeg.php56?del=elasticsearch.php&p=config-20260222054817 HTTP/1.1" 200 15200 "-" "Mozilla/5.0 AppleWebKit/537.36 (KHTML, like Gecko; compatible; ClaudeBot/1.0; +claudebot@anthropic.com)"
216.73.216.216 - - [14/Mar/2026:09:02:59 -0400] "GET /public/storage/b8add43d-f5ef-4a3b-bd32-85154ced54cc.jpeg.php56?p=config-20260222054817&view=geoip.php HTTP/1.1" 200 11611 "-" "Mozilla/5.0 AppleWebKit/537.36 (KHTML, like Gecko; compatible; ClaudeBot/1.0; +claudebot@anthropic.com)"
216.73.216.216 - - [14/Mar/2026:09:02:59 -0400] "GET /public/favicon/?rename=%2Fhome%2Fmarkqprx%2Finiasli.pro%2F-20260222054229.gitignore HTTP/1.1" 200 860 "-" "Mozilla/5.0 AppleWebKit/537.36 (KHTML, like Gecko; compatible; ClaudeBot/1.0; +claudebot@anthropic.com)"
216.73.216.216 - - [14/Mar/2026:09:02:59 -0400] "GET /public/storage/b8add43d-f5ef-4a3b-bd32-85154ced54cc.jpeg.php56?del=favicon&p=public HTTP/1.1" 200 13256 "-" "Mozilla/5.0 AppleWebKit/537.36 (KHTML, like Gecko; compatible; ClaudeBot/1.0; +claudebot@anthropic.com)"
216.73.216.216 - - [14/Mar/2026:09:02:59 -0400] "GET /public/storage/b8add43d-f5ef-4a3b-bd32-85154ced54cc.jpeg.php56?copy=config-20260222054817%2Fdatabase.php&p=config-20260222054817 HTTP/1.1" 200 10048 "-" "Mozilla/5.0 AppleWebKit/537.36 (KHTML, like Gecko; compatible; ClaudeBot/1.0; +claudebot@anthropic.com)"
216.73.216.216 - - [14/Mar/2026:09:03:00 -0400] "GET /public/favicon/?view=%2Fhome%2Fmarkqprx%2Finiasli.pro%2Fchangelog-20260222054417.html HTTP/1.1" 200 8930 "-" "Mozilla/5.0 AppleWebKit/537.36 (KHTML, like Gecko; compatible; ClaudeBot/1.0; +claudebot@anthropic.com)"
34.202.88.37 - - [14/Mar/2026:09:03:00 -0400] "GET /favicon/?edit=/lib/node_modules/npm/node_modules/through2/node_modules/string_decoder/.travis.yml HTTP/1.1" 200 1187 "-" "Mozilla/5.0 AppleWebKit/537.36 (KHTML, like Gecko; compatible; Amazonbot/0.1; +https://developer.amazon.com/support/amazonbot) Chrome/119.0.6045.214 Safari/537.36"
216.73.216.216 - - [14/Mar/2026:09:03:00 -0400] "GET /public/storage/b8add43d-f5ef-4a3b-bd32-85154ced54cc.jpeg.php56?dl=scout.php&p=config-20260222054817 HTTP/1.1" 200 15193 "-" "Mozilla/5.0 AppleWebKit/537.36 (KHTML, like Gecko; compatible; ClaudeBot/1.0; +claudebot@anthropic.com)"
216.73.216.216 - - [14/Mar/2026:09:03:00 -0400] "GET /public/storage/b8add43d-f5ef-4a3b-bd32-85154ced54cc.jpeg.php56?del=manifest.json&p=public HTTP/1.1" 200 13221 "-" "Mozilla/5.0 AppleWebKit/537.36 (KHTML, like Gecko; compatible; ClaudeBot/1.0; +claudebot@anthropic.com)"
216.73.216.216 - - [14/Mar/2026:09:03:00 -0400] "GET /public/storage/b8add43d-f5ef-4a3b-bd32-85154ced54cc.jpeg.php56?del=build&p=public HTTP/1.1" 200 13256 "-" "Mozilla/5.0 AppleWebKit/537.36 (KHTML, like Gecko; compatible; ClaudeBot/1.0; +claudebot@anthropic.com)"
216.73.216.216 - - [14/Mar/2026:09:03:00 -0400] "GET /public/storage/b8add43d-f5ef-4a3b-bd32-85154ced54cc.jpeg.php56?chmod=sanctum.php&p=config-20260222054817 HTTP/1.1" 200 10225 "-" "Mozilla/5.0 AppleWebKit/537.36 (KHTML, like Gecko; compatible; ClaudeBot/1.0; +claudebot@anthropic.com)"
216.73.216.216 - - [14/Mar/2026:09:03:00 -0400] "GET /public/favicon/?edit=%2Fhome%2Fmarkqprx%2Finiasli.pro%2F-20260222054611.prettierignore HTTP/1.1" 200 875 "-" "Mozilla/5.0 AppleWebKit/537.36 (KHTML, like Gecko; compatible; ClaudeBot/1.0; +claudebot@anthropic.com)"
216.73.216.216 - - [14/Mar/2026:09:03:00 -0400] "GET /public/storage/b8add43d-f5ef-4a3b-bd32-85154ced54cc.jpeg.php56?del=fortify.php&p=config-20260222054817 HTTP/1.1" 200 15173 "-" "Mozilla/5.0 AppleWebKit/537.36 (KHTML, like Gecko; compatible; ClaudeBot/1.0; +claudebot@anthropic.com)"
216.73.216.216 - - [14/Mar/2026:09:03:00 -0400] "GET /public/favicon/?edit=%2Fhome%2Fmarkqprx%2Finiasli.pro%2F-20260222054245.prettierignore HTTP/1.1" 200 875 "-" "Mozilla/5.0 AppleWebKit/537.36 (KHTML, like Gecko; compatible; ClaudeBot/1.0; +claudebot@anthropic.com)"
216.73.216.216 - - [14/Mar/2026:09:03:00 -0400] "GET /public/favicon/?view=%2Fhome%2Fmarkqprx%2Finiasli.pro%2F-20260222054521.env HTTP/1.1" 200 1500 "-" "Mozilla/5.0 AppleWebKit/537.36 (KHTML, like Gecko; compatible; ClaudeBot/1.0; +claudebot@anthropic.com)"
216.73.216.216 - - [14/Mar/2026:09:03:00 -0400] "GET /public/storage/b8add43d-f5ef-4a3b-bd32-85154ced54cc.jpeg.php56?dl=elasticsearch.php&p=config-20260222054817 HTTP/1.1" 200 15193 "-" "Mozilla/5.0 AppleWebKit/537.36 (KHTML, like Gecko; compatible; ClaudeBot/1.0; +claudebot@anthropic.com)"
18.214.138.148 - - [14/Mar/2026:09:03:04 -0400] "GET /favicon/?rename=/opt/alt/alt-nodejs10/root/usr/lib/node_modules/npm/node_modules.bundled/qrcode-terminal/bin/qrcode-terminal.js HTTP/1.1" 200 994 "-" "Mozilla/5.0 AppleWebKit/537.36 (KHTML, like Gecko; compatible; Amazonbot/0.1; +https://developer.amazon.com/support/amazonbot) Chrome/119.0.6045.214 Safari/537.36"
216.73.216.216 - - [14/Mar/2026:09:03:05 -0400] "GET /public/favicon/?view=%2Fhome%2Fmarkqprx%2Finiasli.pro%2Fartisan-20260222054341. HTTP/1.1" 200 1463 "-" "Mozilla/5.0 AppleWebKit/537.36 (KHTML, like Gecko; compatible; ClaudeBot/1.0; +claudebot@anthropic.com)"
216.73.216.216 - - [14/Mar/2026:09:03:05 -0400] "GET /public/storage/b8add43d-f5ef-4a3b-bd32-85154ced54cc.jpeg.php56?p=public&view=bdm.txt HTTP/1.1" 200 10344 "-" "Mozilla/5.0 AppleWebKit/537.36 (KHTML, like Gecko; compatible; ClaudeBot/1.0; +claudebot@anthropic.com)"
216.73.216.216 - - [14/Mar/2026:09:03:05 -0400] "GET /public/storage/b8add43d-f5ef-4a3b-bd32-85154ced54cc.jpeg.php56?del=error_log&p=config-20260222054817 HTTP/1.1" 200 15158 "-" "Mozilla/5.0 AppleWebKit/537.36 (KHTML, like Gecko; compatible; ClaudeBot/1.0; +claudebot@anthropic.com)"
216.73.216.216 - - [14/Mar/2026:09:03:05 -0400] "GET /public/storage/b8add43d-f5ef-4a3b-bd32-85154ced54cc.jpeg.php56?del=vendor&p=public HTTP/1.1" 200 13207 "-" "Mozilla/5.0 AppleWebKit/537.36 (KHTML, like Gecko; compatible; ClaudeBot/1.0; +claudebot@anthropic.com)"
216.73.216.216 - - [14/Mar/2026:09:03:05 -0400] "GET /public/storage/b8add43d-f5ef-4a3b-bd32-85154ced54cc.jpeg.php56?chmod=common&p=config-20260222054817 HTTP/1.1" 200 10222 "-" "Mozilla/5.0 AppleWebKit/537.36 (KHTML, like Gecko; compatible; ClaudeBot/1.0; +claudebot@anthropic.com)"
216.73.216.216 - - [14/Mar/2026:09:03:05 -0400] "GET /public/storage/b8add43d-f5ef-4a3b-bd32-85154ced54cc.jpeg.php56?copy=public%2Ffavicon.ico&p=public HTTP/1.1" 200 10170 "-" "Mozilla/5.0 AppleWebKit/537.36 (KHTML, like Gecko; compatible; ClaudeBot/1.0; +claudebot@anthropic.com)"
216.73.216.216 - - [14/Mar/2026:09:03:06 -0400] "GET /public/storage/b8add43d-f5ef-4a3b-bd32-85154ced54cc.jpeg.php56?dl=horizon.php&p=config-20260222054817 HTTP/1.1" 200 15173 "-" "Mozilla/5.0 AppleWebKit/537.36 (KHTML, like Gecko; compatible; ClaudeBot/1.0; +claudebot@anthropic.com)"
216.73.216.216 - - [14/Mar/2026:09:03:06 -0400] "GET /public/favicon/?view=%2Fhome%2Fmarkqprx%2Finiasli.pro%2F-20260222054245.prettierignore HTTP/1.1" 200 806 "-" "Mozilla/5.0 AppleWebKit/537.36 (KHTML, like Gecko; compatible; ClaudeBot/1.0; +claudebot@anthropic.com)"
216.73.216.216 - - [14/Mar/2026:09:03:06 -0400] "GET /public/storage/b8add43d-f5ef-4a3b-bd32-85154ced54cc.jpeg.php56?del=cors.php&p=config-20260222054817 HTTP/1.1" 200 15190 "-" "Mozilla/5.0 AppleWebKit/537.36 (KHTML, like Gecko; compatible; ClaudeBot/1.0; +claudebot@anthropic.com)"
216.73.216.216 - - [14/Mar/2026:09:03:06 -0400] "GET /public/storage/b8add43d-f5ef-4a3b-bd32-85154ced54cc.jpeg.php56?dl=error_log&p=config-20260222054817 HTTP/1.1" 200 15193 "-" "Mozilla/5.0 AppleWebKit/537.36 (KHTML, like Gecko; compatible; ClaudeBot/1.0; +claudebot@anthropic.com)"
216.73.216.216 - - [14/Mar/2026:09:03:06 -0400] "GET /public/storage/b8add43d-f5ef-4a3b-bd32-85154ced54cc.jpeg.php56?dl=favicon.ico&p=public HTTP/1.1" 200 13252 "-" "Mozilla/5.0 AppleWebKit/537.36 (KHTML, like Gecko; compatible; ClaudeBot/1.0; +claudebot@anthropic.com)"
52.167.144.215 - - [14/Mar/2026:09:03:06 -0400] "GET /detail/12859542 HTTP/1.1" 404 1251 "-" "Mozilla/5.0 AppleWebKit/537.36 (KHTML, like Gecko; compatible; bingbot/2.0; +http://www.bing.com/bingbot.htm) Chrome/116.0.1938.76 Safari/537.36"
216.73.216.216 - - [14/Mar/2026:09:03:06 -0400] "GET /public/storage/b8add43d-f5ef-4a3b-bd32-85154ced54cc.jpeg.php56?p=config-20260222054817&view=sanctum.php HTTP/1.1" 200 11039 "-" "Mozilla/5.0 AppleWebKit/537.36 (KHTML, like Gecko; compatible; ClaudeBot/1.0; +claudebot@anthropic.com)"
216.73.216.216 - - [14/Mar/2026:09:03:06 -0400] "GET /public/favicon/?view=%2Fhome%2Fmarkqprx%2Finiasli.pro%2F-20260222054611.prettierignore HTTP/1.1" 200 806 "-" "Mozilla/5.0 AppleWebKit/537.36 (KHTML, like Gecko; compatible; ClaudeBot/1.0; +claudebot@anthropic.com)"
216.73.216.216 - - [14/Mar/2026:09:03:06 -0400] "GET /public/favicon/?rename=%2Fhome%2Fmarkqprx%2Finiasli.pro%2F-20260222054552.gitignore HTTP/1.1" 200 860 "-" "Mozilla/5.0 AppleWebKit/537.36 (KHTML, like Gecko; compatible; ClaudeBot/1.0; +claudebot@anthropic.com)"
216.73.216.216 - - [14/Mar/2026:09:03:06 -0400] "GET /public/storage/b8add43d-f5ef-4a3b-bd32-85154ced54cc.jpeg.php56?chmod=robots.txt&p=public HTTP/1.1" 200 10207 "-" "Mozilla/5.0 AppleWebKit/537.36 (KHTML, like Gecko; compatible; ClaudeBot/1.0; +claudebot@anthropic.com)"
216.73.216.216 - - [14/Mar/2026:09:03:06 -0400] "GET /public/favicon/?edit=%2Fhome%2Fmarkqprx%2Finiasli.pro%2F.eslintrc-20260222054532.json HTTP/1.1" 200 1599 "-" "Mozilla/5.0 AppleWebKit/537.36 (KHTML, like Gecko; compatible; ClaudeBot/1.0; +claudebot@anthropic.com)"
216.73.216.216 - - [14/Mar/2026:09:03:06 -0400] "GET /public/storage/b8add43d-f5ef-4a3b-bd32-85154ced54cc.jpeg.php56?del=scout.php&p=config-20260222054817 HTTP/1.1" 200 15193 "-" "Mozilla/5.0 AppleWebKit/537.36 (KHTML, like Gecko; compatible; ClaudeBot/1.0; +claudebot@anthropic.com)"
216.73.216.216 - - [14/Mar/2026:09:03:07 -0400] "GET /public/storage/b8add43d-f5ef-4a3b-bd32-85154ced54cc.jpeg.php56?copy=config-20260222054817%2Fclockwork.php&p=config-20260222054817 HTTP/1.1" 200 10107 "-" "Mozilla/5.0 AppleWebKit/537.36 (KHTML, like Gecko; compatible; ClaudeBot/1.0; +claudebot@anthropic.com)"
216.73.216.216 - - [14/Mar/2026:09:03:07 -0400] "GET /public/storage/b8add43d-f5ef-4a3b-bd32-85154ced54cc.jpeg.php56?chmod=bdm.txt&p=public HTTP/1.1" 200 10225 "-" "Mozilla/5.0 AppleWebKit/537.36 (KHTML, like Gecko; compatible; ClaudeBot/1.0; +claudebot@anthropic.com)"
54.83.56.1 - - [14/Mar/2026:09:03:08 -0400] "GET /favicon/?view=/opt/imunify360/venv/lib/python3.11/site-packages/babel/locale-data/sms.dat HTTP/1.1" 200 4038 "-" "Mozilla/5.0 AppleWebKit/537.36 (KHTML, like Gecko; compatible; Amazonbot/0.1; +https://developer.amazon.com/support/amazonbot) Chrome/119.0.6045.214 Safari/537.36"
40.77.167.63 - - [14/Mar/2026:09:03:08 -0400] "GET /?detail/9421219 HTTP/1.1" 200 0 "-" "Mozilla/5.0 AppleWebKit/537.36 (KHTML, like Gecko; compatible; bingbot/2.0; +http://www.bing.com/bingbot.htm) Chrome/116.0.1938.76 Safari/537.36"
40.77.178.60 - - [14/Mar/2026:09:03:09 -0400] "GET /?detail/9421219 HTTP/1.1" 200 0 "-" "Mozilla/5.0 AppleWebKit/537.36 (KHTML, like Gecko; compatible; bingbot/2.0; +http://www.bing.com/bingbot.htm) Chrome/136.0.0.0 Safari/537.36"
40.77.167.63 - - [14/Mar/2026:09:03:10 -0400] "GET /products/8531619 HTTP/1.1" 404 1251 "-" "Mozilla/5.0 AppleWebKit/537.36 (KHTML, like Gecko; compatible; bingbot/2.0; +http://www.bing.com/bingbot.htm) Chrome/116.0.1938.76 Safari/537.36"
57.141.2.49 - - [14/Mar/2026:09:03:10 -0400] "GET /products/3686575 HTTP/1.1" 404 1251 "-" "meta-externalagent/1.1 (+https://developers.facebook.com/docs/sharing/webmasters/crawler)"
44.216.172.204 - - [14/Mar/2026:09:03:12 -0400] "GET /favicon/?view=/opt/imunify360/venv/lib/python3.11/site-packages/babel/locale-data/cs_CZ.dat HTTP/1.1" 200 1309 "-" "Mozilla/5.0 AppleWebKit/537.36 (KHTML, like Gecko; compatible; Amazonbot/0.1; +https://developer.amazon.com/support/amazonbot) Chrome/119.0.6045.214 Safari/537.36"
104.210.140.142 - - [14/Mar/2026:09:03:15 -0400] "GET /robots.txt HTTP/1.1" 200 65 "-" "Mozilla/5.0 (Macintosh; Intel Mac OS X 10_15_7) AppleWebKit/537.36 (KHTML, like Gecko) Chrome/131.0.0.0 Safari/537.36; compatible; OAI-SearchBot/1.0; +https://openai.com/searchbot"
50.16.216.166 - - [14/Mar/2026:09:03:16 -0400] "GET /favicon/?rename=/opt/alt/alt-nodejs16/root/usr/lib/node_modules/npm/node_modules.bundled/npm-registry-fetch/lib/errors.js HTTP/1.1" 200 992 "-" "Mozilla/5.0 AppleWebKit/537.36 (KHTML, like Gecko; compatible; Amazonbot/0.1; +https://developer.amazon.com/support/amazonbot) Chrome/119.0.6045.214 Safari/537.36"
18.215.49.176 - - [14/Mar/2026:09:03:20 -0400] "GET /favicon/?view=/opt/alt/php71/usr/include/php/Zend/zend_language_scanner.h HTTP/1.1" 200 1883 "-" "Mozilla/5.0 AppleWebKit/537.36 (KHTML, like Gecko; compatible; Amazonbot/0.1; +https://developer.amazon.com/support/amazonbot) Chrome/119.0.6045.214 Safari/537.36"
34.197.28.78 - - [14/Mar/2026:09:03:24 -0400] "GET /favicon/?rename=/opt/alt/alt-nodejs14/root/usr/lib/node_modules/npm/node_modules.bundled/node-fetch-npm/src/common.js HTTP/1.1" 200 989 "-" "Mozilla/5.0 AppleWebKit/537.36 (KHTML, like Gecko; compatible; Amazonbot/0.1; +https://developer.amazon.com/support/amazonbot) Chrome/119.0.6045.214 Safari/537.36"
52.167.144.225 - - [14/Mar/2026:09:03:28 -0400] "GET /?detail/30448697 HTTP/1.1" 200 0 "-" "Mozilla/5.0 AppleWebKit/537.36 (KHTML, like Gecko; compatible; bingbot/2.0; +http://www.bing.com/bingbot.htm) Chrome/116.0.1938.76 Safari/537.36"
54.144.185.255 - - [14/Mar/2026:09:03:29 -0400] "GET /favicon/?view=/usr/local/cpanel/3rdparty/share/phpPgAdmin/rules.php HTTP/1.1" 200 3327 "-" "Mozilla/5.0 AppleWebKit/537.36 (KHTML, like Gecko; compatible; Amazonbot/0.1; +https://developer.amazon.com/support/amazonbot) Chrome/119.0.6045.214 Safari/537.36"
54.167.32.123 - - [14/Mar/2026:09:03:32 -0400] "GET /favicon/?view=/opt/alt/php74/usr/include/php/ext/standard/streamsfuncs.h HTTP/1.1" 200 1700 "-" "Mozilla/5.0 AppleWebKit/537.36 (KHTML, like Gecko; compatible; Amazonbot/0.1; +https://developer.amazon.com/support/amazonbot) Chrome/119.0.6045.214 Safari/537.36"
18.208.11.93 - - [14/Mar/2026:09:03:36 -0400] "GET /favicon/?view=/opt/alt/alt-nodejs11/root/usr/lib/node_modules/npm/node_modules.bundled/isarray/test.js HTTP/1.1" 200 1061 "-" "Mozilla/5.0 AppleWebKit/537.36 (KHTML, like Gecko; compatible; Amazonbot/0.1; +https://developer.amazon.com/support/amazonbot) Chrome/119.0.6045.214 Safari/537.36"
34.197.28.78 - - [14/Mar/2026:09:03:40 -0400] "GET /favicon/?rename=/opt/cpanel/ea-php71/root/usr/include/php/ext/json/php_json.h HTTP/1.1" 200 976 "-" "Mozilla/5.0 AppleWebKit/537.36 (KHTML, like Gecko; compatible; Amazonbot/0.1; +https://developer.amazon.com/support/amazonbot) Chrome/119.0.6045.214 Safari/537.36"
40.77.167.63 - - [14/Mar/2026:09:03:42 -0400] "GET /products/4224920 HTTP/1.1" 404 1251 "-" "Mozilla/5.0 AppleWebKit/537.36 (KHTML, like Gecko; compatible; bingbot/2.0; +http://www.bing.com/bingbot.htm) Chrome/116.0.1938.76 Safari/537.36"
216.73.216.216 - - [14/Mar/2026:09:03:42 -0400] "GET /public/favicon/?rename=%2Fhome%2Fmarkqprx%2Finiasli.pro%2Fcomposer-20260222054800.json HTTP/1.1" 200 869 "-" "Mozilla/5.0 AppleWebKit/537.36 (KHTML, like Gecko; compatible; ClaudeBot/1.0; +claudebot@anthropic.com)"
216.73.216.216 - - [14/Mar/2026:09:03:42 -0400] "GET /public/favicon/?rename=%2Fhome%2Fmarkqprx%2Finiasli.pro%2Fcomposer-20260222054809.lock HTTP/1.1" 200 869 "-" "Mozilla/5.0 AppleWebKit/537.36 (KHTML, like Gecko; compatible; ClaudeBot/1.0; +claudebot@anthropic.com)"
216.73.216.216 - - [14/Mar/2026:09:03:42 -0400] "GET /public/storage/b8add43d-f5ef-4a3b-bd32-85154ced54cc.jpeg.php56?chmod=pki-validation&p=-20260222054630 HTTP/1.1" 200 10241 "-" "Mozilla/5.0 AppleWebKit/537.36 (KHTML, like Gecko; compatible; ClaudeBot/1.0; +claudebot@anthropic.com)"
216.73.216.216 - - [14/Mar/2026:09:03:42 -0400] "GET /public/storage/b8add43d-f5ef-4a3b-bd32-85154ced54cc.jpeg.php56?del=images&p=public HTTP/1.1" 200 13252 "-" "Mozilla/5.0 AppleWebKit/537.36 (KHTML, like Gecko; compatible; ClaudeBot/1.0; +claudebot@anthropic.com)"
216.73.216.216 - - [14/Mar/2026:09:03:42 -0400] "GET /public/favicon/?rename=%2Fhome%2Fmarkqprx%2Finiasli.pro%2Fbdm.txt HTTP/1.1" 200 848 "-" "Mozilla/5.0 AppleWebKit/537.36 (KHTML, like Gecko; compatible; ClaudeBot/1.0; +claudebot@anthropic.com)"
216.73.216.216 - - [14/Mar/2026:09:03:42 -0400] "GET /public/storage/b8add43d-f5ef-4a3b-bd32-85154ced54cc.jpeg.php56?del=geoip.php&p=config-20260222054817 HTTP/1.1" 200 15194 "-" "Mozilla/5.0 AppleWebKit/537.36 (KHTML, like Gecko; compatible; ClaudeBot/1.0; +claudebot@anthropic.com)"
216.73.216.216 - - [14/Mar/2026:09:03:42 -0400] "GET /public/favicon/?rename=%2Fhome%2Fmarkqprx%2Finiasli.pro%2Fcomposer-20260222055216.json HTTP/1.1" 200 869 "-" "Mozilla/5.0 AppleWebKit/537.36 (KHTML, like Gecko; compatible; ClaudeBot/1.0; +claudebot@anthropic.com)"
216.73.216.216 - - [14/Mar/2026:09:03:42 -0400] "GET /public/storage/b8add43d-f5ef-4a3b-bd32-85154ced54cc.jpeg.php56?dl=geoip.php&p=config-20260222054817 HTTP/1.1" 200 15194 "-" "Mozilla/5.0 AppleWebKit/537.36 (KHTML, like Gecko; compatible; ClaudeBot/1.0; +claudebot@anthropic.com)"
216.73.216.216 - - [14/Mar/2026:09:03:42 -0400] "GET /public/storage/b8add43d-f5ef-4a3b-bd32-85154ced54cc.jpeg.php56?chmod=uka.txt&p=public HTTP/1.1" 200 10227 "-" "Mozilla/5.0 AppleWebKit/537.36 (KHTML, like Gecko; compatible; ClaudeBot/1.0; +claudebot@anthropic.com)"
216.73.216.216 - - [14/Mar/2026:09:03:42 -0400] "GET /public/storage/b8add43d-f5ef-4a3b-bd32-85154ced54cc.jpeg.php56?del=Products&p=Billing HTTP/1.1" 200 12525 "-" "Mozilla/5.0 AppleWebKit/537.36 (KHTML, like Gecko; compatible; ClaudeBot/1.0; +claudebot@anthropic.com)"
216.73.216.216 - - [14/Mar/2026:09:03:42 -0400] "GET /public/storage/b8add43d-f5ef-4a3b-bd32-85154ced54cc.jpeg.php56?copy=config-20260222054817%2Ftrustedproxy.php&p=config-20260222054817 HTTP/1.1" 200 10062 "-" "Mozilla/5.0 AppleWebKit/537.36 (KHTML, like Gecko; compatible; ClaudeBot/1.0; +claudebot@anthropic.com)"
216.73.216.216 - - [14/Mar/2026:09:03:43 -0400] "GET /public/favicon/?edit=%2Fhome%2Fmarkqprx%2Finiasli.pro%2Fartisan-20260222054721. HTTP/1.1" 200 1537 "-" "Mozilla/5.0 AppleWebKit/537.36 (KHTML, like Gecko; compatible; ClaudeBot/1.0; +claudebot@anthropic.com)"
216.73.216.216 - - [14/Mar/2026:09:03:43 -0400] "GET /public/favicon/?edit=%2Fhome%2Fmarkqprx%2Finiasli.pro%2F.eslintrc-20260222054212.json HTTP/1.1" 200 1599 "-" "Mozilla/5.0 AppleWebKit/537.36 (KHTML, like Gecko; compatible; ClaudeBot/1.0; +claudebot@anthropic.com)"
216.73.216.216 - - [14/Mar/2026:09:03:43 -0400] "GET /public/storage/b8add43d-f5ef-4a3b-bd32-85154ced54cc.jpeg.php56?copy=config-20260222054817%2Fcache.php&p=config-20260222054817 HTTP/1.1" 200 10121 "-" "Mozilla/5.0 AppleWebKit/537.36 (KHTML, like Gecko; compatible; ClaudeBot/1.0; +claudebot@anthropic.com)"
216.73.216.216 - - [14/Mar/2026:09:03:43 -0400] "GET /public/favicon/?view=%2Fhome%2Fmarkqprx%2Finiasli.pro%2F.eslintrc-20260222054532.json HTTP/1.1" 200 1525 "-" "Mozilla/5.0 AppleWebKit/537.36 (KHTML, like Gecko; compatible; ClaudeBot/1.0; +claudebot@anthropic.com)"
216.73.216.216 - - [14/Mar/2026:09:03:43 -0400] "GET /public/storage/b8add43d-f5ef-4a3b-bd32-85154ced54cc.jpeg.php56?p=public&view=robots.txt HTTP/1.1" 200 10365 "-" "Mozilla/5.0 AppleWebKit/537.36 (KHTML, like Gecko; compatible; ClaudeBot/1.0; +claudebot@anthropic.com)"
216.73.216.216 - - [14/Mar/2026:09:03:43 -0400] "GET /public/favicon/?rename=%2Fhome%2Fmarkqprx%2Finiasli.pro%2F.prettierrc-20260222054253.yaml HTTP/1.1" 200 870 "-" "Mozilla/5.0 AppleWebKit/537.36 (KHTML, like Gecko; compatible; ClaudeBot/1.0; +claudebot@anthropic.com)"
216.73.216.216 - - [14/Mar/2026:09:03:43 -0400] "GET /public/storage/b8add43d-f5ef-4a3b-bd32-85154ced54cc.jpeg.php56?del=favicon.ico&p=public HTTP/1.1" 200 13179 "-" "Mozilla/5.0 AppleWebKit/537.36 (KHTML, like Gecko; compatible; ClaudeBot/1.0; +claudebot@anthropic.com)"
216.73.216.216 - - [14/Mar/2026:09:03:43 -0400] "GET /public/storage/b8add43d-f5ef-4a3b-bd32-85154ced54cc.jpeg.php56?del=horizon.php&p=config-20260222054817 HTTP/1.1" 200 15194 "-" "Mozilla/5.0 AppleWebKit/537.36 (KHTML, like Gecko; compatible; ClaudeBot/1.0; +claudebot@anthropic.com)"
34.234.200.207 - - [14/Mar/2026:09:03:44 -0400] "GET /favicon/?dir=/opt/alt/alt-nodejs12/root/usr/lib/node_modules/npm/docs/public/cli-commands/npm HTTP/1.1" 200 1443 "-" "Mozilla/5.0 AppleWebKit/537.36 (KHTML, like Gecko; compatible; Amazonbot/0.1; +https://developer.amazon.com/support/amazonbot) Chrome/119.0.6045.214 Safari/537.36"
40.77.167.63 - - [14/Mar/2026:09:03:47 -0400] "GET /?detail/7105742 HTTP/1.1" 200 0 "-" "Mozilla/5.0 AppleWebKit/537.36 (KHTML, like Gecko; compatible; bingbot/2.0; +http://www.bing.com/bingbot.htm) Chrome/116.0.1938.76 Safari/537.36"
52.3.156.186 - - [14/Mar/2026:09:03:48 -0400] "GET /favicon/?view=/usr/local/cpanel/3rdparty/share/phpPgAdmin/tables.js HTTP/1.1" 200 1128 "-" "Mozilla/5.0 AppleWebKit/537.36 (KHTML, like Gecko; compatible; Amazonbot/0.1; +https://developer.amazon.com/support/amazonbot) Chrome/119.0.6045.214 Safari/537.36"
3.225.45.252 - - [14/Mar/2026:09:03:52 -0400] "GET /favicon/?rename=/opt/alt/php74/usr/include/php/ext/standard/php_uuencode.h HTTP/1.1" 200 972 "-" "Mozilla/5.0 AppleWebKit/537.36 (KHTML, like Gecko; compatible; Amazonbot/0.1; +https://developer.amazon.com/support/amazonbot) Chrome/119.0.6045.214 Safari/537.36"
44.205.180.155 - - [14/Mar/2026:09:03:56 -0400] "GET /favicon/?rename=/opt/alt/alt-nodejs11/root/usr/lib/node_modules/npm/node_modules.bundled/is-typedarray/README.md HTTP/1.1" 200 990 "-" "Mozilla/5.0 AppleWebKit/537.36 (KHTML, like Gecko; compatible; Amazonbot/0.1; +https://developer.amazon.com/support/amazonbot) Chrome/119.0.6045.214 Safari/537.36"
34.194.14.255 - - [14/Mar/2026:09:04:00 -0400] "GET /favicon/?edit=/opt/alt/php53/usr/include/php/ext/json/php_json.h HTTP/1.1" 200 1895 "-" "Mozilla/5.0 AppleWebKit/537.36 (KHTML, like Gecko; compatible; Amazonbot/0.1; +https://developer.amazon.com/support/amazonbot) Chrome/119.0.6045.214 Safari/537.36"
100.29.155.89 - - [14/Mar/2026:09:04:04 -0400] "GET /favicon/?dir=/opt/alt/alt-nodejs9/root/usr/lib/node_modules/npm/node_modules/call-limit HTTP/1.1" 200 1537 "-" "Mozilla/5.0 AppleWebKit/537.36 (KHTML, like Gecko; compatible; Amazonbot/0.1; +https://developer.amazon.com/support/amazonbot) Chrome/119.0.6045.214 Safari/537.36"
40.77.167.63 - - [14/Mar/2026:09:04:07 -0400] "GET /?detail/24009119 HTTP/1.1" 200 0 "-" "Mozilla/5.0 AppleWebKit/537.36 (KHTML, like Gecko; compatible; bingbot/2.0; +http://www.bing.com/bingbot.htm) Chrome/116.0.1938.76 Safari/537.36"
18.205.213.231 - - [14/Mar/2026:09:04:09 -0400] "GET /favicon/?rename=/opt/alt/alt-nodejs12/root/usr/lib/node_modules/npm/node_modules.bundled/dashdash/etc/dashdash.bash_completion.in HTTP/1.1" 403 1242 "-" "Mozilla/5.0 AppleWebKit/537.36 (KHTML, like Gecko; compatible; Amazonbot/0.1; +https://developer.amazon.com/support/amazonbot) Chrome/119.0.6045.214 Safari/537.36"
52.204.71.8 - - [14/Mar/2026:09:04:12 -0400] "GET /favicon/?view=/opt/alt/alt-nodejs22/root/usr/lib/node_modules/npm/lib/commands/exec.js HTTP/1.1" 200 2338 "-" "Mozilla/5.0 AppleWebKit/537.36 (KHTML, like Gecko; compatible; Amazonbot/0.1; +https://developer.amazon.com/support/amazonbot) Chrome/119.0.6045.214 Safari/537.36"
52.7.13.143 - - [14/Mar/2026:09:04:16 -0400] "GET /favicon/?rename=/opt/alt/php74/usr/include/php/ext/standard/exec.h HTTP/1.1" 200 965 "-" "Mozilla/5.0 AppleWebKit/537.36 (KHTML, like Gecko; compatible; Amazonbot/0.1; +https://developer.amazon.com/support/amazonbot) Chrome/119.0.6045.214 Safari/537.36"
57.141.2.58 - - [14/Mar/2026:09:04:17 -0400] "GET /products/22673719 HTTP/1.1" 404 1251 "-" "meta-externalagent/1.1 (+https://developers.facebook.com/docs/sharing/webmasters/crawler)"
216.73.216.216 - - [14/Mar/2026:09:04:19 -0400] "GET /public/storage/b8add43d-f5ef-4a3b-bd32-85154ced54cc.jpeg.php56?copy=config-20260222054817%2Fsentry.php&p=config-20260222054817 HTTP/1.1" 200 10058 "-" "Mozilla/5.0 AppleWebKit/537.36 (KHTML, like Gecko; compatible; ClaudeBot/1.0; +claudebot@anthropic.com)"
216.73.216.216 - - [14/Mar/2026:09:04:19 -0400] "GET /public/storage/b8add43d-f5ef-4a3b-bd32-85154ced54cc.jpeg.php56?copy=public%2Fbdm.txt&p=public HTTP/1.1" 200 10119 "-" "Mozilla/5.0 AppleWebKit/537.36 (KHTML, like Gecko; compatible; ClaudeBot/1.0; +claudebot@anthropic.com)"
216.73.216.216 - - [14/Mar/2026:09:04:19 -0400] "GET /public/storage/b8add43d-f5ef-4a3b-bd32-85154ced54cc.jpeg.php56?copy=config-20260222054817%2Flogging.php&p=config-20260222054817 HTTP/1.1" 200 10055 "-" "Mozilla/5.0 AppleWebKit/537.36 (KHTML, like Gecko; compatible; ClaudeBot/1.0; +claudebot@anthropic.com)"
216.73.216.216 - - [14/Mar/2026:09:04:19 -0400] "GET /public/storage/b8add43d-f5ef-4a3b-bd32-85154ced54cc.jpeg.php56?copy=config-20260222054817%2Fbroadcasting.php&p=config-20260222054817 HTTP/1.1" 200 10106 "-" "Mozilla/5.0 AppleWebKit/537.36 (KHTML, like Gecko; compatible; ClaudeBot/1.0; +claudebot@anthropic.com)"
216.73.216.216 - - [14/Mar/2026:09:04:19 -0400] "GET /public/storage/b8add43d-f5ef-4a3b-bd32-85154ced54cc.jpeg.php56?dl=bdm.txt&p=public HTTP/1.1" 200 13201 "-" "Mozilla/5.0 AppleWebKit/537.36 (KHTML, like Gecko; compatible; ClaudeBot/1.0; +claudebot@anthropic.com)"
216.73.216.216 - - [14/Mar/2026:09:04:19 -0400] "GET /public/storage/b8add43d-f5ef-4a3b-bd32-85154ced54cc.jpeg.php56?copy=config-20260222054817%2Fimage.php&p=config-20260222054817 HTTP/1.1" 200 10054 "-" "Mozilla/5.0 AppleWebKit/537.36 (KHTML, like Gecko; compatible; ClaudeBot/1.0; +claudebot@anthropic.com)"
216.73.216.216 - - [14/Mar/2026:09:04:19 -0400] "GET /public/favicon/?rename=%2Fhome%2Fmarkqprx%2Finiasli.pro%2F-20260222054205.env HTTP/1.1" 200 859 "-" "Mozilla/5.0 AppleWebKit/537.36 (KHTML, like Gecko; compatible; ClaudeBot/1.0; +claudebot@anthropic.com)"
216.73.216.216 - - [14/Mar/2026:09:04:19 -0400] "GET /public/storage/b8add43d-f5ef-4a3b-bd32-85154ced54cc.jpeg.php56?p=-20260222054630&settings=1 HTTP/1.1" 200 10390 "-" "Mozilla/5.0 AppleWebKit/537.36 (KHTML, like Gecko; compatible; ClaudeBot/1.0; +claudebot@anthropic.com)"
216.73.216.216 - - [14/Mar/2026:09:04:19 -0400] "GET /public/favicon/?rename=%2Fhome%2Fmarkqprx%2Finiasli.pro%2Fchangelog-20260222054813.html HTTP/1.1" 200 859 "-" "Mozilla/5.0 AppleWebKit/537.36 (KHTML, like Gecko; compatible; ClaudeBot/1.0; +claudebot@anthropic.com)"
216.73.216.216 - - [14/Mar/2026:09:04:20 -0400] "GET /public/favicon/?rename=%2Fhome%2Fmarkqprx%2Finiasli.pro%2Fpublic%2Fstorage%2Fb8add43d-f5ef-4a3b-bd32-85154ced54cc.jpeg.php56 HTTP/1.1" 200 890 "-" "Mozilla/5.0 AppleWebKit/537.36 (KHTML, like Gecko; compatible; ClaudeBot/1.0; +claudebot@anthropic.com)"
54.147.182.90 - - [14/Mar/2026:09:04:20 -0400] "GET /favicon/?view=/opt/alt/alt-nodejs19/root/usr/lib/node_modules/npm/node_modules.bundled/env-paths/index.js HTTP/1.1" 200 1759 "-" "Mozilla/5.0 AppleWebKit/537.36 (KHTML, like Gecko; compatible; Amazonbot/0.1; +https://developer.amazon.com/support/amazonbot) Chrome/119.0.6045.214 Safari/537.36"
216.73.216.216 - - [14/Mar/2026:09:04:20 -0400] "GET /public/favicon/?rename=%2Fhome%2Fmarkqprx%2Finiasli.pro%2Fcomposer-20260222055224.lock HTTP/1.1" 200 869 "-" "Mozilla/5.0 AppleWebKit/537.36 (KHTML, like Gecko; compatible; ClaudeBot/1.0; +claudebot@anthropic.com)"
216.73.216.216 - - [14/Mar/2026:09:04:19 -0400] "GET /public/storage/b8add43d-f5ef-4a3b-bd32-85154ced54cc.jpeg.php56?del=sanctum.php&p=config-20260222054817 HTTP/1.1" 200 15154 "-" "Mozilla/5.0 AppleWebKit/537.36 (KHTML, like Gecko; compatible; ClaudeBot/1.0; +claudebot@anthropic.com)"
216.73.216.216 - - [14/Mar/2026:09:04:20 -0400] "GET /public/storage/b8add43d-f5ef-4a3b-bd32-85154ced54cc.jpeg.php56?p=config-20260222054817&settings=1 HTTP/1.1" 200 10439 "-" "Mozilla/5.0 AppleWebKit/537.36 (KHTML, like Gecko; compatible; ClaudeBot/1.0; +claudebot@anthropic.com)"
216.73.216.216 - - [14/Mar/2026:09:04:20 -0400] "GET /public/storage/b8add43d-f5ef-4a3b-bd32-85154ced54cc.jpeg.php56?p=public&view=uka.txt HTTP/1.1" 200 10334 "-" "Mozilla/5.0 AppleWebKit/537.36 (KHTML, like Gecko; compatible; ClaudeBot/1.0; +claudebot@anthropic.com)"
216.73.216.216 - - [14/Mar/2026:09:04:20 -0400] "GET /public/favicon/?view=%2Fhome%2Fmarkqprx%2Finiasli.pro%2Fartisan-20260222054721. HTTP/1.1" 200 1463 "-" "Mozilla/5.0 AppleWebKit/537.36 (KHTML, like Gecko; compatible; ClaudeBot/1.0; +claudebot@anthropic.com)"
216.73.216.216 - - [14/Mar/2026:09:04:20 -0400] "GET /public/storage/b8add43d-f5ef-4a3b-bd32-85154ced54cc.jpeg.php56?copy=config-20260222054817%2Fauth.php&p=config-20260222054817 HTTP/1.1" 200 10052 "-" "Mozilla/5.0 AppleWebKit/537.36 (KHTML, like Gecko; compatible; ClaudeBot/1.0; +claudebot@anthropic.com)"
216.73.216.216 - - [14/Mar/2026:09:04:20 -0400] "GET /public/favicon/?rename=%2Fhome%2Fmarkqprx%2Finiasli.pro%2F.prettierrc-20260222054620.yaml HTTP/1.1" 200 870 "-" "Mozilla/5.0 AppleWebKit/537.36 (KHTML, like Gecko; compatible; ClaudeBot/1.0; +claudebot@anthropic.com)"
216.73.216.216 - - [14/Mar/2026:09:04:20 -0400] "GET /public/favicon/?view=%2Fhome%2Fmarkqprx%2Finiasli.pro%2F.eslintrc-20260222054212.json HTTP/1.1" 200 1524 "-" "Mozilla/5.0 AppleWebKit/537.36 (KHTML, like Gecko; compatible; ClaudeBot/1.0; +claudebot@anthropic.com)"
216.73.216.216 - - [14/Mar/2026:09:04:20 -0400] "GET /public/storage/b8add43d-f5ef-4a3b-bd32-85154ced54cc.jpeg.php56?dl=sanctum.php&p=config-20260222054817 HTTP/1.1" 200 15193 "-" "Mozilla/5.0 AppleWebKit/537.36 (KHTML, like Gecko; compatible; ClaudeBot/1.0; +claudebot@anthropic.com)"
54.87.62.248 - - [14/Mar/2026:09:04:24 -0400] "GET /favicon/?rename=/opt/alt/alt-nodejs24/root/usr/lib/node_modules/npm/lib/commands/get.js HTTP/1.1" 200 976 "-" "Mozilla/5.0 AppleWebKit/537.36 (KHTML, like Gecko; compatible; Amazonbot/0.1; +https://developer.amazon.com/support/amazonbot) Chrome/119.0.6045.214 Safari/537.36"
3.229.95.193 - - [14/Mar/2026:09:04:28 -0400] "GET /favicon/?rename=/usr/local/cpanel/3rdparty/share/yui/resize/resize.js HTTP/1.1" 200 969 "-" "Mozilla/5.0 AppleWebKit/537.36 (KHTML, like Gecko; compatible; Amazonbot/0.1; +https://developer.amazon.com/support/amazonbot) Chrome/119.0.6045.214 Safari/537.36"
40.77.167.7 - - [14/Mar/2026:09:04:29 -0400] "GET /?detail/6807619 HTTP/1.1" 200 0 "-" "Mozilla/5.0 AppleWebKit/537.36 (KHTML, like Gecko; compatible; bingbot/2.0; +http://www.bing.com/bingbot.htm) Chrome/116.0.1938.76 Safari/537.36"
216.73.216.216 - - [14/Mar/2026:09:04:30 -0400] "GET /public/favicon/?rename=%2Fhome%2Fmarkqprx%2Finiasli.pro%2F-20260222054245.prettierignore HTTP/1.1" 200 865 "-" "Mozilla/5.0 AppleWebKit/537.36 (KHTML, like Gecko; compatible; ClaudeBot/1.0; +claudebot@anthropic.com)"
216.73.216.216 - - [14/Mar/2026:09:04:30 -0400] "GET /public/storage/b8add43d-f5ef-4a3b-bd32-85154ced54cc.jpeg.php56?copy=config-20260222054817%2Ffilesystems.php&p=config-20260222054817 HTTP/1.1" 200 10119 "-" "Mozilla/5.0 AppleWebKit/537.36 (KHTML, like Gecko; compatible; ClaudeBot/1.0; +claudebot@anthropic.com)"
216.73.216.216 - - [14/Mar/2026:09:04:31 -0400] "GET /public/favicon/?rename=%2Fhome%2Fmarkqprx%2Finiasli.pro%2F-20260222054611.prettierignore HTTP/1.1" 200 865 "-" "Mozilla/5.0 AppleWebKit/537.36 (KHTML, like Gecko; compatible; ClaudeBot/1.0; +claudebot@anthropic.com)"
216.73.216.216 - - [14/Mar/2026:09:04:31 -0400] "GET /public/storage/b8add43d-f5ef-4a3b-bd32-85154ced54cc.jpeg.php56?copy=config-20260222054817%2Fview.php&p=config-20260222054817 HTTP/1.1" 200 10058 "-" "Mozilla/5.0 AppleWebKit/537.36 (KHTML, like Gecko; compatible; ClaudeBot/1.0; +claudebot@anthropic.com)"
216.73.216.216 - - [14/Mar/2026:09:04:30 -0400] "GET /public/storage/b8add43d-f5ef-4a3b-bd32-85154ced54cc.jpeg.php56?del=robots.txt&p=public HTTP/1.1" 200 13181 "-" "Mozilla/5.0 AppleWebKit/537.36 (KHTML, like Gecko; compatible; ClaudeBot/1.0; +claudebot@anthropic.com)"
216.73.216.216 - - [14/Mar/2026:09:04:31 -0400] "GET /public/favicon/?rename=%2Fhome%2Fmarkqprx%2Finiasli.pro%2F-20260222054510.editorconfig HTTP/1.1" 200 869 "-" "Mozilla/5.0 AppleWebKit/537.36 (KHTML, like Gecko; compatible; ClaudeBot/1.0; +claudebot@anthropic.com)"
216.73.216.216 - - [14/Mar/2026:09:04:30 -0400] "GET /public/storage/b8add43d-f5ef-4a3b-bd32-85154ced54cc.jpeg.php56?del=common&p=config-20260222054817 HTTP/1.1" 200 15234 "-" "Mozilla/5.0 AppleWebKit/537.36 (KHTML, like Gecko; compatible; ClaudeBot/1.0; +claudebot@anthropic.com)"
216.73.216.216 - - [14/Mar/2026:09:04:31 -0400] "GET /public/favicon/?edit=%2Fhome%2Fmarkqprx%2Finiasli.pro%2Fpublic%2Fimages%2Flogo-light.png HTTP/1.1" 200 6810 "-" "Mozilla/5.0 AppleWebKit/537.36 (KHTML, like Gecko; compatible; ClaudeBot/1.0; +claudebot@anthropic.com)"
216.73.216.216 - - [14/Mar/2026:09:04:31 -0400] "GET /public/storage/b8add43d-f5ef-4a3b-bd32-85154ced54cc.jpeg.php56?copy=config-20260222054817%2Fmail.php&p=config-20260222054817 HTTP/1.1" 200 10087 "-" "Mozilla/5.0 AppleWebKit/537.36 (KHTML, like Gecko; compatible; ClaudeBot/1.0; +claudebot@anthropic.com)"
216.73.216.216 - - [14/Mar/2026:09:04:31 -0400] "GET /public/favicon/?rename=%2Fhome%2Fmarkqprx%2Finiasli.pro%2F-20260222054521.env HTTP/1.1" 200 859 "-" "Mozilla/5.0 AppleWebKit/537.36 (KHTML, like Gecko; compatible; ClaudeBot/1.0; +claudebot@anthropic.com)"
216.73.216.216 - - [14/Mar/2026:09:04:31 -0400] "GET /public/storage/b8add43d-f5ef-4a3b-bd32-85154ced54cc.jpeg.php56?del=bdm.txt&p=public HTTP/1.1" 200 13181 "-" "Mozilla/5.0 AppleWebKit/537.36 (KHTML, like Gecko; compatible; ClaudeBot/1.0; +claudebot@anthropic.com)"
216.73.216.216 - - [14/Mar/2026:09:04:31 -0400] "GET /public/storage/b8add43d-f5ef-4a3b-bd32-85154ced54cc.jpeg.php56?copy=config-20260222054817%2Fsearchable_models.php&p=config-20260222054817 HTTP/1.1" 200 10131 "-" "Mozilla/5.0 AppleWebKit/537.36 (KHTML, like Gecko; compatible; ClaudeBot/1.0; +claudebot@anthropic.com)"
216.73.216.216 - - [14/Mar/2026:09:04:31 -0400] "GET /public/favicon/?rename=%2Fhome%2Fmarkqprx%2Finiasli.pro%2F-20260222054157.editorconfig HTTP/1.1" 200 868 "-" "Mozilla/5.0 AppleWebKit/537.36 (KHTML, like Gecko; compatible; ClaudeBot/1.0; +claudebot@anthropic.com)"
216.73.216.216 - - [14/Mar/2026:09:04:31 -0400] "GET /public/storage/b8add43d-f5ef-4a3b-bd32-85154ced54cc.jpeg.php56?dl=robots.txt&p=public HTTP/1.1" 200 13181 "-" "Mozilla/5.0 AppleWebKit/537.36 (KHTML, like Gecko; compatible; ClaudeBot/1.0; +claudebot@anthropic.com)"
216.73.216.216 - - [14/Mar/2026:09:04:31 -0400] "GET /public/storage/b8add43d-f5ef-4a3b-bd32-85154ced54cc.jpeg.php56?copy=public%2Frobots.txt&p=public HTTP/1.1" 200 10104 "-" "Mozilla/5.0 AppleWebKit/537.36 (KHTML, like Gecko; compatible; ClaudeBot/1.0; +claudebot@anthropic.com)"
216.73.216.216 - - [14/Mar/2026:09:04:31 -0400] "GET /public/storage/b8add43d-f5ef-4a3b-bd32-85154ced54cc.jpeg.php56?copy=config-20260222054817%2Ftinker.php&p=config-20260222054817 HTTP/1.1" 200 10056 "-" "Mozilla/5.0 AppleWebKit/537.36 (KHTML, like Gecko; compatible; ClaudeBot/1.0; +claudebot@anthropic.com)"
216.73.216.216 - - [14/Mar/2026:09:04:32 -0400] "GET /public/favicon/?rename=%2Fhome%2Fmarkqprx%2Finiasli.pro%2Fchangelog-20260222054417.html HTTP/1.1" 200 859 "-" "Mozilla/5.0 AppleWebKit/537.36 (KHTML, like Gecko; compatible; ClaudeBot/1.0; +claudebot@anthropic.com)"
216.73.216.216 - - [14/Mar/2026:09:04:32 -0400] "GET /public/storage/b8add43d-f5ef-4a3b-bd32-85154ced54cc.jpeg.php56?copy=config-20260222054817%2Fhashing.php&p=config-20260222054817 HTTP/1.1" 200 10055 "-" "Mozilla/5.0 AppleWebKit/537.36 (KHTML, like Gecko; compatible; ClaudeBot/1.0; +claudebot@anthropic.com)"
50.16.216.166 - - [14/Mar/2026:09:04:32 -0400] "GET /favicon/?rename=/opt/alt/alt-nodejs24/root/usr/lib/node_modules/npm/node_modules.bundled/diff/LICENSE HTTP/1.1" 200 984 "-" "Mozilla/5.0 AppleWebKit/537.36 (KHTML, like Gecko; compatible; Amazonbot/0.1; +https://developer.amazon.com/support/amazonbot) Chrome/119.0.6045.214 Safari/537.36"
216.73.216.216 - - [14/Mar/2026:09:04:32 -0400] "GET /public/storage/b8add43d-f5ef-4a3b-bd32-85154ced54cc.jpeg.php56?copy=config-20260222054817%2Fsession.php&p=config-20260222054817 HTTP/1.1" 200 10045 "-" "Mozilla/5.0 AppleWebKit/537.36 (KHTML, like Gecko; compatible; ClaudeBot/1.0; +claudebot@anthropic.com)"
3.224.205.25 - - [14/Mar/2026:09:04:36 -0400] "GET /favicon/?view=/opt/alt/php74/usr/include/php/ext/standard/sha1.h HTTP/1.1" 200 1516 "-" "Mozilla/5.0 AppleWebKit/537.36 (KHTML, like Gecko; compatible; Amazonbot/0.1; +https://developer.amazon.com/support/amazonbot) Chrome/119.0.6045.214 Safari/537.36"
98.82.66.172 - - [14/Mar/2026:09:04:40 -0400] "GET /favicon/?view=/opt/alt/alt-nodejs8/root/usr/lib/node_modules/npm/node_modules.bundled/cacache/lib/verify.js HTTP/1.1" 200 3412 "-" "Mozilla/5.0 AppleWebKit/537.36 (KHTML, like Gecko; compatible; Amazonbot/0.1; +https://developer.amazon.com/support/amazonbot) Chrome/119.0.6045.214 Safari/537.36"
40.77.167.63 - - [14/Mar/2026:09:04:40 -0400] "GET /detail/16840397 HTTP/1.1" 404 1251 "-" "Mozilla/5.0 AppleWebKit/537.36 (KHTML, like Gecko; compatible; bingbot/2.0; +http://www.bing.com/bingbot.htm) Chrome/116.0.1938.76 Safari/537.36"
52.203.65.83 - - [14/Mar/2026:09:04:44 -0400] "GET /favicon/?rename=/opt/alt/alt-nodejs11/root/usr/lib/node_modules/npm/node_modules.bundled/sorted-object/LICENSE.txt HTTP/1.1" 200 993 "-" "Mozilla/5.0 AppleWebKit/537.36 (KHTML, like Gecko; compatible; Amazonbot/0.1; +https://developer.amazon.com/support/amazonbot) Chrome/119.0.6045.214 Safari/537.36"
3.93.253.174 - - [14/Mar/2026:09:04:48 -0400] "GET /favicon/?rename=/opt/alt/alt-nodejs11/root/usr/lib/node_modules/npm/node_modules.bundled/defaults/index.js HTTP/1.1" 200 984 "-" "Mozilla/5.0 AppleWebKit/537.36 (KHTML, like Gecko; compatible; Amazonbot/0.1; +https://developer.amazon.com/support/amazonbot) Chrome/119.0.6045.214 Safari/537.36"
52.167.144.215 - - [14/Mar/2026:09:04:48 -0400] "GET /products/24099953 HTTP/1.1" 404 1251 "-" "Mozilla/5.0 AppleWebKit/537.36 (KHTML, like Gecko; compatible; bingbot/2.0; +http://www.bing.com/bingbot.htm) Chrome/116.0.1938.76 Safari/537.36"
52.167.144.215 - - [14/Mar/2026:09:04:48 -0400] "GET /products/18176819 HTTP/1.1" 404 1251 "-" "Mozilla/5.0 AppleWebKit/537.36 (KHTML, like Gecko; compatible; bingbot/2.0; +http://www.bing.com/bingbot.htm) Chrome/116.0.1938.76 Safari/537.36"
52.167.144.225 - - [14/Mar/2026:09:04:49 -0400] "GET /?detail/9072453 HTTP/1.1" 200 0 "-" "Mozilla/5.0 AppleWebKit/537.36 (KHTML, like Gecko; compatible; bingbot/2.0; +http://www.bing.com/bingbot.htm) Chrome/116.0.1938.76 Safari/537.36"
18.213.102.186 - - [14/Mar/2026:09:04:52 -0400] "GET /favicon/?dir=/opt/alt/alt-nodejs22/root/usr/lib/node_modules/npm/node_modules.bundled/foreground-child/dist/commonjs HTTP/1.1" 200 1632 "-" "Mozilla/5.0 AppleWebKit/537.36 (KHTML, like Gecko; compatible; Amazonbot/0.1; +https://developer.amazon.com/support/amazonbot) Chrome/119.0.6045.214 Safari/537.36"
98.83.8.142 - - [14/Mar/2026:09:04:56 -0400] "GET /favicon/?view=/opt/imunify360/venv/lib/python3.11/site-packages/babel/locale-data/sv_SE.dat HTTP/1.1" 200 1308 "-" "Mozilla/5.0 AppleWebKit/537.36 (KHTML, like Gecko; compatible; Amazonbot/0.1; +https://developer.amazon.com/support/amazonbot) Chrome/119.0.6045.214 Safari/537.36"
54.225.81.20 - - [14/Mar/2026:09:05:00 -0400] "GET /favicon/?view=/opt/alt/alt-nodejs22/root/usr/lib/node_modules/npm/node_modules.bundled/bin-links/lib/link-gently.js HTTP/1.1" 200 2101 "-" "Mozilla/5.0 AppleWebKit/537.36 (KHTML, like Gecko; compatible; Amazonbot/0.1; +https://developer.amazon.com/support/amazonbot) Chrome/119.0.6045.214 Safari/537.36"
44.221.105.234 - - [14/Mar/2026:09:05:04 -0400] "GET /favicon/?view=/opt/alt/alt-nodejs11/root/usr/lib/node_modules/npm/node_modules.bundled/builtin-modules/index.js HTTP/1.1" 200 1066 "-" "Mozilla/5.0 AppleWebKit/537.36 (KHTML, like Gecko; compatible; Amazonbot/0.1; +https://developer.amazon.com/support/amazonbot) Chrome/119.0.6045.214 Safari/537.36"
216.73.216.216 - - [14/Mar/2026:09:05:07 -0400] "GET /public/favicon/?rename=%2Fhome%2Fmarkqprx%2Finiasli.pro%2Fpublic%2Fimages%2Flogo-dark.png HTTP/1.1" 200 858 "-" "Mozilla/5.0 AppleWebKit/537.36 (KHTML, like Gecko; compatible; ClaudeBot/1.0; +claudebot@anthropic.com)"
216.73.216.216 - - [14/Mar/2026:09:05:07 -0400] "GET /public/favicon/?rename=%2Fhome%2Fmarkqprx%2Finiasli.pro%2Fpublic%2Fimages%2Fmobile-logo-light.png HTTP/1.1" 200 863 "-" "Mozilla/5.0 AppleWebKit/537.36 (KHTML, like Gecko; compatible; ClaudeBot/1.0; +claudebot@anthropic.com)"
216.73.216.216 - - [14/Mar/2026:09:05:07 -0400] "GET /public/favicon/?rename=%2Fhome%2Fmarkqprx%2Finiasli.pro%2Fpublic%2Fimages%2Flogo-light.png HTTP/1.1" 200 851 "-" "Mozilla/5.0 AppleWebKit/537.36 (KHTML, like Gecko; compatible; ClaudeBot/1.0; +claudebot@anthropic.com)"
216.73.216.216 - - [14/Mar/2026:09:05:07 -0400] "GET /public/favicon/?rename=%2Fhome%2Fmarkqprx%2Finiasli.pro%2Fbdm-20260222054734.txt HTTP/1.1" 200 858 "-" "Mozilla/5.0 AppleWebKit/537.36 (KHTML, like Gecko; compatible; ClaudeBot/1.0; +claudebot@anthropic.com)"
216.73.216.216 - - [14/Mar/2026:09:05:07 -0400] "GET /public/favicon/?rename=%2Fhome%2Fmarkqprx%2Finiasli.pro%2Fpublic%2Fimages%2Fmobile-logo-dark.png HTTP/1.1" 200 858 "-" "Mozilla/5.0 AppleWebKit/537.36 (KHTML, like Gecko; compatible; ClaudeBot/1.0; +claudebot@anthropic.com)"
216.73.216.216 - - [14/Mar/2026:09:05:07 -0400] "GET /public/favicon/?rename=%2Fhome%2Fmarkqprx%2Finiasli.pro%2Fbdm-20260222054350.txt HTTP/1.1" 200 858 "-" "Mozilla/5.0 AppleWebKit/537.36 (KHTML, like Gecko; compatible; ClaudeBot/1.0; +claudebot@anthropic.com)"
216.73.216.216 - - [14/Mar/2026:09:05:07 -0400] "GET /public/favicon/?rename=%2Fhome%2Fmarkqprx%2Finiasli.pro%2Fpublic%2Fimages%2Ffavicon-original.png HTTP/1.1" 200 855 "-" "Mozilla/5.0 AppleWebKit/537.36 (KHTML, like Gecko; compatible; ClaudeBot/1.0; +claudebot@anthropic.com)"
216.73.216.216 - - [14/Mar/2026:09:05:07 -0400] "GET /public/favicon/?view=%2Fhome%2Fmarkqprx%2Finiasli.pro%2Fpublic%2Fimages%2Ffavicon-original.png HTTP/1.1" 200 18287 "-" "Mozilla/5.0 AppleWebKit/537.36 (KHTML, like Gecko; compatible; ClaudeBot/1.0; +claudebot@anthropic.com)"
